000
CXUS56 KLOX 011155
CF6LAX
PRELIMINARY LOCAL CLIMATOLOGICAL DATA (WS FORM: F-6)
STATION: LOS ANGELES INTL AIRPORT CA
MONTH: MAY
YEAR: 2023
LATITUDE: 33 55 N
LONGITUDE: 118 24 W
TEMPERATURE IN F: :PCPN: SNOW: WIND :SUNSHINE: SKY :PK WND
================================================================================
1 2 3 4 5 6A 6B 7 8 9 10 11 12 13 14 15 16 17 18
12Z AVG MX 2MIN
DY MAX MIN AVG DEP HDD CDD WTR SNW DPTH SPD SPD DIR MIN PSBL S-S WX SPD DR
================================================================================
1 64 54 59 -3 6 0 0.04 M M 9.4 18 250 M M 6 1 24 240
2 64 53 59 -3 6 0 0.00 M M 11.3 22 260 M M 5 27 260
3 64 49 57 -6 8 0 T M M 8.2 20 250 M M 6 26 240
4 64 53 59 -4 6 0 0.13 M M 8.2 18 240 M M 8 13 26 240
5 66 55 61 -2 4 0 0.08 M M 8.2 18 270 M M 6 1 21 270
6 66 51 59 -4 6 0 0.00 M M 10.3 21 270 M M 4 25 270
7 67 55 61 -2 4 0 0.00 M M 8.6 18 240 M M 3 25 240
8 67 57 62 -1 3 0 0.00 M M 9.7 22 250 M M 3 24 250
9 66 55 61 -2 4 0 T M M 11.4 31 260 M M 6 36 260
10 66 53 60 -3 5 0 0.00 M M 8.0 17 200 M M 4 23 190
11 66 54 60 -3 5 0 0.00 M M 8.2 18 260 M M 4 23 250
12 68 54 61 -2 4 0 0.00 M M 7.2 17 220 M M 5 22 260
13 66 57 62 -1 3 0 0.00 M M 5.8 14 270 M M 9 18 19 280
14 70 58 64 1 1 0 0.00 M M 7.7 17 250 M M 8 1 21 250
15 66 58 62 -2 3 0 0.00 M M 7.0 14 250 M M 10 18 18 260
16 66 56 61 -3 4 0 0.00 M M 8.4 18 260 M M 9 1 24 260
17 64 56 60 -4 5 0 0.00 M M 7.1 16 260 M M 10 18 22 260
18 70 58 64 0 1 0 0.00 M M 6.0 15 250 M M 8 18 19 240
19 64 59 62 -2 3 0 0.00 M M 6.1 12 260 M M 10 18 16 220
20 67 59 63 -1 2 0 0.00 M M 7.9 16 270 M M 10 1 20 260
21 67 59 63 -1 2 0 0.00 M M 7.1 14 250 M M 10 18 20 260
22 64 59 62 -2 3 0 T M M 5.5 13 230 M M 10 18 19 230
23 61 58 60 -4 5 0 0.02 M M 5.3 12 250 M M 10 1 14 230
24 65 57 61 -3 4 0 T M M 6.1 13 250 M M 9 1 18 240
25 65 59 62 -2 3 0 0.01 M M 8.8 17 270 M M 9 1 22 250
26 68 58 63 -1 2 0 0.00 M M 12.1 20 270 M M 7 26 280
27 67 58 63 -1 2 0 0.00 M M 10.4 17 250 M M 7 25 250
28 64 59 62 -2 3 0 T M M 6.9 14 270 M M 10 20 260
29 68 61 65 1 0 0 0.00 M M 9.3 16 270 M M 8 22 270
30 66 60 63 -2 2 0 0.00 M M 12.6 20 260 M M 8 27 250
31 68 59 64 -1 1 0 0.00 M M 8.3 17 250 M M 9 26 230
================================================================================
SM 2044 1751 110 0 0.28 M 257.1 M 231
================================================================================
AV 65.9 56.5 8.3 FASTST M M 7 MAX(MPH)
MISC ----> 31 260 36 260
================================================================================
NOTES:
# LAST OF SEVERAL OCCURRENCES
COLUMN 17 PEAK WIND IN M.P.H.
PRELIMINARY LOCAL CLIMATOLOGICAL DATA (WS FORM: F-6) , PAGE 2
STATION: LOS ANGELES INTL AIRPORT CA
MONTH: MAY
YEAR: 2023
LATITUDE: 33 55 N
LONGITUDE: 118 24 W
[TEMPERATURE DATA] [PRECIPITATION DATA] SYMBOLS USED IN COLUMN 16
AVERAGE MONTHLY: 61.2 TOTAL FOR MONTH: 0.28 1 = FOG OR MIST
DPTR FM NORMAL: -2.4 DPTR FM NORMAL: -0.00 2 = FOG REDUCING VISIBILITY
HIGHEST: 70 ON 18,14 GRTST 24HR 0.13 ON 3- 4 TO 1/4 MILE OR LESS
LOWEST: 49 ON 3 3 = THUNDER
SNOW, ICE PELLETS, HAIL 4 = ICE PELLETS
TOTAL MONTH: M 5 = HAIL
GRTST 24HR M ON M 6 = FREEZING RAIN OR DRIZZLE
GRTST DEPTH: M ON M 7 = DUSTSTORM OR SANDSTORM:
VSBY 1/2 MILE OR LESS
8 = SMOKE OR HAZE
[NO. OF DAYS WITH] [WEATHER - DAYS WITH] 9 = BLOWING SNOW
X = TORNADO
MAX 32 OR BELOW: 0 0.01 INCH OR MORE: 5
MAX 90 OR ABOVE: 0 0.10 INCH OR MORE: 1
MIN 32 OR BELOW: 0 0.50 INCH OR MORE: 0
MIN 0 OR BELOW: 0 1.00 INCH OR MORE: 0
[HDD (BASE 65) ]
TOTAL THIS MO. 110 CLEAR (SCALE 0-3) 1
DPTR FM NORMAL 40 PTCLDY (SCALE 4-7) 15
TOTAL FM JUL 1 1551 CLOUDY (SCALE 8-10) 15
DPTR FM NORMAL 352
[CDD (BASE 65) ]
TOTAL THIS MO. 0
DPTR FM NORMAL -24 [PRESSURE DATA]
TOTAL FM JAN 1 8 HIGHEST SLP 30.11 ON 7
DPTR FM NORMAL -54 LOWEST SLP 29.82 ON 13
[REMARKS]
#FINAL-05-23#