000
CXUS56 KLOX 011155
CF6LAX
PRELIMINARY LOCAL CLIMATOLOGICAL DATA (WS FORM: F-6)
STATION: LOS ANGELES INTL AIRPORT CA
MONTH: OCTOBER
YEAR: 2022
LATITUDE: 33 55 N
LONGITUDE: 118 24 W
TEMPERATURE IN F: :PCPN: SNOW: WIND :SUNSHINE: SKY :PK WND
================================================================================
1 2 3 4 5 6A 6B 7 8 9 10 11 12 13 14 15 16 17 18
12Z AVG MX 2MIN
DY MAX MIN AVG DEP HDD CDD WTR SNW DPTH SPD SPD DIR MIN PSBL S-S WX SPD DR
================================================================================
1 75 66 71 2 0 6 0.00 M M 7.2 16 240 M M 7 26 250
2 75 66 71 3 0 6 0.00 M M 8.3 20 270 M M 6 24 280
3 74 63 69 1 0 4 0.00 M M 5.6 17 270 M M 2 23 250
4 77 64 71 3 0 6 0.00 M M 5.2 15 260 M M 2 8 18 260
5 75 66 71 3 0 6 0.00 M M 6.4 14 240 M M 7 18 21 260
6 74 67 71 3 0 6 0.00 M M 6.2 15 280 M M 9 8 22 270
7 75 67 71 3 0 6 0.00 M M 6.2 16 260 M M 7 18 20 270
8 74 66 70 2 0 5 0.00 M M 7.2 15 270 M M 7 18 21 250
9 72 64 68 0 0 3 0.00 M M 7.1 16 260 M M 8 18 19 260
10 75 64 70 2 0 5 0.00 M M 6.4 16 270 M M 8 18 20 250
11 75 66 71 3 0 6 T M M 6.7 23 280 M M 8 28 290
12 74 66 70 2 0 5 0.19 M M 8.3 21 250 M M 8 13 25 300
13 69 65 67 0 0 2 0.00 M M 6.3 13 250 M M 10 18 18 200
14 69 64 67 0 0 2 0.00 M M 4.8 14 250 M M 10 8 16 210
15 71 63 67 0 0 2 0.04 M M 7.0 17 290 M M 10 1 23 280
16 72 63 68 1 0 3 0.00 M M 8.1 16 270 M M 3 19 280
17 74 59 67 0 0 2 0.00 M M 6.4 17 260 M M 2 22 260
18 82 63 73 6 0 8 0.00 M M 6.0 16 270 M M 1 19 270
19 94 65 80 13 0 15 0.00 M M 5.4 15 240 M M 3 21 200
20 86 68 77 10 0 12 0.00 M M 6.0 17 260 M M 5 20 240
21 76 65 71 4 0 6 0.00 M M 7.1 14 260 M M 6 18 18 280
22 69 63 66 0 0 1 0.01 M M 8.6 16 250 M M 9 22 280
23 72 59 66 0 0 1 0.00 M M 6.9 18 250 M M 3 23 260
24 75 54 65 -1 0 0 0.00 M M 7.3 20 260 M M 0 23 260
25 74 55 65 -1 0 0 0.00 M M 5.6 13 230 M M 1 19 230
26 71 58 65 -1 0 0 0.00 M M 6.2 16 270 M M 2 24 230
27 75 57 66 0 0 1 0.00 M M 6.1 16 280 M M 2 20 270
28 74 57 66 0 0 1 0.00 M M 6.1 17 270 M M 3 20 280
29 72 55 64 -2 1 0 0.00 M M 5.7 17 250 M M 1 19 260
30 75 56 66 0 0 1 0.00 M M 5.8 14 270 M M 1 1 17 270
31 75 56 66 1 0 1 0.00 M M 6.1 16 260 M M 6 1 19 270
================================================================================
SM 2320 1930 1 122 0.24 M 202.3 M 157
================================================================================
AV 74.8 62.3 6.5 FASTST M M 5 MAX(MPH)
MISC ----> 23 280 28 290
================================================================================
NOTES:
# LAST OF SEVERAL OCCURRENCES
COLUMN 17 PEAK WIND IN M.P.H.
PRELIMINARY LOCAL CLIMATOLOGICAL DATA (WS FORM: F-6) , PAGE 2
STATION: LOS ANGELES INTL AIRPORT CA
MONTH: OCTOBER
YEAR: 2022
LATITUDE: 33 55 N
LONGITUDE: 118 24 W
[TEMPERATURE DATA] [PRECIPITATION DATA] SYMBOLS USED IN COLUMN 16
AVERAGE MONTHLY: 68.5 TOTAL FOR MONTH: 0.24 1 = FOG OR MIST
DPTR FM NORMAL: 1.4 DPTR FM NORMAL: -0.25 2 = FOG REDUCING VISIBILITY
HIGHEST: 94 ON 19 GRTST 24HR 0.19 ON 11-12 TO 1/4 MILE OR LESS
LOWEST: 54 ON 24 3 = THUNDER
SNOW, ICE PELLETS, HAIL 4 = ICE PELLETS
TOTAL MONTH: M 5 = HAIL
GRTST 24HR M ON M 6 = FREEZING RAIN OR DRIZZLE
GRTST DEPTH: M ON M 7 = DUSTSTORM OR SANDSTORM:
VSBY 1/2 MILE OR LESS
8 = SMOKE OR HAZE
[NO. OF DAYS WITH] [WEATHER - DAYS WITH] 9 = BLOWING SNOW
X = TORNADO
MAX 32 OR BELOW: 0 0.01 INCH OR MORE: 3
MAX 90 OR ABOVE: 1 0.10 INCH OR MORE: 1
MIN 32 OR BELOW: 0 0.50 INCH OR MORE: 0
MIN 0 OR BELOW: 0 1.00 INCH OR MORE: 0
[HDD (BASE 65) ]
TOTAL THIS MO. 1 CLEAR (SCALE 0-3) 13
DPTR FM NORMAL -25 PTCLDY (SCALE 4-7) 12
TOTAL FM JUL 1 1 CLOUDY (SCALE 8-10) 6
DPTR FM NORMAL -30
[CDD (BASE 65) ]
TOTAL THIS MO. 122
DPTR FM NORMAL 31 [PRESSURE DATA]
TOTAL FM JAN 1 1043 HIGHEST SLP 30.16 ON 28
DPTR FM NORMAL 358 LOWEST SLP 29.73 ON 22
[REMARKS]
#FINAL-10-22#