000
CXUS56 KLOX 011155
CF6LAX
PRELIMINARY LOCAL CLIMATOLOGICAL DATA (WS FORM: F-6)
STATION: LOS ANGELES INTL AIRPORT CA
MONTH: JULY
YEAR: 2022
LATITUDE: 33 55 N
LONGITUDE: 118 24 W
TEMPERATURE IN F: :PCPN: SNOW: WIND :SUNSHINE: SKY :PK WND
================================================================================
1 2 3 4 5 6A 6B 7 8 9 10 11 12 13 14 15 16 17 18
12Z AVG MX 2MIN
DY MAX MIN AVG DEP HDD CDD WTR SNW DPTH SPD SPD DIR MIN PSBL S-S WX SPD DR
================================================================================
1 75 64 70 2 0 5 0.00 M M 7.8 16 250 M M 3 18 21 250
2 73 63 68 0 0 3 0.00 M M 8.7 18 250 M M 2 24 240
3 74 62 68 -1 0 3 0.00 M M 8.7 18 260 M M 3 22 270
4 74 62 68 -1 0 3 0.00 M M 8.2 18 250 M M 3 23 270
5 75 63 69 0 0 4 0.00 M M 9.5 20 260 M M 3 8 24 260
6 74 64 69 0 0 4 0.00 M M 9.2 18 270 M M 4 22 240
7 75 63 69 0 0 4 0.00 M M 8.2 20 250 M M 2 8 25 260
8 74 63 69 0 0 4 0.00 M M 8.0 16 260 M M 7 18 20 260
9 72 63 68 -1 0 3 0.00 M M 8.2 17 270 M M 6 18 25 260
10 73 65 69 0 0 4 0.00 M M 7.9 16 250 M M 2 22 260
11 72 62 67 -2 0 2 0.00 M M 8.5 17 260 M M 8 18 23 270
12 71 62 67 -2 0 2 0.00 M M 8.3 15 240 M M 7 8 21 250
13 71 62 67 -3 0 2 0.00 M M 10.0 21 260 M M 8 26 260
14 72 64 68 -2 0 3 0.00 M M 8.1 16 240 M M 5 20 230
15 72 63 68 -2 0 3 0.00 M M 8.5 16 270 M M 6 18 21 250
16 73 62 68 -2 0 3 0.00 M M 8.1 16 260 M M 6 18 22 250
17 85 64 75 5 0 10 0.00 M M 7.5 21 270 M M 6 1 26 250
18 80 66 73 3 0 8 T M M 7.9 16 250 M M 4 23 250
19 76 64 70 0 0 5 0.00 M M 8.6 16 270 M M 5 128 21 260
20 77 65 71 1 0 6 0.00 M M 8.0 16 260 M M 5 18 19 290
21 75 65 70 0 0 5 0.00 M M 8.2 17 270 M M 5 21 270
22 78 64 71 1 0 6 0.00 M M 7.0 16 260 M M 6 18 21 270
23 77 67 72 2 0 7 0.00 M M 7.8 18 270 M M 8 23 270
24 75 66 71 1 0 6 0.00 M M 7.5 17 250 M M 9 18 22 260
25 76 63 70 0 0 5 0.00 M M 8.5 18 260 M M 9 8 23 260
26 75 63 69 -1 0 4 0.00 M M 9.1 17 260 M M 8 18 22 220
27 74 64 69 -1 0 4 0.00 M M 8.4 17 250 M M 7 23 270
28 76 65 71 1 0 6 0.00 M M 6.9 14 250 M M 5 21 240
29 77 66 72 2 0 7 0.00 M M 6.9 15 260 M M 3 19 240
30 77 67 72 2 0 7 0.00 M M 6.6 14 250 M M 6 19 270
31 80 69 75 5 0 10 0.00 M M 7.6 17 260 M M 7 22 220
================================================================================
SM 2328 1985 0 148 T M 252.4 M 168
================================================================================
AV 75.1 64.0 8.1 FASTST M M 5 MAX(MPH)
MISC ----> # 21 260 # 26 260
================================================================================
NOTES:
# LAST OF SEVERAL OCCURRENCES
COLUMN 17 PEAK WIND IN M.P.H.
PRELIMINARY LOCAL CLIMATOLOGICAL DATA (WS FORM: F-6) , PAGE 2
STATION: LOS ANGELES INTL AIRPORT CA
MONTH: JULY
YEAR: 2022
LATITUDE: 33 55 N
LONGITUDE: 118 24 W
[TEMPERATURE DATA] [PRECIPITATION DATA] SYMBOLS USED IN COLUMN 16
AVERAGE MONTHLY: 69.6 TOTAL FOR MONTH: T 1 = FOG OR MIST
DPTR FM NORMAL: 0.0 DPTR FM NORMAL: -0.04 2 = FOG REDUCING VISIBILITY
HIGHEST: 85 ON 17 GRTST 24HR T ON 18-18 TO 1/4 MILE OR LESS
LOWEST: 62 ON 16,13 3 = THUNDER
SNOW, ICE PELLETS, HAIL 4 = ICE PELLETS
TOTAL MONTH: M 5 = HAIL
GRTST 24HR M ON M 6 = FREEZING RAIN OR DRIZZLE
GRTST DEPTH: M ON M 7 = DUSTSTORM OR SANDSTORM:
VSBY 1/2 MILE OR LESS
8 = SMOKE OR HAZE
[NO. OF DAYS WITH] [WEATHER - DAYS WITH] 9 = BLOWING SNOW
X = TORNADO
MAX 32 OR BELOW: 0 0.01 INCH OR MORE: 0
MAX 90 OR ABOVE: 0 0.10 INCH OR MORE: 0
MIN 32 OR BELOW: 0 0.50 INCH OR MORE: 0
MIN 0 OR BELOW: 0 1.00 INCH OR MORE: 0
[HDD (BASE 65) ]
TOTAL THIS MO. 0 CLEAR (SCALE 0-3) 4
DPTR FM NORMAL -2 PTCLDY (SCALE 4-7) 24
TOTAL FM JUL 1 0 CLOUDY (SCALE 8-10) 3
DPTR FM NORMAL 0
[CDD (BASE 65) ]
TOTAL THIS MO. 148
DPTR FM NORMAL 6 [PRESSURE DATA]
TOTAL FM JAN 1 356 HIGHEST SLP 30.11 ON 9
DPTR FM NORMAL 96 LOWEST SLP 29.80 ON 22
[REMARKS]
#FINAL-07-22#