000
CXUS56 KLOX 011155
CF6LAX
PRELIMINARY LOCAL CLIMATOLOGICAL DATA (WS FORM: F-6)
STATION: LOS ANGELES INTL AIRPORT CA
MONTH: MAY
YEAR: 2022
LATITUDE: 33 55 N
LONGITUDE: 118 24 W
TEMPERATURE IN F: :PCPN: SNOW: WIND :SUNSHINE: SKY :PK WND
================================================================================
1 2 3 4 5 6A 6B 7 8 9 10 11 12 13 14 15 16 17 18
12Z AVG MX 2MIN
DY MAX MIN AVG DEP HDD CDD WTR SNW DPTH SPD SPD DIR MIN PSBL S-S WX SPD DR
================================================================================
1 69 57 63 1 2 0 0.00 M M 7.1 16 260 M M 4 1 22 270
2 68 58 63 1 2 0 0.00 M M 8.5 18 260 M M 5 23 260
3 69 59 64 1 1 0 0.00 M M 7.1 17 230 M M 4 21 260
4 70 57 64 1 1 0 0.00 M M 7.0 18 270 M M 2 18 23 260
5 68 56 62 -1 3 0 0.00 M M 7.4 17 280 M M 7 128 23 260
6 70 56 63 0 2 0 0.00 M M 5.9 14 260 M M 3 18 19 230
7 71 59 65 2 0 0 0.00 M M 8.0 17 260 M M 2 21 270
8 66 56 61 -2 4 0 0.00 M M 10.0 25 250 M M 4 29 250
9 67 54 61 -2 4 0 0.00 M M 11.3 25 270 M M 2 29 260
10 67 52 60 -3 5 0 0.00 M M 11.0 32 260 M M 3 37 260
11 65 51 58 -5 7 0 0.00 M M 14.9 35 260 M M 1 41 260
12 75 54 65 2 0 0 0.00 M M 9.3 28 260 M M 2 32 260
13 80 57 69 6 0 4 0.00 M M 7.2 20 270 M M 0 23 260
14 81 59 70 7 0 5 0.00 M M 7.1 15 260 M M 2 8 19 260
15 78 59 69 5 0 4 0.00 M M 7.1 18 260 M M 5 8 22 260
16 67 59 63 -1 2 0 0.00 M M 8.0 16 250 M M 4 18 21 230
17 68 58 63 -1 2 0 0.00 M M 6.9 17 270 M M 5 22 250
18 69 58 64 0 1 0 0.00 M M 7.8 15 260 M M 6 1 22 250
19 66 60 63 -1 2 0 0.00 M M 6.5 14 280 M M 10 18 19 260
20 65 58 62 -2 3 0 T M M 7.4 15 270 M M 10 19 280
21 70 59 65 1 0 0 0.00 M M 8.4 16 240 M M 7 22 250
22 66 57 62 -2 3 0 0.00 M M 9.1 17 260 M M 3 1 24 260
23 67 56 62 -2 3 0 0.00 M M 5.7 15 230 M M 8 8 19 220
24 68 60 64 0 1 0 0.00 M M 7.1 15 260 M M 8 8 20 250
25 70 61 66 2 0 1 0.00 M M 7.5 15 250 M M 7 8 20 280
26 70 61 66 2 0 1 0.00 M M 8.9 17 250 M M 7 8 23 240
27 70 61 66 2 0 1 0.00 M M 10.1 21 270 M M 8 26 260
28 69 61 65 1 0 0 0.00 M M 8.7 17 280 M M 7 24 250
29 71 58 65 1 0 0 0.00 M M 6.2 17 240 M M 4 22 250
30 70 59 65 0 0 0 0.00 M M 8.6 20 260 M M 3 24 250
31 71 58 65 0 0 0 0.00 M M 7.4 15 270 M M 2 18 20 270
================================================================================
SM 2161 1788 48 16 T M 253.2 M 145
================================================================================
AV 69.7 57.7 8.2 FASTST M M 5 MAX(MPH)
MISC ----> 35 260 41 260
================================================================================
NOTES:
# LAST OF SEVERAL OCCURRENCES
COLUMN 17 PEAK WIND IN M.P.H.
PRELIMINARY LOCAL CLIMATOLOGICAL DATA (WS FORM: F-6) , PAGE 2
STATION: LOS ANGELES INTL AIRPORT CA
MONTH: MAY
YEAR: 2022
LATITUDE: 33 55 N
LONGITUDE: 118 24 W
[TEMPERATURE DATA] [PRECIPITATION DATA] SYMBOLS USED IN COLUMN 16
AVERAGE MONTHLY: 63.7 TOTAL FOR MONTH: T 1 = FOG OR MIST
DPTR FM NORMAL: 0.1 DPTR FM NORMAL: -0.28 2 = FOG REDUCING VISIBILITY
HIGHEST: 81 ON 14 GRTST 24HR T ON 20-20 TO 1/4 MILE OR LESS
LOWEST: 51 ON 11 3 = THUNDER
SNOW, ICE PELLETS, HAIL 4 = ICE PELLETS
TOTAL MONTH: M 5 = HAIL
GRTST 24HR M ON M 6 = FREEZING RAIN OR DRIZZLE
GRTST DEPTH: M ON M 7 = DUSTSTORM OR SANDSTORM:
VSBY 1/2 MILE OR LESS
8 = SMOKE OR HAZE
[NO. OF DAYS WITH] [WEATHER - DAYS WITH] 9 = BLOWING SNOW
X = TORNADO
MAX 32 OR BELOW: 0 0.01 INCH OR MORE: 0
MAX 90 OR ABOVE: 0 0.10 INCH OR MORE: 0
MIN 32 OR BELOW: 0 0.50 INCH OR MORE: 0
MIN 0 OR BELOW: 0 1.00 INCH OR MORE: 0
[HDD (BASE 65) ]
TOTAL THIS MO. 48 CLEAR (SCALE 0-3) 10
DPTR FM NORMAL -22 PTCLDY (SCALE 4-7) 19
TOTAL FM JUL 1 1023 CLOUDY (SCALE 8-10) 2
DPTR FM NORMAL -176
[CDD (BASE 65) ]
TOTAL THIS MO. 16
DPTR FM NORMAL -8 [PRESSURE DATA]
TOTAL FM JAN 1 108 HIGHEST SLP 30.16 ON 12
DPTR FM NORMAL 46 LOWEST SLP 29.76 ON 30
[REMARKS]
#FINAL-05-22#