000
CXUS56 KLOX 011255
CF6LAX
PRELIMINARY LOCAL CLIMATOLOGICAL DATA (WS FORM: F-6)
STATION: LOS ANGELES INTL AIRPORT CA
MONTH: JANUARY
YEAR: 2022
LATITUDE: 33 55 N
LONGITUDE: 118 24 W
TEMPERATURE IN F: :PCPN: SNOW: WIND :SUNSHINE: SKY :PK WND
================================================================================
1 2 3 4 5 6A 6B 7 8 9 10 11 12 13 14 15 16 17 18
12Z AVG MX 2MIN
DY MAX MIN AVG DEP HDD CDD WTR SNW DPTH SPD SPD DIR MIN PSBL S-S WX SPD DR
================================================================================
1 61 49 55 -3 10 0 0.00 M M 6.3 12 260 M M 4 18 280
2 66 45 56 -2 9 0 0.00 M M 7.2 15 270 M M 0 17 270
3 60 44 52 -6 13 0 0.00 M M 6.1 15 260 M M 2 21 250
4 60 44 52 -6 13 0 0.00 M M 4.8 10 240 M M 3 1 13 230
5 65 45 55 -3 10 0 0.00 M M 3.7 12 270 M M 2 1 14 280
6 66 47 57 -1 8 0 0.00 M M 3.7 10 270 M M 4 128 12 270
7 57 51 54 -4 11 0 T M M 4.2 10 120 M M 10 128 17 140
8 61 51 56 -2 9 0 0.00 M M 5.3 12 280 M M 5 18 14 260
9 75 46 61 3 4 0 0.00 M M 4.9 14 260 M M 2 18 15 250
10 74 48 61 3 4 0 0.00 M M 5.7 12 10 M M 7 15 330
11 79 54 67 9 0 2 0.00 M M 4.4 12 350 M M 2 20 300
12 80 50 65 7 0 0 0.00 M M 4.9 13 270 M M 6 15 300
13 69 56 63 5 2 0 T M M 5.2 13 280 M M 8 17 280
14 71 53 62 4 3 0 0.00 M M 3.3 14 270 M M 7 1 17 280
15 70 56 63 5 2 0 0.01 M M 4.8 15 340 M M 9 18 330
16 74 60 67 9 0 2 0.00 M M 5.0 14 250 M M 7 20 240
17 65 58 62 4 3 0 0.08 M M 5.7 12 100 M M 9 1 14 110
18 63 56 60 2 5 0 0.00 M M 6.1 15 240 M M 6 18 18 250
19 62 52 57 -1 8 0 0.00 M M 5.5 13 270 M M 5 18 17 290
20 75 48 62 4 3 0 0.00 M M 4.8 13 260 M M 1 18 16 220
21 69 49 59 1 6 0 0.00 M M 6.9 21 30 M M 1 8 30 30
22 74 57 66 8 0 1 0.00 M M 7.2 16 360 M M 1 24 310
23 73 50 62 4 3 0 0.00 M M 4.0 16 230 M M 0 22 230
24 69 48 59 1 6 0 0.00 M M 5.1 12 260 M M 1 1 14 240
25 65 50 58 0 7 0 0.00 M M 4.9 13 260 M M 4 12 15 260
26 72 46 59 1 6 0 0.00 M M 5.2 14 260 M M 3 18 16 280
27 70 47 59 1 6 0 0.00 M M 6.0 14 270 M M 2 1 15 260
28 75 47 61 3 4 0 0.00 M M 5.3 14 100 M M 5 1 17 90
29 71 51 61 3 4 0 0.00 M M 4.9 14 360 M M 6 18 310
30 69 45 57 -1 8 0 0.00 M M 5.8 18 250 M M 0 23 260
31 64 47 56 -2 9 0 0.00 M M 4.1 12 260 M M 7 1 15 230
================================================================================
SM 2124 1550 176 5 0.09 M 161.0 M 129
================================================================================
AV 68.5 50.0 5.2 FASTST M M 4 MAX(MPH)
MISC ----> 21 30 30 30
================================================================================
NOTES:
# LAST OF SEVERAL OCCURRENCES
COLUMN 17 PEAK WIND IN M.P.H.
PRELIMINARY LOCAL CLIMATOLOGICAL DATA (WS FORM: F-6) , PAGE 2
STATION: LOS ANGELES INTL AIRPORT CA
MONTH: JANUARY
YEAR: 2022
LATITUDE: 33 55 N
LONGITUDE: 118 24 W
[TEMPERATURE DATA] [PRECIPITATION DATA] SYMBOLS USED IN COLUMN 16
AVERAGE MONTHLY: 59.3 TOTAL FOR MONTH: 0.09 1 = FOG OR MIST
DPTR FM NORMAL: 1.4 DPTR FM NORMAL: -2.77 2 = FOG REDUCING VISIBILITY
HIGHEST: 80 ON 12 GRTST 24HR 0.08 ON 17-17 TO 1/4 MILE OR LESS
LOWEST: 44 ON 4, 3 3 = THUNDER
SNOW, ICE PELLETS, HAIL 4 = ICE PELLETS
TOTAL MONTH: M 5 = HAIL
GRTST 24HR M ON M 6 = FREEZING RAIN OR DRIZZLE
GRTST DEPTH: M ON M 7 = DUSTSTORM OR SANDSTORM:
VSBY 1/2 MILE OR LESS
8 = SMOKE OR HAZE
[NO. OF DAYS WITH] [WEATHER - DAYS WITH] 9 = BLOWING SNOW
X = TORNADO
MAX 32 OR BELOW: 0 0.01 INCH OR MORE: 2
MAX 90 OR ABOVE: 0 0.10 INCH OR MORE: 0
MIN 32 OR BELOW: 0 0.50 INCH OR MORE: 0
MIN 0 OR BELOW: 0 1.00 INCH OR MORE: 0
[HDD (BASE 65) ]
TOTAL THIS MO. 176 CLEAR (SCALE 0-3) 13
DPTR FM NORMAL -51 PTCLDY (SCALE 4-7) 14
TOTAL FM JUL 1 599 CLOUDY (SCALE 8-10) 4
DPTR FM NORMAL 2
[CDD (BASE 65) ]
TOTAL THIS MO. 5
DPTR FM NORMAL -1 [PRESSURE DATA]
TOTAL FM JAN 1 5 HIGHEST SLP 30.34 ON 10
DPTR FM NORMAL -1 LOWEST SLP 29.87 ON 1
[REMARKS]
#FINAL-01-22#