000
CXUS56 KLOX 011155
CF6LAX
PRELIMINARY LOCAL CLIMATOLOGICAL DATA (WS FORM: F-6)
STATION: LOS ANGELES INTL AIRPORT CA
MONTH: APRIL
YEAR: 2021
LATITUDE: 33 55 N
LONGITUDE: 118 24 W
TEMPERATURE IN F: :PCPN: SNOW: WIND :SUNSHINE: SKY :PK WND
================================================================================
1 2 3 4 5 6A 6B 7 8 9 10 11 12 13 14 15 16 17 18
12Z AVG MX 2MIN
DY MAX MIN AVG DEP HDD CDD WTR SNW DPTH SPD SPD DIR MIN PSBL S-S WX SPD DR
================================================================================
1 85 57 71 12 0 6 0.00 M M 7.0 20 260 M M 4 24 260
2 73 52 63 4 2 0 0.00 M M 7.5 16 240 M M 4 1 20 240
3 61 53 57 -2 8 0 0.00 M M 6.7 16 270 M M 5 18 M M
4 67 51 59 0 6 0 0.00 M M 6.1 17 250 M M 4 8 22 260
5 64 52 58 -1 7 0 0.00 M M 7.8 16 260 M M 5 8 M M
6 65 52 59 0 6 0 0.00 M M 7.1 15 250 M M 5 18 19 260
7 68 54 61 2 4 0 0.00 M M 5.5 17 260 M M 2 M M
8 67 54 61 2 4 0 0.00 M M 6.7 22 260 M M 3 8 27 270
9 68 53 61 2 4 0 0.00 M M 7.6 14 250 M M 2 8 M M
10 66 54 60 0 5 0 0.00 M M 5.9 16 270 M M 3 M M
11 68 54 61 1 4 0 0.00 M M 6.8 14 260 M M 6 M M
12 65 57 61 1 4 0 0.00 M M 8.7 16 280 M M 8 20 290
13 62 56 59 -1 6 0 T M M 9.1 16 260 M M 9 20 270
14 61 52 57 -3 8 0 0.00 M M 9.4 16 270 M M 6 22 290
15 63 48 56 -4 9 0 0.00 M M 7.9 18 260 M M 5 23 240
16 65 54 60 0 5 0 0.00 M M 7.6 16 260 M M 4 8 20 260
17 66 52 59 -1 6 0 0.00 M M 6.6 20 260 M M 3 28 290
18 87 53 70 10 0 5 0.00 M M 9.7 31 280 M M 0 39 270
19 77 54 66 6 0 1 0.00 M M 7.4 21 260 M M 1 23 270
20 69 54 62 2 3 0 0.00 M M 6.2 16 260 M M 5 18 24 250
21 63 57 60 -1 5 0 0.00 M M 9.2 17 280 M M 8 8 26 240
22 63 57 60 -1 5 0 0.00 M M 10.0 18 270 M M 8 22 270
23 62 56 59 -2 6 0 0.00 M M 7.9 15 270 M M 9 17 290
24 62 55 59 -2 6 0 0.00 M M 9.2 17 270 M M 8 23 250
25 64 54 59 -2 6 0 T M M 11.1 24 270 M M 8 26 270
26 64 54 59 -2 6 0 T M M 14.2 22 260 M M 6 26 240
27 63 53 58 -3 7 0 0.00 M M 9.4 22 250 M M 5 27 240
28 74 52 63 2 2 0 0.00 M M 9.4 29 270 M M 1 37 270
29 77 56 67 5 0 2 0.00 M M 6.9 20 260 M M 1 23 260
30 80 57 69 7 0 4 0.00 M M 6.6 16 260 M M 2 19 270
================================================================================
SM 2039 1617 134 18 T M 241.2 M 140
================================================================================
AV 68.0 53.9 8.0 FASTST M M 5 MAX(MPH)
MISC ----> 31 280 39 270
================================================================================
NOTES:
# LAST OF SEVERAL OCCURRENCES
COLUMN 17 PEAK WIND IN M.P.H.
PRELIMINARY LOCAL CLIMATOLOGICAL DATA (WS FORM: F-6) , PAGE 2
STATION: LOS ANGELES INTL AIRPORT CA
MONTH: APRIL
YEAR: 2021
LATITUDE: 33 55 N
LONGITUDE: 118 24 W
[TEMPERATURE DATA] [PRECIPITATION DATA] SYMBOLS USED IN COLUMN 16
AVERAGE MONTHLY: 60.9 TOTAL FOR MONTH: T 1 = FOG OR MIST
DPTR FM NORMAL: 0.8 DPTR FM NORMAL: -0.70 2 = FOG REDUCING VISIBILITY
HIGHEST: 87 ON 18 GRTST 24HR T ON 13-13 TO 1/4 MILE OR LESS
LOWEST: 48 ON 15 3 = THUNDER
SNOW, ICE PELLETS, HAIL 4 = ICE PELLETS
TOTAL MONTH: M 5 = HAIL
GRTST 24HR M ON M 6 = FREEZING RAIN OR DRIZZLE
GRTST DEPTH: M ON M 7 = DUSTSTORM OR SANDSTORM:
VSBY 1/2 MILE OR LESS
8 = SMOKE OR HAZE
[NO. OF DAYS WITH] [WEATHER - DAYS WITH] 9 = BLOWING SNOW
X = TORNADO
MAX 32 OR BELOW: 0 0.01 INCH OR MORE: 0
MAX 90 OR ABOVE: 0 0.10 INCH OR MORE: 0
MIN 32 OR BELOW: 0 0.50 INCH OR MORE: 0
MIN 0 OR BELOW: 0 1.00 INCH OR MORE: 0
[HDD (BASE 65) ]
TOTAL THIS MO. 134 CLEAR (SCALE 0-3) 9
DPTR FM NORMAL -24 PTCLDY (SCALE 4-7) 18
TOTAL FM JUL 1 1176 CLOUDY (SCALE 8-10) 3
DPTR FM NORMAL -131
[CDD (BASE 65) ]
TOTAL THIS MO. 18
DPTR FM NORMAL 7 [PRESSURE DATA]
TOTAL FM JAN 1 36 HIGHEST SLP 30.15 ON 3
DPTR FM NORMAL 10 LOWEST SLP 29.73 ON 11
[REMARKS]
#FINAL-04-21#