000
CXUS56 KLOX 011655
CF6LAX
PRELIMINARY LOCAL CLIMATOLOGICAL DATA (WS FORM: F-6)
STATION: LOS ANGELES INTL AIRPORT CA
MONTH: MARCH
YEAR: 2020
LATITUDE: 33 55 N
LONGITUDE: 118 24 W
TEMPERATURE IN F: :PCPN: SNOW: WIND :SUNSHINE: SKY :PK WND
================================================================================
1 2 3 4 5 6A 6B 7 8 9 10 11 12 13 14 15 16 17 18
12Z AVG MX 2MIN
DY MAX MIN AVG DEP HDD CDD WTR SNW DPTH SPD SPD DIR MIN PSBL S-S WX SPD DR
================================================================================
1 63 53 58 0 7 0 T 0.0 0 9.0 23 260 M M 8 28 260
2 76 51 64 6 1 0 0.00 0.0 0 7.8 18 20 M M 4 27 50
3 80 59 70 12 0 5 0.00 0.0 0 8.8 18 240 M M 1 24 320
4 73 55 64 6 1 0 0.00 0.0 0 6.9 17 240 M M 5 18 23 230
5 67 56 62 4 3 0 0.00 0.0 0 7.3 18 270 M M 7 18 22 270
6 67 54 61 3 4 0 0.00 0.0 0 5.8 17 250 M M 7 18 21 250
7 65 56 61 3 4 0 0.01 0.0 0 8.7 18 270 M M 8 23 270
8 64 52 58 0 7 0 T 0.0 0 6.1 16 250 M M 5 23 250
9 73 51 62 4 3 0 0.06 0.0 0 6.5 24 140 M M 8 31 160
10 67 58 63 5 2 0 0.11 0.0 0 9.5 18 60 M M 9 18 26 150
11 70 59 65 7 0 0 T 0.0 0 8.1 14 260 M M 6 20 250
12 62 56 59 1 6 0 1.06 0.0 0 5.6 24 360 M M 8 1 27 340
13 60 54 57 -1 8 0 0.55 0.0 0 4.8 10 240 M M 9 18 16 310
14 62 57 60 2 5 0 0.08 0.0 0 4.3 16 260 M M 9 18 18 260
15 65 54 60 2 5 0 0.08 0.0 0 6.8 16 260 M M 7 18 20 240
16 64 52 58 0 7 0 0.36 0.0 0 9.2 24 150 M M 8 1 30 160
17 61 47 54 -4 11 0 0.05 M 0 6.9 14 230 M M 4 18 290
18 64 48 56 -2 9 0 0.00 0.0 0 10.3 31 270 M M 5 37 260
19 62 52 57 -1 8 0 0.02 0.0 0 6.8 16 240 M M 6 21 240
20 66 51 59 1 6 0 T 0.0 0 7.9 14 270 M M 7 18 280
21 66 55 61 3 4 0 0.00 0.0 0 7.5 16 250 M M 7 21 260
22 70 52 61 3 4 0 1.73 0.0 0 8.0 18 60 M M 8 18 21 50
23 65 57 61 3 4 0 T 0.0 0 11.2 18 260 M M 5 24 240
24 65 53 59 1 6 0 T 0.0 0 9.5 23 270 M M 6 27 250
25 63 54 59 1 6 0 0.00 0.0 0 13.0 28 270 M M 6 33 270
26 62 49 56 -2 9 0 0.00 0.0 0 13.6 31 260 M M 3 38 260
27 64 51 58 0 7 0 0.00 0.0 0 11.3 24 250 M M 3 28 270
28 65 50 58 0 7 0 0.00 0.0 0 8.7 17 260 M M 5 21 260
29 66 51 59 0 6 0 0.00 0.0 0 10.4 28 260 M M 3 33 270
30 70 52 61 2 4 0 0.00 0.0 0 7.1 18 260 M M 2 21 250
31 72 55 64 5 1 0 0.00 0.0 0 6.0 14 270 M M 7 19 290
================================================================================
SM 2059 1654 155 5 4.11 0.0 253.4 M 186
================================================================================
AV 66.4 53.4 8.2 FASTST M M 6 MAX(MPH)
MISC ----> # 31 270 # 38 260
================================================================================
NOTES:
# LAST OF SEVERAL OCCURRENCES
COLUMN 17 PEAK WIND IN M.P.H.
PRELIMINARY LOCAL CLIMATOLOGICAL DATA (WS FORM: F-6) , PAGE 2
STATION: LOS ANGELES INTL AIRPORT CA
MONTH: MARCH
YEAR: 2020
LATITUDE: 33 55 N
LONGITUDE: 118 24 W
[TEMPERATURE DATA] [PRECIPITATION DATA] SYMBOLS USED IN COLUMN 16
AVERAGE MONTHLY: 59.9 TOTAL FOR MONTH: 4.11 1 = FOG OR MIST
DPTR FM NORMAL: 1.9 DPTR FM NORMAL: 2.26 2 = FOG REDUCING VISIBILITY
HIGHEST: 80 ON 3 GRTST 24HR 1.73 ON 22-22 TO 1/4 MILE OR LESS
LOWEST: 47 ON 17 3 = THUNDER
SNOW, ICE PELLETS, HAIL 4 = ICE PELLETS
TOTAL MONTH: 0.0 INCH 5 = HAIL
GRTST 24HR 0.0 6 = FREEZING RAIN OR DRIZZLE
GRTST DEPTH: 0 7 = DUSTSTORM OR SANDSTORM:
VSBY 1/2 MILE OR LESS
8 = SMOKE OR HAZE
[NO. OF DAYS WITH] [WEATHER - DAYS WITH] 9 = BLOWING SNOW
X = TORNADO
MAX 32 OR BELOW: 0 0.01 INCH OR MORE: 11
MAX 90 OR ABOVE: 0 0.10 INCH OR MORE: 5
MIN 32 OR BELOW: 0 0.50 INCH OR MORE: 3
MIN 0 OR BELOW: 0 1.00 INCH OR MORE: 2
[HDD (BASE 65) ]
TOTAL THIS MO. 155 CLEAR (SCALE 0-3) 4
DPTR FM NORMAL -66 PTCLDY (SCALE 4-7) 22
TOTAL FM JUL 1 734 CLOUDY (SCALE 8-10) 5
DPTR FM NORMAL -416
[CDD (BASE 65) ]
TOTAL THIS MO. 5
DPTR FM NORMAL -1 [PRESSURE DATA]
TOTAL FM JAN 1 40 HIGHEST SLP 30.25 ON 30
DPTR FM NORMAL 25 LOWEST SLP 29.74 ON 18
[REMARKS]
#FINAL-03-20#