000
CXUS55 KLBF 101228
CF6LBF
PRELIMINARY LOCAL CLIMATOLOGICAL DATA (WS FORM: F-6)
STATION: NORTH PLATTE
MONTH: JULY
YEAR: 2022
LATITUDE: 41 7 N
LONGITUDE: 100 41 W
TEMPERATURE IN F: :PCPN: SNOW: WIND :SUNSHINE: SKY :PK WND
================================================================================
1 2 3 4 5 6A 6B 7 8 9 10 11 12 13 14 15 16 17 18
12Z AVG MX 2MIN
DY MAX MIN AVG DEP HDD CDD WTR SNW DPTH SPD SPD DIR MIN PSBL S-S WX SPD DR
================================================================================
1 85 62 74 0 0 9 0.55 0.0 0 9.8 23 300 M M 4 13 32 300
2 88 62 75 1 0 10 0.89 0.0 0 7.7 32 350 M M 3 13 48 360
3 97 66 82 8 0 17 0.13 0.0 0 12.5 29 120 M M 6 3 42 110
4 101 68 85 11 0 20 0.00 0.0 0 5.2 13 100 M M 0 1 19 90
5 101 68 85 10 0 20 0.28 0.0 0 9.5 30 40 M M 2 3 41 40
6 88 66 77 2 0 12 0.05 0.0 0 7.0 23 70 M M 3 33 60
7 87 68 78 3 0 13 0.13 0.0 0 5.6 24 330 M M 5 13 36 310
8 93 64 79 4 0 14 0.00 0.0 0 5.2 14 110 M M 1 1 18 100
9 98 65 82 7 0 17 0.00 0.0 0 9.7 18 160 M M 0 1 28 180
10 103 73 88 13 0 23 0.05 0.0 0 8.9 18 120 M M 1 38 26 120
11 86 60 73 -3 0 8 0.00 0.0 0 9.7 31 30 M M 0 43 30
12 90 55 73 -3 0 8 0.00 0.0 0 6.3 17 100 M M 1 22 90
13 101 60 81 5 0 16 0.00 0.0 0 8.8 18 110 M M 0 25 100
14 107 69 88 12 0 23 0.00 0.0 0 5.3 13 200 M M 0 16 160
15 99 63 81 5 0 16 T 0.0 0 7.9 23 280 M M 0 30 260
16 99 67 83 7 0 18 T 0.0 0 5.0 20 50 M M 2 26 50
17 98 64 81 5 0 16 0.00 0.0 0 6.3 16 100 M M 3 18 27 90
18 104 67 86 10 0 21 0.00 0.0 0 10.0 22 150 M M 0 33 190
19 100 66 83 7 0 18 T 0.0 0 10.5 30 190 M M 0 45 160
20 97 58 78 2 0 13 0.00 0.0 0 5.3 14 180 M M 0 21 170
21 100 62 81 5 0 16 1.06 0.0 0 10.6 46 330 M M 1 3 61 340
22 98 65 82 6 0 17 0.00 0.0 0 6.7 20 100 M M 0 26 90
23 104 72 88 12 0 23 0.00 0.0 0 10.4 26 360 M M 0 38 350
24 88 61 75 -1 0 10 T 0.0 0 8.2 17 100 M M 1 24 70
25 72 65 69 -7 0 4 0.26 0.0 0 8.8 16 110 M M 9 1 21 120
26 84 66 75 -1 0 10 T 0.0 M 6.0 14 160 M M 7 1 19 150
27 90 59 75 -1 0 10 0.63 0.0 0 4.8 40 340 M M 2 13 55 330
28 80 62 71 -5 0 6 0.00 0.0 0 4.2 12 70 M M 5 16 50
29 82 60 71 -5 0 6 0.00 0.0 0 7.8 17 180 M M 2 24 200
30 86 57 72 -4 0 7 0.00 0.0 0 8.7 18 180 M M 1 24 180
31 98 65 82 6 0 17 0.00 0.0 0 4.6 17 260 M M 2 1 23 250
================================================================================
SM 2904 1985 0 438 4.03 0.0 237.0 M 61
================================================================================
AV 93.7 64.0 7.6 FASTST M M 2 MAX(MPH)
MISC ----> 46 330 61 340
================================================================================
NOTES:
# LAST OF SEVERAL OCCURRENCES
COLUMN 17 PEAK WIND IN M.P.H.
PRELIMINARY LOCAL CLIMATOLOGICAL DATA (WS FORM: F-6) , PAGE 2
STATION: NORTH PLATTE
MONTH: JULY
YEAR: 2022
LATITUDE: 41 7 N
LONGITUDE: 100 41 W
[TEMPERATURE DATA] [PRECIPITATION DATA] SYMBOLS USED IN COLUMN 16
AVERAGE MONTHLY: 78.9 TOTAL FOR MONTH: 4.03 1 = FOG OR MIST
DPTR FM NORMAL: 3.3 DPTR FM NORMAL: 0.85 2 = FOG REDUCING VISIBILITY
HIGHEST: 107 ON 14 GRTST 24HR 1.06 ON 21-21 TO 1/4 MILE OR LESS
LOWEST: 55 ON 12 3 = THUNDER
SNOW, ICE PELLETS, HAIL 4 = ICE PELLETS
TOTAL MONTH: 0.0 INCH 5 = HAIL
GRTST 24HR 0.0 6 = FREEZING RAIN OR DRIZZLE
GRTST DEPTH: 0 7 = DUSTSTORM OR SANDSTORM:
VSBY 1/2 MILE OR LESS
8 = SMOKE OR HAZE
[NO. OF DAYS WITH] [WEATHER - DAYS WITH] 9 = BLOWING SNOW
X = TORNADO
MAX 32 OR BELOW: 0 0.01 INCH OR MORE: 10
MAX 90 OR ABOVE: 20 0.10 INCH OR MORE: 8
MIN 32 OR BELOW: 0 0.50 INCH OR MORE: 4
MIN 0 OR BELOW: 0 1.00 INCH OR MORE: 1
[HDD (BASE 65) ]
TOTAL THIS MO. 0 CLEAR (SCALE 0-3) 24
DPTR FM NORMAL -3 PTCLDY (SCALE 4-7) 6
TOTAL FM JUL 1 0 CLOUDY (SCALE 8-10) 1
DPTR FM NORMAL 0
[CDD (BASE 65) ]
TOTAL THIS MO. 438
DPTR FM NORMAL 108 [PRESSURE DATA]
TOTAL FM JAN 1 794 HIGHEST SLP 30.14 ON 29
DPTR FM NORMAL 250 LOWEST SLP 29.63 ON 19
[REMARKS]
#FINAL-07-22#