000
CXUS55 KLBF 011510
CF6LBF
PRELIMINARY LOCAL CLIMATOLOGICAL DATA (WS FORM: F-6)
STATION: NORTH PLATTE
MONTH: JANUARY
YEAR: 2022
LATITUDE: 41 7 N
LONGITUDE: 100 41 W
TEMPERATURE IN F: :PCPN: SNOW: WIND :SUNSHINE: SKY :PK WND
================================================================================
1 2 3 4 5 6A 6B 7 8 9 10 11 12 13 14 15 16 17 18
12Z AVG MX 2MIN
DY MAX MIN AVG DEP HDD CDD WTR SNW DPTH SPD SPD DIR MIN PSBL S-S WX SPD DR
================================================================================
1 8 -17 -4 -30 69 0 0.08 3.6 3 8.9 22 10 M M 7 8 28 10
2 30 -20 5 -21 60 0 0.00 0.0 2 6.4 15 280 M M 0 17 280
3 45 3 24 -2 41 0 0.00 0.0 2 2.4 8 290 M M 0 9 290
4 56 15 36 10 29 0 0.00 0.0 0 11.8 36 330 M M 1 53 350
5 15 1 8 -18 57 0 0.13 1.3 0 10.8 20 360 M M 7 28 20
6 8 -8 0 -26 65 0 0.06 0.7 1 7.7 18 340 M M 6 26 350
7 22 5 14 -12 51 0 0.00 0.0 2 9.7 18 170 M M 1 26 180
8 46 10 28 2 37 0 0.00 0.0 T 6.9 23 20 M M 1 33 20
9 37 3 20 -6 45 0 0.00 0.0 T 4.8 17 220 M M 1 23 220
10 47 12 30 4 35 0 0.00 0.0 0 6.2 12 270 M M 0 16 250
11 51 14 33 7 32 0 0.00 0.0 0 4.7 14 290 M M 0 17 290
12 56 17 37 11 28 0 0.00 0.0 0 8.4 14 250 M M 0 17 260
13 60 25 43 17 22 0 0.00 0.0 0 5.6 12 260 M M 1 16 260
14 47 21 34 8 31 0 T T 0 20.2 38 340 M M 7 54 340
15 39 15 27 1 38 0 0.00 0.0 0 9.4 26 350 M M 2 39 340
16 54 20 37 11 28 0 0.00 0.0 0 9.6 28 10 M M 1 39 310
17 62 17 40 14 25 0 0.00 0.0 0 4.6 15 250 M M 0 19 240
18 60 20 40 14 25 0 0.00 0.0 0 10.6 23 360 M M 0 31 360
19 28 5 17 -9 48 0 T T 0 12.6 25 360 M M 8 36 360
20 20 -2 9 -17 56 0 0.00 0.0 0 8.1 17 160 M M 6 25 180
21 34 10 22 -4 43 0 0.01 T 0 7.1 24 170 M M 4 1 32 180
22 51 15 33 7 32 0 0.00 0.0 0 9.0 23 250 M M 1 12 32 250
23 57 21 39 13 26 0 0.00 0.0 0 9.2 22 280 M M 6 27 260
24 47 26 37 11 28 0 T T 0 10.4 22 340 M M 6 33 340
25 26 17 22 -5 43 0 0.11 1.6 2 6.3 13 120 M M 10 1 16 190
26 39 20 30 3 35 0 T T 1 9.6 20 230 M M 4 25 220
27 40 18 29 2 36 0 T T 0 8.9 22 350 M M 5 30 360
28 53 14 34 7 31 0 0.00 0.0 0 8.6 21 300 M M 3 26 290
29 64 15 40 13 25 0 0.00 0.0 0 9.2 23 320 M M 0 32 320
30 62 13 38 11 27 0 0.00 0.0 0 5.5 17 260 M M 0 23 260
31 57 15 36 9 29 0 0.00 0.0 0 5.4 17 210 M M 0 24 200
================================================================================
SM 1321 340 1177 0 0.39 7.2 258.6 M 88
================================================================================
AV 42.6 11.0 8.3 FASTST M M 3 MAX(MPH)
MISC ----> 38 340 54 340
================================================================================
NOTES:
# LAST OF SEVERAL OCCURRENCES
COLUMN 17 PEAK WIND IN M.P.H.
PRELIMINARY LOCAL CLIMATOLOGICAL DATA (WS FORM: F-6) , PAGE 2
STATION: NORTH PLATTE
MONTH: JANUARY
YEAR: 2022
LATITUDE: 41 7 N
LONGITUDE: 100 41 W
[TEMPERATURE DATA] [PRECIPITATION DATA] SYMBOLS USED IN COLUMN 16
AVERAGE MONTHLY: 26.8 TOTAL FOR MONTH: 0.39 1 = FOG OR MIST
DPTR FM NORMAL: 0.5 DPTR FM NORMAL: 0.00 2 = FOG REDUCING VISIBILITY
HIGHEST: 64 ON 29 GRTST 24HR 0.13 ON 5- 5 TO 1/4 MILE OR LESS
LOWEST: -20 ON 2 3 = THUNDER
SNOW, ICE PELLETS, HAIL 4 = ICE PELLETS
TOTAL MONTH: 8.0 INCHES 5 = HAIL
GRTST 24HR 3.6 ON 1- 1 6 = FREEZING RAIN OR DRIZZLE
GRTST DEPTH: 3 ON 1 7 = DUSTSTORM OR SANDSTORM:
VSBY 1/2 MILE OR LESS
8 = SMOKE OR HAZE
[NO. OF DAYS WITH] [WEATHER - DAYS WITH] 9 = BLOWING SNOW
X = TORNADO
MAX 32 OR BELOW: 8 0.01 INCH OR MORE: 5
MAX 90 OR ABOVE: 0 0.10 INCH OR MORE: 2
MIN 32 OR BELOW: 31 0.50 INCH OR MORE: 0
MIN 0 OR BELOW: 4 1.00 INCH OR MORE: 0
[HDD (BASE 65) ]
TOTAL THIS MO. 1177 CLEAR (SCALE 0-3) 19
DPTR FM NORMAL -23 PTCLDY (SCALE 4-7) 11
TOTAL FM JUL 1 3216 CLOUDY (SCALE 8-10) 1
DPTR FM NORMAL -585
[CDD (BASE 65) ]
TOTAL THIS MO. 0
DPTR FM NORMAL 0 [PRESSURE DATA]
TOTAL FM JAN 1 0 HIGHEST SLP 30.73 ON 20
DPTR FM NORMAL 0 LOWEST SLP 29.59 ON 4
[REMARKS]
#FINAL-01-22#