717
CXUS52 KILM 301000
CF6LBT
PRELIMINARY LOCAL CLIMATOLOGICAL DATA (WS FORM: F-6)

                                          STATION:   LUMBERTON NORTH CAROLINA
                                          MONTH:     JUNE
                                          YEAR:      2016
                                          LATITUDE:   34 35 N
                                          LONGITUDE:  79  4 W

  TEMPERATURE IN F:       :PCPN:    SNOW:  WIND      :SUNSHINE: SKY     :PK WND
================================================================================
1   2   3   4   5  6A  6B    7    8   9   10  11  12  13   14  15   16   17  18
                                     12Z  AVG MX 2MIN
DY MAX MIN AVG DEP HDD CDD  WTR  SNW DPTH SPD SPD DIR MIN PSBL S-S WX    SPD DR
================================================================================

 1  91  71  81   7   0  16 0.00    M    M  6.5 20  40   M    M   3        26  50
 2  93  69  81   6   0  16 0.09    M    M  3.1 17 300   M    M   4 13     23 300
 3  94  72  83   8   0  18 0.00    M    M  3.5 12 240   M    M   3 1      14 220
 4  97  75  86  11   0  21 0.02    M    M  5.9 15 220   M    M   1 13     22 220
 5  95  75  85   9   0  20 0.10    M    M  8.2 16 240   M    M   4 13     24 180
 6  83  72  78   2   0  13 0.30    M    M  6.5 13 240   M    M   5 1      16 240
 7  94  70  82   6   0  17 0.43    M    M  7.0 20 300   M    M   4 1      28 300
 8  89  63  76   0   0  11 0.00    M    M  5.3 16 280   M    M   0        21 270
 9  87  57  72  -5   0   7 0.00    M    M  4.5 12 250   M    M   0        15 270
10  89  63  76  -1   0  11 0.00    M    M  4.2 14  70   M    M   0 1      20  60
11  96  67  82   5   0  17 0.00    M    M  6.7 16 230   M    M   1 1      20 220
12 100  74  87  10   0  22 0.00    M    M  8.5 18 290   M    M   0 8      23 260
13  90  69  80   2   0  15 0.00    M    M  6.0 20  40   M    M   0 8      26  40
14  94  68  81   3   0  16 0.75    M    M  5.4 20 190   M    M   4 13     24 190
15  92  72  82   4   0  17 0.07    M    M  3.7 22 230   M    M   4 13     26 210
16  96  74  85   7   0  20 0.00    M    M  7.8 16 280   M    M   3 8      23 180
17  94  70  82   4   0  17 0.00    M    M 10.4 25  30   M    M   2        30  40
18  87  68  78  -1   0  13    T    M    M 11.4 23  30   M    M   3 1      28  40
19  85  63  74  -5   0   9 0.00    M    M  6.9 16  50   M    M   2        21 100
20  89  60  75  -4   0  10 0.00    M    M  5.5 13 210   M    M   0        17 230
21  93  68  81   2   0  16 0.00    M    M  9.9 18 210   M    M   1        24 210
22  97  72  85   6   0  20 0.00    M    M  7.6 15 260   M    M   1        19 240
23  98  76  87   7   0  22 0.00    M    M  9.8 21 240   M    M   0        24 200
24  92  72  82   2   0  17 0.08    M    M  5.4 25 220   M    M   4 13     31 230
25  91  69  80   0   0  15 0.00    M    M  6.0 18  20   M    M   5 13     24  30
26  90  70  80   0   0  15 0.00    M    M  7.5 15  90   M    M   3        20  20
27  91  68  80   0   0  15 0.00    M    M  4.1 14 150   M    M   4 1      19 150
28  82  72  77  -3   0  12 0.04    M    M  2.8 13 250   M    M   4 1      16 250
29  93  69  81   1   0  16 0.00    M    M  4.5 14 200   M    M   3 12     19 210
================================================================================
SM 2662 2008         0 454  1.88    M    184.6          M       68
================================================================================
AV 91.8 69.2                               6.4 FASTST   M    M   2    MAX(MPH)
                                 MISC ---->  # 25  30               # 31  230
================================================================================
NOTES:
# LAST OF SEVERAL OCCURRENCES

COLUMN 17 PEAK WIND IN M.P.H.

PRELIMINARY LOCAL CLIMATOLOGICAL DATA (WS FORM: F-6) , PAGE 2

                                          STATION:  LUMBERTON NORTH CAROLINA
                                          MONTH:    JUNE
                                          YEAR:     2016
                                          LATITUDE:   34 35 N
                                          LONGITUDE:  79  4 W

[TEMPERATURE DATA]      [PRECIPITATION DATA]       SYMBOLS USED IN COLUMN 16

AVERAGE MONTHLY: 80.5   TOTAL FOR MONTH:   1.88    1 = FOG OR MIST
DPTR FM NORMAL:   2.7   DPTR FM NORMAL:   -2.32    2 = FOG REDUCING VISIBILITY
HIGHEST:   100 ON 12    GRTST 24HR  0.78 ON 14-15      TO 1/4 MILE OR LESS
LOWEST:     57 ON  9                               3 = THUNDER
                        SNOW, ICE PELLETS, HAIL    4 = ICE PELLETS
                        TOTAL MONTH:    M          5 = HAIL
                        GRTST 24HR    M  ON   M    6 = FREEZING RAIN OR DRIZZLE
                        GRTST DEPTH:  M  ON   M    7 = DUSTSTORM OR SANDSTORM:
                                                       VSBY 1/2 MILE OR LESS
                                                   8 = SMOKE OR HAZE
[NO. OF DAYS WITH]      [WEATHER - DAYS WITH]      9 = BLOWING SNOW
                                                   X = TORNADO
MAX 32 OR BELOW:   0    0.01 INCH OR MORE:   9
MAX 90 OR ABOVE:  21    0.10 INCH OR MORE:   4
MIN 32 OR BELOW:   0    0.50 INCH OR MORE:   1
MIN  0 OR BELOW:   0    1.00 INCH OR MORE:   0

[HDD (BASE 65) ]
TOTAL THIS MO.     0    CLEAR  (SCALE 0-3)  17
DPTR FM NORMAL     0    PTCLDY (SCALE 4-7)  12
TOTAL FM JUL 1  2018    CLOUDY (SCALE 8-10)  0
DPTR FM NORMAL  -743

[CDD (BASE 65) ]
TOTAL THIS MO.   454
DPTR FM NORMAL    82    [PRESSURE DATA]
TOTAL FM JAN 1   777    HIGHEST SLP M ON M
DPTR FM NORMAL   155    LOWEST  SLP 29.58 ON  7

[REMARKS]
