000
CXUS52 KILM 281000
CF6LBT
PRELIMINARY LOCAL CLIMATOLOGICAL DATA (WS FORM: F-6)

                                          STATION:   LUMBERTON NC
                                          MONTH:     FEBRUARY
                                          YEAR:      2015
                                          LATITUDE:   34 35 N
                                          LONGITUDE:  79  4 W

  TEMPERATURE IN F:       :PCPN:    SNOW:  WIND      :SUNSHINE: SKY     :PK WND
================================================================================
1   2   3   4   5  6A  6B    7    8   9   10  11  12  13   14  15   16   17  18
                                     12Z  AVG MX 2MIN
DY MAX MIN AVG DEP HDD CDD  WTR  SNW DPTH SPD SPD DIR MIN PSBL S-S WX    SPD DR
================================================================================

 1  63  31  47   3  18   0    T    M    M  6.9 17 190   M    M   1        27 200
 2  63  35  49   5  16   0 0.68    M    M 16.0 35 300   M    M   6 1      46 280
 3  47  27  37  -8  28   0 0.00    M    M  3.8 13  10   M    M   0        16  20
 4  56  29  43  -2  22   0 0.00    M    M  1.2  8 200   M    M   4        13 150
 5  57  33  45   0  20   0 0.03    M    M 10.5 25 330   M    M   5 18     38 360
 6  44  22  33 -12  32   0 0.00    M    M  2.4 12 350   M    M   0        14 360
 7  61  28  45   0  20   0 0.00    M    M  6.6 18 210   M    M   0        23 210
 8  71  46  59  14   6   0 0.00    M    M 11.8 28 250   M    M   0        34 240
 9  72  45  59  13   6   0 0.07    M    M  7.6 18 230   M    M   5 1      23 270
10  55  40  48   2  17   0 0.43    M    M 15.1 24  20   M    M   9 1      31  20
11  54  35  45  -1  20   0 0.00    M    M  5.8 22  10   M    M   1        27 350
12  61  33  47   1  18   0 0.00    M    M  8.9 36 340   M    M   2 1      44 350
13  41  24  33 -13  32   0 0.00    M    M  5.9 18  10   M    M   0        24  10
14  57  22  40  -6  25   0 0.00    M    M 11.8 29 310   M    M   1        37 310
15  48  21  35 -12  30   0 0.00    M    M 13.2 31 320   M    M   0        39 320
16  36  22  29 -18  36   0 0.30    M    M  7.4 22 320   M    M   9 16     27 310
17  35  27  31 -16  34   0 0.62    M    M  7.7 21 340   M    M   7 16     27 350
18  48  28  38  -9  27   0    T    T    M  8.1 26 270   M    M   7 128    34 250
19  30  19  25 -23  40   0 0.00    M    M 11.6 25 300   M    M   0        31 300
20  33  13  23 -25  42   0 0.00    M    M  5.4 14 340   M    M   0        19 340
21  57  22  40  -8  25   0 0.00    M    M  6.2 18 140   M    M   6 18     22 140
22  64  47  56   8   9   0 0.48    M    M  2.3 10 250   M    M   7 12     14 260
23  56  36  46  -2  19   0 0.52    M    M  9.2 21  30   M    M   9 128    25  30
24  36  26  31 -18  34   0 0.09    M    M  8.5 16  60   M    M  10 168    21 110
25   M  30   M   M   M   M 0.82    M    M  5.5 16  70   M    M   7 18     22  70
26  39  35  37 -12  28   0 0.73    M    M 10.2 20 360   M    M  10 18     26  10
27  53  30  42  -8  23   0 0.00    M    M  4.3 12  30   M    M   1 18     15  10
================================================================================
SM 1337  806       627   0  4.77    T    213.9          M      107
================================================================================
AV 51.4 29.9                               7.9 FASTST   M    M   4    MAX(MPH)
                                 MISC ---->  # 36 340               # 46  280
================================================================================
NOTES:
# LAST OF SEVERAL OCCURRENCES

COLUMN 17 PEAK WIND IN M.P.H.

PRELIMINARY LOCAL CLIMATOLOGICAL DATA (WS FORM: F-6) , PAGE 2

                                          STATION:  LUMBERTON NC
                                          MONTH:    FEBRUARY
                                          YEAR:     2015
                                          LATITUDE:   34 35 N
                                          LONGITUDE:  79  4 W

[TEMPERATURE DATA]      [PRECIPITATION DATA]       SYMBOLS USED IN COLUMN 16

AVERAGE MONTHLY: 40.6   TOTAL FOR MONTH:   4.77    1 = FOG OR MIST
DPTR FM NORMAL:  -6.0   DPTR FM NORMAL:    1.98    2 = FOG REDUCING VISIBILITY
HIGHEST:    72 ON  9    GRTST 24HR  1.55 ON 25-26      TO 1/4 MILE OR LESS
LOWEST:     13 ON 20                               3 = THUNDER
                        SNOW, ICE PELLETS, HAIL    4 = ICE PELLETS
                        TOTAL MONTH:    T          5 = HAIL
                        GRTST 24HR    T  ON 18-18  6 = FREEZING RAIN OR DRIZZLE
                        GRTST DEPTH:  M  ON   M    7 = DUSTSTORM OR SANDSTORM:
                                                       VSBY 1/2 MILE OR LESS
                                                   8 = SMOKE OR HAZE
[NO. OF DAYS WITH]      [WEATHER - DAYS WITH]      9 = BLOWING SNOW
                                                   X = TORNADO
MAX 32 OR BELOW:   1    0.01 INCH OR MORE:  11
MAX 90 OR ABOVE:   0    0.10 INCH OR MORE:   8
MIN 32 OR BELOW:  17    0.50 INCH OR MORE:   5
MIN  0 OR BELOW:   0    1.00 INCH OR MORE:   0

[HDD (BASE 65) ]
TOTAL THIS MO.   627    CLEAR  (SCALE 0-3)  13
DPTR FM NORMAL   131    PTCLDY (SCALE 4-7)   9
TOTAL FM JUL 1  2337    CLOUDY (SCALE 8-10)  5
DPTR FM NORMAL   122

[CDD (BASE 65) ]
TOTAL THIS MO.     0
DPTR FM NORMAL     0    [PRESSURE DATA]
TOTAL FM JAN 1     0    HIGHEST SLP M ON M
DPTR FM NORMAL    -1    LOWEST  SLP 29.48 ON 26

[REMARKS]
