000
CXUS52 KILM 011000
CF6LBT
PRELIMINARY LOCAL CLIMATOLOGICAL DATA (WS FORM: F-6)
STATION: LUMBERTON NORTH CAROLINA
MONTH: SEPTEMBER
YEAR: 2020
LATITUDE: 34 35 N
LONGITUDE: 79 4 W
TEMPERATURE IN F: :PCPN: SNOW: WIND :SUNSHINE: SKY :PK WND
================================================================================
1 2 3 4 5 6A 6B 7 8 9 10 11 12 13 14 15 16 17 18
12Z AVG MX 2MIN
DY MAX MIN AVG DEP HDD CDD WTR SNW DPTH SPD SPD DIR MIN PSBL S-S WX SPD DR
================================================================================
1 94 75 85 8 0 20 0.01 M M M M M M M M M M
2 94 74 84 8 0 19 0.00 M M M M M M M M M M
3 93 78 86 10 0 21 0.00 M M M M M M M M M M
4 94 75 85 9 0 20 0.00 M M M M M M M M M M
5 81 72 77 1 0 12 0.00 M M M M M M M M M M
6 84 65 75 -1 0 10 0.00 M M M M M M M M M M
7 84 61 73 -2 0 8 0.00 M M M M M M M M M M
8 84 62 73 -2 0 8 0.06 M M M M M M M M M M
9 83 72 78 3 0 13 0.19 M M M M M M M M M M
10 88 75 82 7 0 17 0.00 M M M M M M M M M M
11 89 73 81 7 0 16 1.38 M M M M M M M M M M
12 80 72 76 2 0 11 0.00 M M M M M M M M M M
13 85 66 76 2 0 11 0.00 M M M M M M M M M M
14 88 68 78 4 0 13 0.01 M M M M M M M M M M
15 78 63 71 -2 0 6 0.00 M M M M M M M M M M
16 79 61 70 -3 0 5 0.07 M M M M M M M M M M
17 75 72 74 1 0 9 2.91 M M M M M M M M M M
18 75 66 71 -1 0 6 0.14 M M M M M M M M M M
19 66 57 62 -10 3 0 0.00 M M M M M M M M M M
20 71 54 63 -9 2 0 0.00 M M M M M M M M M M
21 69 52 61 -11 4 0 0.00 M M M M M M M M M M
22 72 49 61 -10 4 0 0.00 M M M M M M M M M M
23 75 48 62 -9 3 0 0.00 M M M M M M M M M M
24 78 59 69 -2 0 4 0.00 M M M M M M M M M M
25 76 66 71 1 0 6 1.23 M M M M M M M M M M
26 81 68 75 5 0 10 0.00 M M M M M M M M M M
27 78 63 71 1 0 6 0.02 M M M M M M M M M M
28 77 64 71 2 0 6 0.09 M M M M M M M M M M
29 83 60 72 3 0 7 1.60 M M M M M M M M M M
30 73 56 65 -4 0 0 0.00 M M M M M M M M M M
================================================================================
SM 2427 1946 16 264 7.71 M M M M
================================================================================
AV 80.9 64.9 M FASTST M M M MAX(MPH)
MISC ----> M M M M
================================================================================
NOTES:
# LAST OF SEVERAL OCCURRENCES
COLUMN 17 PEAK WIND IN M.P.H.
PRELIMINARY LOCAL CLIMATOLOGICAL DATA (WS FORM: F-6) , PAGE 2
STATION: LUMBERTON NORTH CAROLINA
MONTH: SEPTEMBER
YEAR: 2020
LATITUDE: 34 35 N
LONGITUDE: 79 4 W
[TEMPERATURE DATA] [PRECIPITATION DATA] SYMBOLS USED IN COLUMN 16
AVERAGE MONTHLY: 72.9 TOTAL FOR MONTH: 7.71 1 = FOG OR MIST
DPTR FM NORMAL: -0.1 DPTR FM NORMAL: 2.91 2 = FOG REDUCING VISIBILITY
HIGHEST: 94 ON 4, 2 GRTST 24HR 2.91 ON 17-17 TO 1/4 MILE OR LESS
LOWEST: 48 ON 23 3 = THUNDER
SNOW, ICE PELLETS, HAIL 4 = ICE PELLETS
TOTAL MONTH: M 5 = HAIL
GRTST 24HR M ON M 6 = FREEZING RAIN OR DRIZZLE
GRTST DEPTH: M ON M 7 = DUSTSTORM OR SANDSTORM:
VSBY 1/2 MILE OR LESS
8 = SMOKE OR HAZE
[NO. OF DAYS WITH] [WEATHER - DAYS WITH] 9 = BLOWING SNOW
X = TORNADO
MAX 32 OR BELOW: 0 0.01 INCH OR MORE: 12
MAX 90 OR ABOVE: 4 0.10 INCH OR MORE: 6
MIN 32 OR BELOW: 0 0.50 INCH OR MORE: 4
MIN 0 OR BELOW: 0 1.00 INCH OR MORE: 4
[HDD (BASE 65) ]
TOTAL THIS MO. 16 CLEAR (SCALE 0-3) 0
DPTR FM NORMAL 7 PTCLDY (SCALE 4-7) 0
TOTAL FM JUL 1 16 CLOUDY (SCALE 8-10) 30
DPTR FM NORMAL 8
[CDD (BASE 65) ]
TOTAL THIS MO. 264
DPTR FM NORMAL 15 [PRESSURE DATA]
TOTAL FM JAN 1 1909 HIGHEST SLP M ON M
DPTR FM NORMAL 88 LOWEST SLP M ON M
[REMARKS]
#FINAL-09-20#