000
CDUS42 KILM 230848
CLILBT


CLIMATE REPORT
NATIONAL WEATHER SERVICE WILMINGTON NC
447 AM EDT THU OCT 23 2014


...................................

...THE LUMBERTON NC CLIMATE SUMMARY FOR OCTOBER 22 2014...

CLIMATE NORMAL PERIOD 1981 TO 2010
CLIMATE RECORD PERIOD 9999 TO 9999


WEATHER ITEM   OBSERVED TIME   NORMAL DEPARTURE LAST
                VALUE   (LST)  VALUE  FROM      YEAR
                                      NORMAL
......................................................
TEMPERATURE (F)
 YESTERDAY
  MAXIMUM         71    225 PM  74     -3       68
  MINIMUM         47    439 AM  49     -2       55
  AVERAGE         59            61     -2       62

PRECIPITATION (IN)
  YESTERDAY        0.00          0.06  -0.06      T
  MONTH TO DATE    0.60          2.06  -1.46     0.26
  SINCE SEP 1      4.52          6.86  -2.34     1.66
  SINCE JAN 1     36.68         37.25  -0.57    37.64

DEGREE DAYS
 HEATING
  YESTERDAY        6             5      1        3
  MONTH TO DATE   47            64    -17       25
  SINCE SEP 1     53            73    -20       25
  SINCE JUL 1     53            73    -20       25

 COOLING
  YESTERDAY        0             2     -2        0
  MONTH TO DATE   87            61     26       80
  SINCE SEP 1    385           310     75      336
  SINCE JAN 1   2042          1882    160     1847
......................................................


WIND (MPH)
  HIGHEST WIND SPEED    17   HIGHEST WIND DIRECTION    NW (330)
  HIGHEST GUST SPEED    26   HIGHEST GUST DIRECTION    NW (320)
  AVERAGE WIND SPEED     9.4


SKY COVER
  POSSIBLE SUNSHINE  MM
  AVERAGE SKY COVER 0.1


WEATHER CONDITIONS
 THE FOLLOWING WEATHER WAS RECORDED YESTERDAY.
  NO SIGNIFICANT WEATHER WAS OBSERVED.


RELATIVE HUMIDITY (PERCENT)
 HIGHEST    77           400 AM
 LOWEST     37           200 PM
 AVERAGE    57

..........................................................


THE LUMBERTON NC CLIMATE NORMALS FOR TODAY
                         NORMAL
 MAXIMUM TEMPERATURE (F)   74
 MINIMUM TEMPERATURE (F)   49


SUNRISE AND SUNSET
OCTOBER 23 2014.......SUNRISE   729 AM EDT   SUNSET   632 PM EDT
OCTOBER 24 2014.......SUNRISE   729 AM EDT   SUNSET   631 PM EDT


-  INDICATES NEGATIVE NUMBERS.
R  INDICATES RECORD WAS SET OR TIED.
MM INDICATES DATA IS MISSING.
T  INDICATES TRACE AMOUNT.




$$
