000
CDUS42 KILM 270845
CLILBT


CLIMATE REPORT
NATIONAL WEATHER SERVICE WILMINGTON NC
444 AM EDT SAT AUG 27 2016


...................................

...THE LUMBERTON NC CLIMATE SUMMARY FOR AUGUST 26 2016...

CLIMATE NORMAL PERIOD 1981 TO 2010
CLIMATE RECORD PERIOD 9999 TO 9999


WEATHER ITEM   OBSERVED TIME   NORMAL DEPARTURE LAST
                VALUE   (LST)  VALUE  FROM      YEAR
                                      NORMAL
......................................................
TEMPERATURE (F)
 YESTERDAY
  MAXIMUM         96    222 PM  87      9       89
  MINIMUM         69    605 AM  68      1       69
  AVERAGE         83            78      5       79

PRECIPITATION (IN)
  YESTERDAY        0.00          0.18  -0.18     1.06
  MONTH TO DATE    3.23          4.72  -1.49     3.49
  SINCE JUN 1     12.77         14.54  -1.77    11.03
  SINCE JAN 1     31.71         29.61   2.10    28.49

DEGREE DAYS
 HEATING
  YESTERDAY        0             0      0        0
  MONTH TO DATE    0             0      0        0
  SINCE JUN 1      0             0      0        0
  SINCE JUL 1      0             0      0        0

 COOLING
  YESTERDAY       18            13      5       14
  MONTH TO DATE  453           372     81      431
  SINCE JUN 1   1493          1260    233     1545
  SINCE JAN 1   1816          1510    306     1884
......................................................


WIND (MPH)
  HIGHEST WIND SPEED    12   HIGHEST WIND DIRECTION    SE (150)
  HIGHEST GUST SPEED    17   HIGHEST GUST DIRECTION     E (110)
  AVERAGE WIND SPEED     2.9


SKY COVER
  POSSIBLE SUNSHINE  MM
  AVERAGE SKY COVER 0.0


WEATHER CONDITIONS
 THE FOLLOWING WEATHER WAS RECORDED YESTERDAY.
  NO SIGNIFICANT WEATHER WAS OBSERVED.


RELATIVE HUMIDITY (PERCENT)
 HIGHEST   100           200 AM
 LOWEST     49           100 PM
 AVERAGE    75

..........................................................


THE LUMBERTON NC CLIMATE NORMALS FOR TODAY
                         NORMAL
 MAXIMUM TEMPERATURE (F)   87
 MINIMUM TEMPERATURE (F)   68


SUNRISE AND SUNSET
AUGUST 27 2016........SUNRISE   646 AM EDT   SUNSET   749 PM EDT
AUGUST 28 2016........SUNRISE   647 AM EDT   SUNSET   747 PM EDT


-  INDICATES NEGATIVE NUMBERS.
R  INDICATES RECORD WAS SET OR TIED.
MM INDICATES DATA IS MISSING.
T  INDICATES TRACE AMOUNT.




$$
