000
CDUS42 KILM 280942
CLILBT


CLIMATE REPORT
NATIONAL WEATHER SERVICE WILMINGTON NC
441 AM EST WED JAN 28 2015


...................................

...THE LUMBERTON NC CLIMATE SUMMARY FOR JANUARY 27 2015...

CLIMATE NORMAL PERIOD 1981 TO 2010
CLIMATE RECORD PERIOD 9999 TO 9999


WEATHER ITEM   OBSERVED TIME   NORMAL DEPARTURE LAST
                VALUE   (LST)  VALUE  FROM      YEAR
                                      NORMAL
......................................................
TEMPERATURE (F)
 YESTERDAY
  MAXIMUM         47    443 PM  54     -7       67
  MINIMUM         32    922 PM  33     -1       42
  AVERAGE         40            44     -4       55

PRECIPITATION (IN)
  YESTERDAY        0.00          0.13  -0.13     0.00
  MONTH TO DATE    4.69          2.50   2.19     2.77
  SINCE DEC 1      7.47          5.39   2.08     7.43
  SINCE JAN 1      4.69          2.50   2.19     2.77

SNOWFALL (IN)
  YESTERDAY       MM
  MONTH TO DATE   MM
  SINCE DEC 1     MM
  SINCE JUL 1     MM
  SNOW DEPTH      MM

DEGREE DAYS
 HEATING
  YESTERDAY       25            21      4       10
  MONTH TO DATE  557           588    -31      629
  SINCE DEC 1   1067          1172   -105     1110
  SINCE JUL 1   1610          1638    -28     1626

 COOLING
  YESTERDAY        0             0      0        0
  MONTH TO DATE    0             0      0        0
  SINCE DEC 1      0             2     -2       15
  SINCE JAN 1      0             0      0        0
......................................................


WIND (MPH)
  HIGHEST WIND SPEED    20   HIGHEST WIND DIRECTION    NW (310)
  HIGHEST GUST SPEED    24   HIGHEST GUST DIRECTION    NW (310)
  AVERAGE WIND SPEED     9.8


SKY COVER
  POSSIBLE SUNSHINE  MM
  AVERAGE SKY COVER 0.5


WEATHER CONDITIONS
 THE FOLLOWING WEATHER WAS RECORDED YESTERDAY.
  NO SIGNIFICANT WEATHER WAS OBSERVED.


RELATIVE HUMIDITY (PERCENT)
 HIGHEST    76          1200 AM
 LOWEST     34           400 PM
 AVERAGE    55

..........................................................


THE LUMBERTON NC CLIMATE NORMALS FOR TODAY
                         NORMAL
 MAXIMUM TEMPERATURE (F)   55
 MINIMUM TEMPERATURE (F)   33


SUNRISE AND SUNSET
JANUARY 28 2015.......SUNRISE   717 AM EST   SUNSET   542 PM EST
JANUARY 29 2015.......SUNRISE   717 AM EST   SUNSET   543 PM EST


-  INDICATES NEGATIVE NUMBERS.
R  INDICATES RECORD WAS SET OR TIED.
MM INDICATES DATA IS MISSING.
T  INDICATES TRACE AMOUNT.




$$
