000
CDUS42 KILM 170843
CLILBT


CLIMATE REPORT
NATIONAL WEATHER SERVICE WILMINGTON NC
442 AM EDT TUE OCT 17 2017


...................................

...THE LUMBERTON NC CLIMATE SUMMARY FOR OCTOBER 16 2017...

CLIMATE NORMAL PERIOD 1981 TO 2010
CLIMATE RECORD PERIOD 9999 TO 9999


WEATHER ITEM   OBSERVED TIME   NORMAL DEPARTURE LAST
                VALUE   (LST)  VALUE  FROM      YEAR
                                      NORMAL
......................................................
TEMPERATURE (F)
 YESTERDAY
  MAXIMUM         77   1023 AM  75      2       81
  MINIMUM         55   1151 PM  51      4       54
  AVERAGE         66            63      3       68

PRECIPITATION (IN)
  YESTERDAY        0.04          0.08  -0.04     0.00
  MONTH TO DATE    1.56          1.66  -0.10    12.77
  SINCE SEP 1      6.50          6.46   0.04    19.97
  SINCE JAN 1     38.31         36.85   1.46    52.48

DEGREE DAYS
 HEATING
  YESTERDAY        0             4     -4        0
  MONTH TO DATE    3            37    -34        0
  SINCE SEP 1      3            46    -43        0
  SINCE JUL 1      3            46    -43        0

 COOLING
  YESTERDAY        1             2     -1        3
  MONTH TO DATE  116            49     67       59
  SINCE SEP 1    353           298     55      436
  SINCE JAN 1   2087          1870    217     2335
......................................................


WIND (MPH)
  HIGHEST WIND SPEED    17   HIGHEST WIND DIRECTION     N (340)
  HIGHEST GUST SPEED    25   HIGHEST GUST DIRECTION     N (360)
  AVERAGE WIND SPEED     7.2


SKY COVER
  POSSIBLE SUNSHINE  MM
  AVERAGE SKY COVER 0.5


WEATHER CONDITIONS
 THE FOLLOWING WEATHER WAS RECORDED YESTERDAY.
  RAIN
  LIGHT RAIN
  FOG


RELATIVE HUMIDITY (PERCENT)
 HIGHEST   100          1200 AM
 LOWEST     79          1100 AM
 AVERAGE    90

..........................................................


THE LUMBERTON NC CLIMATE NORMALS FOR TODAY
                         NORMAL
 MAXIMUM TEMPERATURE (F)   75
 MINIMUM TEMPERATURE (F)   51


SUNRISE AND SUNSET
OCTOBER 17 2017.......SUNRISE   724 AM EDT   SUNSET   639 PM EDT
OCTOBER 18 2017.......SUNRISE   725 AM EDT   SUNSET   638 PM EDT


-  INDICATES NEGATIVE NUMBERS.
R  INDICATES RECORD WAS SET OR TIED.
MM INDICATES DATA IS MISSING.
T  INDICATES TRACE AMOUNT.




$$
