000
CDUS42 KILM 042200
CLILBT


CLIMATE REPORT
NATIONAL WEATHER SERVICE WILMINGTON NC
500 PM EST SUN DEC 4 2016


...................................

...THE LUMBERTON NC CLIMATE SUMMARY FOR DECEMBER 4 2016...
VALID TODAY AS OF 0400 PM LOCAL TIME.

CLIMATE NORMAL PERIOD 1981 TO 2010
CLIMATE RECORD PERIOD 9999 TO 9999


WEATHER ITEM   OBSERVED TIME   NORMAL DEPARTURE LAST
                VALUE   (LST)  VALUE  FROM      YEAR
                                      NORMAL
......................................................
TEMPERATURE (F)
 TODAY
  MAXIMUM         47    348 AM  60    -13       58
  MINIMUM         44    359 PM  37      7       37
  AVERAGE         46            49     -3       48

PRECIPITATION (IN)
  TODAY            0.03          0.10  -0.07     0.00
  MONTH TO DATE    0.03          0.43  -0.40     0.12
  SINCE DEC 1      0.03          0.43  -0.40     0.12
  SINCE JAN 1     53.38         41.06  12.32    43.07

SNOWFALL (IN)
  TODAY           MM
  MONTH TO DATE   MM
  SINCE DEC 1     MM
  SINCE JUL 1     MM
  SNOW DEPTH      MM

DEGREE DAYS
 HEATING
  TODAY           19            16      3       17
  MONTH TO DATE   68            63      5       39
  SINCE DEC 1     68            63      5       39
  SINCE JUL 1    430           529    -99      320

 COOLING
  TODAY            0             0      0        0
  MONTH TO DATE    0             0      0        0
  SINCE DEC 1      0             0      0        0
  SINCE JAN 1   2371          1907    464     2391
......................................................


WIND (MPH)
  HIGHEST WIND SPEED    12   HIGHEST WIND DIRECTION    NE (30)
  HIGHEST GUST SPEED    14   HIGHEST GUST DIRECTION    NE (40)
  AVERAGE WIND SPEED     3.7


SKY COVER
  POSSIBLE SUNSHINE  MM
  AVERAGE SKY COVER 1.0


WEATHER CONDITIONS
 THE FOLLOWING WEATHER WAS RECORDED TODAY.
  LIGHT RAIN
  FOG
  HAZE


RELATIVE HUMIDITY (PERCENT)
 HIGHEST    93           100 AM
 LOWEST     71           400 AM
 AVERAGE    82

..........................................................


THE LUMBERTON NC CLIMATE NORMALS FOR TOMORROW
                         NORMAL
 MAXIMUM TEMPERATURE (F)   60
 MINIMUM TEMPERATURE (F)   37


SUNRISE AND SUNSET
DECEMBER  4 2016......SUNRISE   708 AM EST   SUNSET   505 PM EST
DECEMBER  5 2016......SUNRISE   709 AM EST   SUNSET   505 PM EST


-  INDICATES NEGATIVE NUMBERS.
R  INDICATES RECORD WAS SET OR TIED.
MM INDICATES DATA IS MISSING.
T  INDICATES TRACE AMOUNT.




$$
