000
CDUS42 KILM 010844
CLILBT


CLIMATE REPORT
NATIONAL WEATHER SERVICE WILMINGTON NC
444 AM EDT WED JUL 1 2015


...................................

...THE LUMBERTON NC CLIMATE SUMMARY FOR JUNE 30 2015...

CLIMATE NORMAL PERIOD 1981 TO 2010
CLIMATE RECORD PERIOD 9999 TO 9999


WEATHER ITEM   OBSERVED TIME   NORMAL DEPARTURE LAST
                VALUE   (LST)  VALUE  FROM      YEAR
                                      NORMAL
......................................................
TEMPERATURE (F)
 YESTERDAY
  MAXIMUM         93    407 PM  91      2       90
  MINIMUM         70    536 AM  70      0       67
  AVERAGE         82            81      1       79

PRECIPITATION (IN)
  YESTERDAY        0.18          0.14   0.04     0.00
  MONTH TO DATE    6.24          4.34   1.90     7.57
  SINCE JUN 1      6.24          4.34   1.90     7.57
  SINCE JAN 1     23.70         19.41   4.29    24.83

DEGREE DAYS
 HEATING
  YESTERDAY        0             0      0        0
  MONTH TO DATE    0             0      0        0
  SINCE JUN 1      0             0      0        0
  SINCE JUL 1   2778          2761     17     2945

 COOLING
  YESTERDAY       17            16      1       14
  MONTH TO DATE  544           388    156      458
  SINCE JUN 1    544           388    156      458
  SINCE JAN 1    883           638    245      746
......................................................


WIND (MPH)
  HIGHEST WIND SPEED    28   HIGHEST WIND DIRECTION     W (250)
  HIGHEST GUST SPEED    36   HIGHEST GUST DIRECTION     W (260)
  AVERAGE WIND SPEED     6.4


SKY COVER
  POSSIBLE SUNSHINE  MM
  AVERAGE SKY COVER 0.0


WEATHER CONDITIONS
 THE FOLLOWING WEATHER WAS RECORDED YESTERDAY.
  THUNDERSTORM
  HEAVY RAIN
  RAIN
  LIGHT RAIN
  FOG
  HAZE


RELATIVE HUMIDITY (PERCENT)
 HIGHEST    93          1000 PM
 LOWEST     41           400 PM
 AVERAGE    67

..........................................................


THE LUMBERTON NC CLIMATE NORMALS FOR TODAY
                         NORMAL
 MAXIMUM TEMPERATURE (F)   91
 MINIMUM TEMPERATURE (F)   70


SUNRISE AND SUNSET
JULY  1 2015..........SUNRISE   607 AM EDT   SUNSET   833 PM EDT
JULY  2 2015..........SUNRISE   607 AM EDT   SUNSET   833 PM EDT


-  INDICATES NEGATIVE NUMBERS.
R  INDICATES RECORD WAS SET OR TIED.
MM INDICATES DATA IS MISSING.
T  INDICATES TRACE AMOUNT.




$$
