000
CDUS42 KILM 220845
CLILBT


CLIMATE REPORT
NATIONAL WEATHER SERVICE WILMINGTON NC
444 AM EDT MON MAY 22 2017


...................................

...THE LUMBERTON NC CLIMATE SUMMARY FOR MAY 21 2017...

CLIMATE NORMAL PERIOD 1981 TO 2010
CLIMATE RECORD PERIOD 9999 TO 9999


WEATHER ITEM   OBSERVED TIME   NORMAL DEPARTURE LAST
                VALUE   (LST)  VALUE  FROM      YEAR
                                      NORMAL
......................................................
TEMPERATURE (F)
 YESTERDAY
  MAXIMUM         86    343 PM  83      3       80
  MINIMUM         70    859 AM  59     11       66
  AVERAGE         78            71      7       73

PRECIPITATION (IN)
  YESTERDAY        T             0.11  -0.11     0.86
  MONTH TO DATE    1.76          1.84  -0.08     4.90
  SINCE MAR 1     11.73          7.99   3.74     9.25
  SINCE JAN 1     15.22         13.86   1.36    17.53

DEGREE DAYS
 HEATING
  YESTERDAY        0             0      0        0
  MONTH TO DATE   14            30    -16       19
  SINCE MAR 1    432           529    -97      336
  SINCE JUL 1   2079          2759   -680     2015

 COOLING
  YESTERDAY       13             7      6        8
  MONTH TO DATE  136           100     36      112
  SINCE MAR 1    285           165    120      228
  SINCE JAN 1    295           168    127      229
......................................................


WIND (MPH)
  HIGHEST WIND SPEED    18   HIGHEST WIND DIRECTION    SE (120)
  HIGHEST GUST SPEED    25   HIGHEST GUST DIRECTION     E (100)
  AVERAGE WIND SPEED     8.3


SKY COVER
  POSSIBLE SUNSHINE  MM
  AVERAGE SKY COVER 0.5


WEATHER CONDITIONS
 THE FOLLOWING WEATHER WAS RECORDED YESTERDAY.
  LIGHT RAIN
  FOG


RELATIVE HUMIDITY (PERCENT)
 HIGHEST   100           200 AM
 LOWEST     59           200 PM
 AVERAGE    80

..........................................................


THE LUMBERTON NC CLIMATE NORMALS FOR TODAY
                         NORMAL
 MAXIMUM TEMPERATURE (F)   84
 MINIMUM TEMPERATURE (F)   60


SUNRISE AND SUNSET
MAY 22 2017...........SUNRISE   609 AM EDT   SUNSET   817 PM EDT
MAY 23 2017...........SUNRISE   608 AM EDT   SUNSET   818 PM EDT


-  INDICATES NEGATIVE NUMBERS.
R  INDICATES RECORD WAS SET OR TIED.
MM INDICATES DATA IS MISSING.
T  INDICATES TRACE AMOUNT.




$$
