000
CDUS42 KILM 230844
CLILBT


CLIMATE REPORT
NATIONAL WEATHER SERVICE WILMINGTON NC
444 AM EDT FRI JUN 23 2017


...................................

...THE LUMBERTON NC CLIMATE SUMMARY FOR JUNE 22 2017...

CLIMATE NORMAL PERIOD 1981 TO 2010
CLIMATE RECORD PERIOD 9999 TO 9999


WEATHER ITEM   OBSERVED TIME   NORMAL DEPARTURE LAST
                VALUE   (LST)  VALUE  FROM      YEAR
                                      NORMAL
......................................................
TEMPERATURE (F)
 YESTERDAY
  MAXIMUM         84   1246 PM  90     -6       97
  MINIMUM         74    551 AM  69      5       72
  AVERAGE         79            79      0       85

PRECIPITATION (IN)
  YESTERDAY        0.01          0.13  -0.12     0.00
  MONTH TO DATE    2.64          3.31  -0.67     1.76
  SINCE JUN 1      2.64          3.31  -0.67     1.76
  SINCE JAN 1     19.96         18.38   1.58    20.70

DEGREE DAYS
 HEATING
  YESTERDAY        0             0      0        0
  MONTH TO DATE    0             0      0        0
  SINCE JUN 1      0             0      0        0
  SINCE JUL 1   2079          2761   -682     2018

 COOLING
  YESTERDAY       14            14      0       20
  MONTH TO DATE  276           267      9      342
  SINCE JUN 1    276           267      9      342
  SINCE JAN 1    682           517    165      665
......................................................


WIND (MPH)
  HIGHEST WIND SPEED    16   HIGHEST WIND DIRECTION    NW (310)
  HIGHEST GUST SPEED    20   HIGHEST GUST DIRECTION    NW (300)
  AVERAGE WIND SPEED     3.2


SKY COVER
  POSSIBLE SUNSHINE  MM
  AVERAGE SKY COVER 0.5


WEATHER CONDITIONS
 THE FOLLOWING WEATHER WAS RECORDED YESTERDAY.
  LIGHT RAIN
  FOG


RELATIVE HUMIDITY (PERCENT)
 HIGHEST   100           100 AM
 LOWEST     79          1200 PM
 AVERAGE    90

..........................................................


THE LUMBERTON NC CLIMATE NORMALS FOR TODAY
                         NORMAL
 MAXIMUM TEMPERATURE (F)   90
 MINIMUM TEMPERATURE (F)   69


SUNRISE AND SUNSET
JUNE 23 2017..........SUNRISE   604 AM EDT   SUNSET   833 PM EDT
JUNE 24 2017..........SUNRISE   605 AM EDT   SUNSET   833 PM EDT


-  INDICATES NEGATIVE NUMBERS.
R  INDICATES RECORD WAS SET OR TIED.
MM INDICATES DATA IS MISSING.
T  INDICATES TRACE AMOUNT.




$$
