000
CXUS52 KMLB 251125
CF6LEE
PRELIMINARY LOCAL CLIMATOLOGICAL DATA (WS FORM: F-6)

                                          STATION:   LEESBURG
                                          MONTH:     OCTOBER
                                          YEAR:      2014
                                          LATITUDE:   28 49 N
                                          LONGITUDE:  81 49 W

  TEMPERATURE IN F:       :PCPN:    SNOW:  WIND      :SUNSHINE: SKY     :PK WND
================================================================================
1   2   3   4   5  6A  6B    7    8   9   10  11  12  13   14  15   16   17  18
                                     12Z  AVG MX 2MIN
DY MAX MIN AVG DEP HDD CDD  WTR  SNW DPTH SPD SPD DIR MIN PSBL S-S WX    SPD DR
================================================================================

 1  86  74  80   1   0  15 0.02  0.0    0  4.0 13  80   M    M   8        16  60
 2  90  73  82   3   0  17 0.00  0.0    0  4.2 16  60   M    M   3 1      19  40
 3  91  75  83   4   0  18 0.07  0.0    0  4.9 15 310   M    M   3 13     21 290
 4  85  66  76  -2   0  11 0.01  0.0    0  7.8 18 350   M    M   1        22 360
 5  78  56  67 -11   0   2 0.00  0.0    0  7.1 16  10   M    M   0        20 340
 6  82  58  70  -8   0   5 0.00  0.0    0  5.4 12  80   M    M   0        15  60
 7  86  69  78   0   0  13 0.00  0.0    0  4.1 13 130   M    M   1        14 120
 8  91  71  81   4   0  16    T  0.0    0  3.0 10  60   M    M   2        13  50
 9  90  69  80   3   0  15 0.00  0.0    0  4.9 13  70   M    M   0        21  50
10  90  72  81   4   0  16 0.00  0.0    0  6.1 12  90   M    M   2 12     15  90
11  92  67  80   3   0  15 0.00  0.0    0  4.0 13  70   M    M   2        17  50
12  89  70  80   4   0  15 0.00  0.0    0  4.1 14 120   M    M   0 1      17 100
13  90  72  81   5   0  16 0.00  0.0    0  8.2 15 130   M    M   1        22 120
14  90  73  82   6   0  17 0.27  0.0    0  9.4 25 230   M    M   2 138    33 230
15  81  64  73  -3   0   8 0.27  0.0    0  6.9 14 300   M    M   3 1      20 290
16  80  61  71  -4   0   6 0.00  0.0    0  5.4 18 290   M    M   1        24 310
17  81  57  69  -6   0   4 0.00  0.0    0  3.9  9 320   M    M   0        13 290
18  83  56  70  -5   0   5 0.00  0.0    0  3.4 10 270   M    M   0        15 280
19  85  62  74   0   0   9 0.00  0.0    0  7.0 14  40   M    M   1 1      17  40
20  85  63  74   0   0   9 0.00  0.0    0  4.6 10  60   M    M   1        14 200
21  84  67  76   2   0  11 0.00  0.0    0  2.1  8 330   M    M   0 18     15 330
22  84  63  74   1   0   9 0.00  0.0    0  6.9 17  60   M    M   0        30 210
23  81  57  69  -4   0   4 0.00  0.0    0  8.9 16  50   M    M   0        20  70
24  81  59  70  -3   0   5 0.00  0.0    0  8.0 14  50   M    M   1        19  60
================================================================================
SM 2055 1574         0 261  0.64     0.0 134.3          M       32
================================================================================
AV 85.6 65.6                               5.6 FASTST   M    M   1    MAX(MPH)
                                 MISC ---->  # 25 230               # 33  230
================================================================================
NOTES:
# LAST OF SEVERAL OCCURRENCES

COLUMN 17 PEAK WIND IN M.P.H.

PRELIMINARY LOCAL CLIMATOLOGICAL DATA (WS FORM: F-6) , PAGE 2

                                          STATION:  LEESBURG
                                          MONTH:    OCTOBER
                                          YEAR:     2014
                                          LATITUDE:   28 49 N
                                          LONGITUDE:  81 49 W

[TEMPERATURE DATA]      [PRECIPITATION DATA]       SYMBOLS USED IN COLUMN 16

AVERAGE MONTHLY: 75.6   TOTAL FOR MONTH:   0.64    1 = FOG OR MIST
DPTR FM NORMAL:  -0.5   DPTR FM NORMAL:   -1.93    2 = FOG REDUCING VISIBILITY
HIGHEST:    92 ON 11    GRTST 24HR  0.54 ON 14-15      TO 1/4 MILE OR LESS
LOWEST:     56 ON 18, 5                            3 = THUNDER
                        SNOW, ICE PELLETS, HAIL    4 = ICE PELLETS
                        TOTAL MONTH:   0.0 INCH    5 = HAIL
                        GRTST 24HR     0.0         6 = FREEZING RAIN OR DRIZZLE
                        GRTST DEPTH:   0           7 = DUSTSTORM OR SANDSTORM:
                                                       VSBY 1/2 MILE OR LESS
                                                   8 = SMOKE OR HAZE
[NO. OF DAYS WITH]      [WEATHER - DAYS WITH]      9 = BLOWING SNOW
                                                   X = TORNADO
MAX 32 OR BELOW:   0    0.01 INCH OR MORE:   5
MAX 90 OR ABOVE:   8    0.10 INCH OR MORE:   2
MIN 32 OR BELOW:   0    0.50 INCH OR MORE:   0
MIN  0 OR BELOW:   0    1.00 INCH OR MORE:   0

[HDD (BASE 65) ]
TOTAL THIS MO.     0    CLEAR  (SCALE 0-3)  22
DPTR FM NORMAL     0    PTCLDY (SCALE 4-7)   2
TOTAL FM JUL 1     0    CLOUDY (SCALE 8-10)  0
DPTR FM NORMAL     0

[CDD (BASE 65) ]
TOTAL THIS MO.   261
DPTR FM NORMAL    -9    [PRESSURE DATA]
TOTAL FM JAN 1  3320    HIGHEST SLP M ON M
DPTR FM NORMAL   209    LOWEST  SLP 29.82 ON  4

[REMARKS]
