000
CXUS52 KMLB 281211
CF6LEE
PRELIMINARY LOCAL CLIMATOLOGICAL DATA (WS FORM: F-6)

                                          STATION:   LEESBURG
                                          MONTH:     AUGUST
                                          YEAR:      2014
                                          LATITUDE:   28 49 N
                                          LONGITUDE:  81 49 W

  TEMPERATURE IN F:       :PCPN:    SNOW:  WIND      :SUNSHINE: SKY     :PK WND
================================================================================
1   2   3   4   5  6A  6B    7    8   9   10  11  12  13   14  15   16   17  18
                                     12Z  AVG MX 2MIN
DY MAX MIN AVG DEP HDD CDD  WTR  SNW DPTH SPD SPD DIR MIN PSBL S-S WX    SPD DR
================================================================================

 1  94  72  83   0   0  18 0.00  0.0    0  4.0 10 190   M    M   3 3      14 160
 2  95  78  87   4   0  22 0.05  0.0    0  5.8 15  70   M    M   1 3      20 100
 3  94  78  86   3   0  21    T  0.0    0  5.6 18  50   M    M   3 3      22  50
 4  93  77  85   2   0  20 0.27  0.0    0  4.3 22  60   M    M   4 13     26  60
 5  92  75  84   1   0  19    T  0.0    0  6.1 13  60   M    M   1 38     16  50
 6  95  76  86   3   0  21 0.01  0.0    0  2.9 18  20   M    M   0 3      23  30
 7  96  76  86   3   0  21 0.00  0.0    0  4.9 22 110   M    M   1 3      29 120
 8  93  76  85   2   0  20 0.00  0.0    0  5.8 20 130   M    M   0 3      24 120
 9  95  77  86   3   0  21 0.00  0.0    0  5.2 20 180   M    M   1        24 170
10  91  75  83   0   0  18 0.66  0.0    0  6.3 21 280   M    M   2 13     28 290
11  90  77  84   1   0  19 0.00  0.0    0  8.7 18 240   M    M   1 3      25 250
12  85  77  81  -2   0  16 0.01  0.0    0  6.9 17 240   M    M   3 3      25 230
13  93  77  85   2   0  20 0.00  0.0    0  6.9 14 220   M    M   1        19 240
14  90  77  84   1   0  19 0.33  0.0    0  4.9 16 280   M    M   1 3      23 270
15  82  75  79  -4   0  14 0.40  0.0    0  5.5 15 270   M    M   0 13     19 280
16  88  73  81  -2   0  16 0.05  0.0    0  5.5 18 290   M    M   1 3      25 290
17  93  76  85   2   0  20 0.00  0.0    0  4.6 10 270   M    M   1 1      16 270
18  94  76  85   2   0  20    T  0.0    0  4.6 22 230   M    M   2 13     30 230
19  94  77  86   3   0  21 0.00  0.0    0  5.3 13 270   M    M   1        18 270
20  95  75  85   2   0  20 0.00  0.0    0  4.5 12 290   M    M   1 1      14 290
21  97  78  88   5   0  23 0.00  0.0    0  4.0 13 300   M    M   1 3      15 290
22  97  76  87   4   0  22    T  0.0    0  3.3 26  10   M    M   0 38     33  10
23 100  74  87   4   0  22 0.00  0.0    0  3.5 22  40   M    M   0 3      29  30
24  98  76  87   4   0  22 0.13  0.0    0  5.9 20 340   M    M   2 13     26 340
25  93  75  84   1   0  19 0.54  0.0    0 10.6 23  40   M    M   7 18     32  80
26  93  74  84   1   0  19 0.00  0.0    0  9.2 20  50   M    M   3        26  40
27  94  75  85   3   0  20 0.00  0.0    0  7.6 16  50   M    M   3        20  60
================================================================================
SM 2514 2048         0 533  2.45     0.0 152.4          M       44
================================================================================
AV 93.1 75.9                               5.6 FASTST   M    M   2    MAX(MPH)
                                 MISC ---->  # 26  10               # 33   10
================================================================================
NOTES:
# LAST OF SEVERAL OCCURRENCES

COLUMN 17 PEAK WIND IN M.P.H.

PRELIMINARY LOCAL CLIMATOLOGICAL DATA (WS FORM: F-6) , PAGE 2

                                          STATION:  LEESBURG
                                          MONTH:    AUGUST
                                          YEAR:     2014
                                          LATITUDE:   28 49 N
                                          LONGITUDE:  81 49 W

[TEMPERATURE DATA]      [PRECIPITATION DATA]       SYMBOLS USED IN COLUMN 16

AVERAGE MONTHLY: 84.5   TOTAL FOR MONTH:   2.45    1 = FOG OR MIST
DPTR FM NORMAL:   1.5   DPTR FM NORMAL:   -4.04    2 = FOG REDUCING VISIBILITY
HIGHEST:   100 ON 23    GRTST 24HR  0.73 ON 14-15      TO 1/4 MILE OR LESS
LOWEST:     72 ON  1                               3 = THUNDER
                        SNOW, ICE PELLETS, HAIL    4 = ICE PELLETS
                        TOTAL MONTH:   0.0 INCH    5 = HAIL
                        GRTST 24HR     0.0         6 = FREEZING RAIN OR DRIZZLE
                        GRTST DEPTH:   0           7 = DUSTSTORM OR SANDSTORM:
                                                       VSBY 1/2 MILE OR LESS
                                                   8 = SMOKE OR HAZE
[NO. OF DAYS WITH]      [WEATHER - DAYS WITH]      9 = BLOWING SNOW
                                                   X = TORNADO
MAX 32 OR BELOW:   0    0.01 INCH OR MORE:  10
MAX 90 OR ABOVE:  24    0.10 INCH OR MORE:   6
MIN 32 OR BELOW:   0    0.50 INCH OR MORE:   2
MIN  0 OR BELOW:   0    1.00 INCH OR MORE:   0

[HDD (BASE 65) ]
TOTAL THIS MO.     0    CLEAR  (SCALE 0-3)  24
DPTR FM NORMAL     0    PTCLDY (SCALE 4-7)   3
TOTAL FM JUL 1     0    CLOUDY (SCALE 8-10)  0
DPTR FM NORMAL     0

[CDD (BASE 65) ]
TOTAL THIS MO.   533
DPTR FM NORMAL    47    [PRESSURE DATA]
TOTAL FM JAN 1  2480    HIGHEST SLP M ON M
DPTR FM NORMAL   189    LOWEST  SLP 29.80 ON 24

[REMARKS]
