000
CXUS52 KMLB 010625
CF6LEE
PRELIMINARY LOCAL CLIMATOLOGICAL DATA (WS FORM: F-6)
STATION: LEESBURG
MONTH: MARCH
YEAR: 2021
LATITUDE: 28 49 N
LONGITUDE: 81 49 W
TEMPERATURE IN F: :PCPN: SNOW: WIND :SUNSHINE: SKY :PK WND
================================================================================
1 2 3 4 5 6A 6B 7 8 9 10 11 12 13 14 15 16 17 18
12Z AVG MX 2MIN
DY MAX MIN AVG DEP HDD CDD WTR SNW DPTH SPD SPD DIR MIN PSBL S-S WX SPD DR
================================================================================
1 86 71 79 15 0 14 0.00 0.0 0 7.1 15 290 M M 4 24 280
2 82 62 72 8 0 7 T 0.0 0 7.4 16 10 M M 8 20 360
3 71 56 64 0 1 0 0.30 0.0 0 10.6 17 320 M M 6 13 27 250
4 76 53 65 1 0 0 0.00 0.0 0 7.4 13 340 M M 4 18 340
5 77 51 64 0 1 0 0.00 0.0 0 5.2 15 60 M M 0 20 50
6 67 54 61 -3 4 0 0.20 0.0 0 11.5 21 40 M M 7 13 26 40
7 68 48 58 -6 7 0 0.08 0.0 0 11.5 23 40 M M 2 28 40
8 70 44 57 -8 8 0 0.00 0.0 0 9.8 22 50 M M 0 28 60
9 76 49 63 -2 2 0 0.00 0.0 0 9.2 16 80 M M 1 28 70
10 78 52 65 0 0 0 0.00 0.0 0 8.0 17 100 M M 3 23 100
11 81 54 68 3 0 3 0.00 0.0 0 6.0 14 100 M M 1 18 100
12 80 55 68 3 0 3 0.00 0.0 0 4.0 14 100 M M 0 1 17 100
13 82 56 69 4 0 4 0.00 0.0 0 2.9 10 180 M M 0 12 13 60
14 83 58 71 5 0 6 0.00 0.0 0 2.6 9 70 M M 0 1 12 270
15 84 60 72 6 0 7 0.00 0.0 0 4.2 15 110 M M 1 1 20 110
16 86 66 76 10 0 11 0.00 0.0 0 6.0 13 190 M M 1 17 190
17 88 66 77 11 0 12 0.00 0.0 0 5.7 18 180 M M 1 24 180
18 85 66 76 10 0 11 0.10 0.0 0 12.1 23 200 M M 4 1 35 200
19 71 56 64 -2 1 0 0.00 0.0 0 8.1 14 280 M M 2 19 260
20 66 52 59 -7 6 0 0.01 0.0 0 11.6 21 20 M M 8 1 26 40
21 58 50 54 -12 11 0 0.03 0.0 0 8.7 14 330 M M 10 18 20 330
22 67 58 63 -4 2 0 0.02 0.0 0 8.6 17 20 M M 10 18 24 10
23 79 61 70 3 0 5 T 0.0 0 4.8 13 60 M M 7 1 18 70
24 83 57 70 3 0 5 0.00 0.0 0 2.3 8 270 M M 0 18 11 280
25 89 63 76 9 0 11 0.00 0.0 0 5.4 12 180 M M 1 1 18 170
26 89 68 79 12 0 14 0.00 0.0 0 4.5 13 180 M M 2 1 15 160
27 89 68 79 11 0 14 0.00 0.0 0 3.8 12 100 M M 0 14 100
28 88 69 79 11 0 14 0.00 0.0 0 8.1 20 260 M M 2 26 270
29 82 65 74 6 0 9 0.00 0.0 0 6.9 16 10 M M 6 1 20 10
30 89 65 77 9 0 12 0.68 0.0 0 6.2 20 100 M M 6 13 23 100
31 88 72 80 12 0 15 T 0.0 0 7.7 16 340 M M 3 23 350
================================================================================
SM 2458 1825 43 177 1.42 0.0 217.9 M 100
================================================================================
AV 79.3 58.9 7.0 FASTST M M 3 MAX(MPH)
MISC ----> # 23 40 35 200
================================================================================
NOTES:
# LAST OF SEVERAL OCCURRENCES
COLUMN 17 PEAK WIND IN M.P.H.
PRELIMINARY LOCAL CLIMATOLOGICAL DATA (WS FORM: F-6) , PAGE 2
STATION: LEESBURG
MONTH: MARCH
YEAR: 2021
LATITUDE: 28 49 N
LONGITUDE: 81 49 W
[TEMPERATURE DATA] [PRECIPITATION DATA] SYMBOLS USED IN COLUMN 16
AVERAGE MONTHLY: 69.1 TOTAL FOR MONTH: 1.42 1 = FOG OR MIST
DPTR FM NORMAL: 3.2 DPTR FM NORMAL: -2.91 2 = FOG REDUCING VISIBILITY
HIGHEST: 89 ON 30,27 GRTST 24HR 0.68 ON 30-30 TO 1/4 MILE OR LESS
LOWEST: 44 ON 8 3 = THUNDER
SNOW, ICE PELLETS, HAIL 4 = ICE PELLETS
TOTAL MONTH: 0.0 INCH 5 = HAIL
GRTST 24HR 0.0 6 = FREEZING RAIN OR DRIZZLE
GRTST DEPTH: 0 7 = DUSTSTORM OR SANDSTORM:
VSBY 1/2 MILE OR LESS
8 = SMOKE OR HAZE
[NO. OF DAYS WITH] [WEATHER - DAYS WITH] 9 = BLOWING SNOW
X = TORNADO
MAX 32 OR BELOW: 0 0.01 INCH OR MORE: 8
MAX 90 OR ABOVE: 0 0.10 INCH OR MORE: 4
MIN 32 OR BELOW: 0 0.50 INCH OR MORE: 1
MIN 0 OR BELOW: 0 1.00 INCH OR MORE: 0
[HDD (BASE 65) ]
TOTAL THIS MO. 43 CLEAR (SCALE 0-3) 18
DPTR FM NORMAL -29 PTCLDY (SCALE 4-7) 10
TOTAL FM JUL 1 552 CLOUDY (SCALE 8-10) 3
DPTR FM NORMAL -133
[CDD (BASE 65) ]
TOTAL THIS MO. 177
DPTR FM NORMAL 79 [PRESSURE DATA]
TOTAL FM JAN 1 332 HIGHEST SLP M ON M
DPTR FM NORMAL 157 LOWEST SLP 29.83 ON 3
[REMARKS]
#FINAL-03-21#