000
CXUS51 KOKX 181243 CCA
CLALGA

CLIMATE REPORT...CORRECTED
NATIONAL WEATHER SERVICE NEW YORK NY
242 PM EST SUN JAN 1 2017

...................................

...THE LAGUARDIA NY CLIMATE SUMMARY FOR THE YEAR OF 2016...

CLIMATE NORMAL PERIOD 1981 TO 2010
CLIMATE RECORD PERIOD 1939 TO 2016

WEATHER         OBSERVED          NORMAL  DEPART  LAST YEAR`S
                 VALUE   DATE(S)  VALUE   FROM    VALUE  DATE(S)
                                          NORMAL
................................................................
TEMPERATURE (F)
RECORD
 HIGH             107   07/03/1966
 LOW               -7   02/15/1943
HIGHEST            99   07/23        MM      MM       95  09/08
                                                          07/29
                                                          07/20
LOWEST              1   02/14        MM      MM        3  02/20
AVG. MAXIMUM     65.7              62.9     2.8     63.7
AVG. MINIMUM     51.6              48.2     3.4     49.4
MEAN             58.7              55.5     3.2     56.5
DAYS MAX >= 90     32              17.0    15.0       20
DAYS MAX <= 32     10              14.5    -4.5       27
DAYS MIN <= 32     49              66.7   -17.7       72
DAYS MIN <= 0       0               0.1    -0.1        0

PRECIPITATION (INCHES)
RECORD
 MAXIMUM        65.34   2011
 MINIMUM        22.17   1965
TOTALS          39.39             44.73   -5.34    37.20
DAILY AVG.       0.11              0.12   -0.01     0.10
DAYS >= .01       117             118.0    -1.0      108
DAYS >= .10        73              74.0    -1.0       68
DAYS >= .50        27              30.4    -3.4       26
DAYS >= 1.00        9              11.7    -2.7       13
GREATEST
 24 HR. TOTAL    2.40   MM                       12/31 TO 12/31
                                                          12/31 TO 12/31
                                                          12/31 TO 12/31
 STORM TOTAL       MM                                 MM
 (MM/DD(HH))            MM                    12/31(00) TO 12/31(00)
                                                 12/31(00) TO 12/31(00)1
                                                 12/31(00) TO 12/31(00)1

SNOWFALL (INCHES)
RECORDS
 TOTAL           59.7   1948
 24 HR TOTAL     23.3   MM
 SNOW DEPTH        26   02/05/1961
TOTALS           39.2              26.9    12.3     52.1
 LIQUID EQUIV    3.92              2.70    1.22     5.21
SINCE 7/1         3.0               5.5    -2.5        T
 LIQUID 7/1      0.30              0.60   -0.30       MM
SNOWDEPTH AVG.      0                MM      MM        1
DAYS >= TRACE      24              13.1    10.9       37
DAYS >= 1.0         6               6.3    -0.3       13
GREATEST
 SNOW DEPTH        27R  01/24                         11  03/06
 24 HR TOTAL     27.9R  MM                       12/31 TO 12/31
                                                          12/31 TO 12/31
                                                          12/31 TO 12/31
 STORM TOTAL       MM                                 MM
 (MM/DD(HH))            MM                    12/31(00) TO 12/31(00)
                                                 12/31(00) TO 12/31(00)1
                                                 12/31(00) TO 12/31(00)1

DEGREE_DAYS
HEATING TOTAL    3955              4665    -710     4476
 SINCE 7/1         MM              1606      MM       MM
COOLING TOTAL    1745              1213     532     1555
 SINCE 1/1       1745              1214     531     1555
..................................................

WIND (MPH)
AVERAGE WIND SPEED              10.7
RESULTANT WIND SPEED/DIRECTION   3/300
HIGHEST WIND SPEED/DIRECTION    43/310    DATE  12/18
HIGHEST GUST SPEED/DIRECTION    55/310    DATE  12/18

SKY COVER
POSSIBLE SUNSHINE (PERCENT)   MM
AVERAGE SKY COVER           0.60
NUMBER OF DAYS FAIR           65
NUMBER OF DAYS PC            190
NUMBER OF DAYS CLOUDY        111

AVERAGE RH (PERCENT)     59

WEATHER CONDITIONS. NUMBER OF DAYS WITH
THUNDERSTORM              0     MIXED PRECIP               0
HEAVY RAIN               33     RAIN                      59
LIGHT RAIN              137     FREEZING RAIN              0
LT FREEZING RAIN          4     HAIL                       0
HEAVY SNOW                2     SNOW                       6
LIGHT SNOW               23     SLEET                      3
FOG                     106     FOG W/VIS <= 1/4 MILE      7
HAZE                     63

-  INDICATES NEGATIVE NUMBERS.
R  INDICATES RECORD WAS SET OR TIED.
MM INDICATES DATA IS MISSING.
T  INDICATES TRACE AMOUNT.

$$
