000
CXUS51 KOKX 061456
CLALGA

CLIMATE REPORT
NATIONAL WEATHER SERVICE NEW YORK NY
955 AM EST MON JAN 6 2014


...THE LAGUARDIA NY CLIMATE SUMMARY FOR THE YEAR OF 2013...

CLIMATE NORMAL PERIOD 1981 TO 2010
CLIMATE RECORD PERIOD 1948 TO 2014

WEATHER         OBSERVED          NORMAL  DEPART  LAST YEAR`S
                 VALUE   DATE(S)  VALUE   FROM    VALUE  DATE(S)
                                          NORMAL
................................................................
TEMPERATURE (F)
RECORD
 HIGH             107   07/03/1966
 LOW               -7   02/15/1943
HIGHEST           100   07/19        MM      MM      101  07/18
                        07/18
LOWEST             12   01/23        MM      MM       14  01/04
AVG. MAXIMUM     62.5              62.9    -0.4     65.0
AVG. MINIMUM     49.3              48.2     1.1     51.9
MEAN             55.9              55.5     0.4     58.5
DAYS MAX >= 90     21              17.0     4.0       28
DAYS MAX <= 32     17              14.5     2.5        4
DAYS MIN <= 32     69              66.7     2.3       33
DAYS MIN <= 0       0               0.1    -0.1        0

PRECIPITATION (INCHES)
RECORD
 MAXIMUM        65.34   2011
 MINIMUM        36.71   2012
TOTALS          38.29             44.73   -6.44    36.71
DAILY AVG.       0.10              0.12   -0.02     0.10
DAYS >= .01       120             118.0     2.0      129
DAYS >= .10        67              74.0    -7.0       76
DAYS >= .50        28              30.4    -2.4       23
DAYS >= 1.00        7              11.7    -4.7        6
GREATEST
 24 HR. TOTAL    4.10   MM                       12/31 TO 12/31
                                                          12/31 TO 12/31
                                                          12/31 TO 12/31
 STORM TOTAL       MM                                 MM
 (MM/DD(HH))            MM                    12/31(00) TO 12/31(00)
                                                 12/31(00) TO 12/31(00)1
                                                 12/31(00) TO 12/31(00)1

SNOWFALL (INCHES)
RECORDS
 TOTAL           44.8   2010
 24 HR TOTAL     23.3   MM
 SNOW DEPTH        18   01/27/2011
TOTALS           28.0              26.9     1.1      5.4
 LIQUID EQUIV    2.80              2.70    0.10     0.54
SINCE 7/1         7.8               5.5     2.3      2.0
 LIQUID 7/1      0.78              0.60    0.18     0.20
SNOWDEPTH AVG.      0                MM      MM        0
DAYS >= TRACE      40              13.1    26.9       18
DAYS >= 1.0         7               6.3     0.7        2
GREATEST
 SNOW DEPTH        10   02/09                          3  01/23
                                                          01/22
 24 HR TOTAL      6.4   MM                       12/31 TO 12/31
                                                          12/31 TO 12/31
                                                          12/31 TO 12/31
 STORM TOTAL       MM                                0.0
 (MM/DD(HH))            MM                    12/31(00) TO 12/31(00)
                                                 12/31(00) TO 12/31(00)1
                                                 12/31(00) TO 12/31(00)1

DEGREE_DAYS
HEATING TOTAL    4594              4665     -71     3779
 SINCE 7/1         MM              1606      MM       MM
COOLING TOTAL    1402              1213     189     1511
 SINCE 1/1       1402              1214     188     1511
..................................................

WIND (MPH)
AVERAGE WIND SPEED              10.5
RESULTANT WIND SPEED/DIRECTION   3/293
HIGHEST WIND SPEED/DIRECTION    46/180    DATE  01/31
HIGHEST GUST SPEED/DIRECTION    64/190    DATE  01/31

SKY COVER
POSSIBLE SUNSHINE (PERCENT)   MM
AVERAGE SKY COVER           0.60
NUMBER OF DAYS FAIR           61
NUMBER OF DAYS PC            176
NUMBER OF DAYS CLOUDY        128

AVERAGE RH (PERCENT)     59

WEATHER CONDITIONS. NUMBER OF DAYS WITH
THUNDERSTORM              0     MIXED PRECIP               3
HEAVY RAIN               34     RAIN                      52
LIGHT RAIN              144     FREEZING RAIN              0
LT FREEZING RAIN          6     HAIL                       1
HEAVY SNOW                0     SNOW                      14
LIGHT SNOW               35     SLEET                      6
FOG                     110     FOG W/VIS <= 1/4 MILE     19
HAZE                     56

-  INDICATES NEGATIVE NUMBERS.
R  INDICATES RECORD WAS SET OR TIED.
MM INDICATES DATA IS MISSING.
T  INDICATES TRACE AMOUNT.

$$
