000
CXUS51 KOKX 022208
CLALGA

NYCCLMLGA 000
TTAA00 KOKX 011712


CLIMATE REPORT
NATIONAL WEATHER SERVICE NEW YORK NY
508 PM EST WED JAN 2 2013

...................................

...THE LAGUARDIA NY CLIMATE SUMMARY FOR THE YEAR OF 2012...

CLIMATE NORMAL PERIOD 1981 TO 2010
CLIMATE RECORD PERIOD 1948 TO 2012

WEATHER         OBSERVED          NORMAL  DEPART  LAST YEAR`S
                 VALUE   DATE(S)  VALUE   FROM    VALUE  DATE(S)
                                          NORMAL
................................................................
TEMPERATURE (F)
RECORD
 HIGH             107   07/03/1966
 LOW               -3   01/19/1994
                        01/21/1985
HIGHEST           101   07/18        MM      MM      104  07/22
LOWEST             14   01/04        MM      MM        9  01/24
AVG. MAXIMUM     65.0              62.9     2.1     63.6
AVG. MINIMUM     51.9              48.2     3.7     49.8
MEAN             58.5              55.5     3.0     56.7
DAYS MAX >= 90     28              17.0    11.0       19
DAYS MAX <= 32      4              14.5   -10.5       11
DAYS MIN <= 32     33              66.7   -33.7       67
DAYS MIN <= 0       0               0.1    -0.1        0

PRECIPITATION (INCHES)
RECORD
 MAXIMUM        65.34   2011
 MINIMUM        22.17   1965
TOTALS          36.71             44.73   -8.02    65.34
DAILY AVG.       0.10              0.12   -0.02     0.18
DAYS >= .01       129             118.0    11.0      121
DAYS >= .10        76              74.0     2.0       80
DAYS >= .50        23              30.4    -7.4       41
DAYS >= 1.00        6              11.7    -5.7       20
GREATEST
 24 HR. TOTAL    2.11   MM                          6.60

 STORM TOTAL       MM                                 MM
 (MM/DD(HH))            MM


SNOWFALL (INCHES)
RECORDS
 TOTAL           59.7   1948
 24 HR TOTAL       MM   MM
 SNOW DEPTH        MM   MM
TOTALS            5.4              26.9   -21.5     39.3
 LIQUID EQUIV    0.54              2.70   -2.16     3.93
SINCE 7/1         2.0               5.5    -3.5      1.7
 LIQUID 7/1      0.20              0.60   -0.40     0.17
SNOWDEPTH AVG.      0                MM      MM        1
DAYS >= TRACE      18              13.1     4.9       25
DAYS >= 1.0         2               6.3    -4.3       10
GREATEST
 SNOW DEPTH         3   01/23                         18  01/27
                        01/22
 24 HR TOTAL      3.4  MM                           9.4

 STORM TOTAL       MM                                 MM
 (MM/DD(HH))            MM


DEGREE_DAYS
HEATING TOTAL    3779              4665    -886     4268
 SINCE 7/1         MM              1606      MM       MM
COOLING TOTAL    1511              1213     298     1375
 SINCE 1/1       1511              1214     297     1375
..................................................

WIND (MPH)
AVERAGE WIND SPEED              10.2
RESULTANT WIND SPEED/DIRECTION   3/300
HIGHEST WIND SPEED/DIRECTION    64/110    DATE  10/29
HIGHEST GUST SPEED/DIRECTION    74/110    DATE  10/29

SKY COVER
POSSIBLE SUNSHINE (PERCENT)   MM
AVERAGE SKY COVER           0.60
NUMBER OF DAYS FAIR           57
NUMBER OF DAYS PC            182
NUMBER OF DAYS CLOUDY        127

AVERAGE RH (PERCENT)     60

WEATHER CONDITIONS. NUMBER OF DAYS WITH
THUNDERSTORM              M     MIXED PRECIP               1
HEAVY RAIN               44     RAIN                      65
LIGHT RAIN              161     FREEZING RAIN              0
LT FREEZING RAIN          1     HAIL                       M
HEAVY SNOW                0     SNOW                       8
LIGHT SNOW               17     SLEET                      5
FOG                     119     FOG W/VIS <= 1/4 MILE     17
HAZE                     60

-  INDICATES NEGATIVE NUMBERS.
R  INDICATES RECORD WAS SET OR TIED.
MM INDICATES DATA IS MISSING.
T  INDICATES TRACE AMOUNT.

$$
