000
CXUS51 KOKX 021426
CLALGA
CLIMATE REPORT
NATIONAL WEATHER SERVICE NEW YORK, NY
913 AM EST TUE JAN 02 2024
...................................
...THE LAGUARDIA NY CLIMATE SUMMARY FOR THE YEAR OF 2023...
CLIMATE NORMAL PERIOD 1991 TO 2020
CLIMATE RECORD PERIOD 1939 TO 2024
WEATHER OBSERVED NORMAL DEPART LAST YEAR`S
VALUE DATE(S) VALUE FROM VALUE DATE(S)
NORMAL
................................................................
TEMPERATURE (F)
RECORD
HIGH 107 07/03/1966
LOW -7 02/15/1943
HIGHEST 96 09/07 MM MM 98 07/24
08/09
LOWEST 5 02/04 MM MM 7 12/24
AVG. MAXIMUM 65.1 63.5 1.6 64.2
AVG. MINIMUM 51.8 50.1 1.7 49.9
MEAN 58.4 56.8 1.6 57.0
DAYS MAX >= 90 16 21.8 -5.8 30
DAYS MAX <= 32 1 14.4 -13.4 18
DAYS MIN <= 32 24 61.9 -37.9 71
DAYS MIN <= 0 0 0.1 -0.1 0
PRECIPITATION (INCHES)
RECORD
MAXIMUM 65.34 2011
MINIMUM 22.17 1965
TOTALS 59.66 45.28 14.38 44.24
DAILY AVG. 0.16 0.12 0.04 0.12
DAYS >= .01 125 121.7 3.3 122
DAYS >= .10 79 75.2 3.8 86
DAYS >= .50 37 30.9 6.1 32
DAYS >= 1.00 21 11.6 9.4 8
GREATEST
24 HR. TOTAL 4.87 09/28 TO 09/29 2.27 09/12 TO 09/13
STORM TOTAL 4.87 1.77
(MM/DD(HH)) MM
SNOWFALL (INCHES)
RECORDS
TOTAL 59.7 1948
24 HR TOTAL MM
SNOW DEPTH 27 01/24/2016
TOTALS 3.0 29.8 -26.8 25.1
LIQUID EQUIV 0.30 2.90 -2.60 2.50
SINCE 7/1 T 5.6 -5.6 MM
LIQUID 7/1 -0.10 0.50 -0.60 MM
SNOWDEPTH AVG. T 0
DAYS >= TRACE 17 13.8 3.2 23
DAYS >= 1.0 2 7.0 -5.0 4
GREATEST
SNOW DEPTH 2 02/28 8 01/07
24 HR TOTAL 2.9 MM 0.0
STORM TOTAL 1.6 9.7
(MM/DD(HH)) MM
DEGREE DAYS
HEATING TOTAL 3648 4376 -728 4318
SINCE 7/1 1318 1470 -152 MM
COOLING TOTAL 1389 1408 -19 1538
SINCE 1/1 1389 1408 -19 MM
................................................................
WIND (MPH)
AVERAGE WIND SPEED 10.2
RESULTANT WIND SPEED/DIRECTION 2/320
HIGHEST WIND SPEED/DIRECTION 40/290 DATE 02/03
HIGHEST GUST SPEED/DIRECTION 54/160 DATE 02/03
SKY COVER
POSSIBLE SUNSHINE (PERCENT) MM
AVERAGE SKY COVER 0.64
NUMBER OF DAYS FAIR 50
NUMBER OF DAYS PC 176
NUMBER OF DAYS CLOUDY 139
AVERAGE RH (PERCENT) 60
WEATHER CONDITIONS. NUMBER OF DAYS WITH
THUNDERSTORM 43 MIXED PRECIP 0
HEAVY RAIN 43 RAIN 64
LIGHT RAIN 154 FREEZING RAIN 0
LT FREEZING RAIN 0 HAIL 1
HEAVY SNOW 0 SNOW 1
LIGHT SNOW 13 SLEET 7
FOG 107 FOG W/VIS <= 1/4 MILE 12
HAZE 50
- INDICATES NEGATIVE NUMBERS.
R INDICATES RECORD WAS SET OR TIED.
MM INDICATES DATA IS MISSING.
T INDICATES TRACE AMOUNT.
$$