000
CXUS51 KOKX 012215
CLALGA

NYCCLMLGA 000
TTAA00 KOKX 012202


CLIMATE REPORT
NATIONAL WEATHER SERVICE NEW YORK NY
515 PM EST FRI JAN 1 2016

...................................

...THE LAGUARDIA NY CLIMATE SUMMARY FOR THE YEAR OF 2015...

CLIMATE NORMAL PERIOD 1981 TO 2010
CLIMATE RECORD PERIOD 1945 TO 2015

WEATHER         OBSERVED          NORMAL  DEPART  LAST YEAR`S
                 VALUE   DATE(S)  VALUE   FROM    VALUE  DATE(S)
                                          NORMAL
................................................................
TEMPERATURE (F)
RECORD
 HIGH             107   07/03/1966
 LOW               -7   02/15/1943
HIGHEST            95   09/08        MM      MM       93  09/02
                        07/29                             07/08
                        07/20
LOWEST              3   02/20        MM      MM        4  01/07
AVG. MAXIMUM     63.7              62.9     0.8     61.2
AVG. MINIMUM     49.4              48.2     1.2     47.6
MEAN             56.5              55.5     1.0     54.4
DAYS MAX >= 90     20              17.0     3.0        6
DAYS MAX <= 32     27              14.5    12.5       27
DAYS MIN <= 32     72              66.7     5.3       84
DAYS MIN <= 0       0               0.1    -0.1        0

PRECIPITATION (INCHES)
RECORD
 MAXIMUM        65.34   2011
 MINIMUM        22.17   1965
TOTALS          37.20             44.73   -7.53    50.31
DAILY AVG.       0.10              0.12   -0.02     0.14
DAYS >= .01       108             118.0   -10.0      117
DAYS >= .10        68              74.0    -6.0       79
DAYS >= .50        26              30.4    -4.4       33
DAYS >= 1.00       13              11.7     1.3       16
GREATEST
 24 HR. TOTAL    1.98   MM                       12/31 TO 12/31
                                                          12/31 TO 12/31
                                                          12/31 TO 12/31
 STORM TOTAL       MM                                 MM
 (MM/DD(HH))            MM                    12/31(00) TO 12/31(00)
                                                 12/31(00) TO 12/31(00)1
                                                 12/31(00) TO 12/31(00)1

SNOWFALL (INCHES)
RECORDS
 TOTAL           59.7   1948
 24 HR TOTAL     23.3   MM
 SNOW DEPTH        26   02/05/1961
TOTALS           52.1              26.9    25.2     46.9
 LIQUID EQUIV    5.21              2.70    2.51     4.69
SINCE 7/1           T               5.5    -5.5      1.7
 LIQUID 7/1        MM              0.60      MM     0.17
SNOWDEPTH AVG.      1                MM      MM        1
DAYS >= TRACE      37              13.1    23.9       32
DAYS >= 1.0        13               6.3     6.7       11
GREATEST
 SNOW DEPTH        11   03/06                         13  02/14
 24 HR TOTAL      8.1   MM                       12/31 TO 12/31
                                                          12/31 TO 12/31
                                                          12/31 TO 12/31
 STORM TOTAL       MM                                 MM
 (MM/DD(HH))            MM                    12/31(00) TO 12/31(00)
                                                 12/31(00) TO 12/31(00)1
                                                 12/31(00) TO 12/31(00)1

DEGREE_DAYS
HEATING TOTAL    4476              4665    -189     4912
 SINCE 7/1         MM              1606      MM       MM
COOLING TOTAL    1555              1213     342     1192
 SINCE 1/1       1555              1214     341     1192
..................................................

WIND (MPH)
AVERAGE WIND SPEED              10.2
RESULTANT WIND SPEED/DIRECTION   2/301
HIGHEST WIND SPEED/DIRECTION    38/310    DATE  03/17
HIGHEST GUST SPEED/DIRECTION    51/310    DATE  03/17

SKY COVER
POSSIBLE SUNSHINE (PERCENT)   MM
AVERAGE SKY COVER           0.60
NUMBER OF DAYS FAIR           68
NUMBER OF DAYS PC            166
NUMBER OF DAYS CLOUDY        131

AVERAGE RH (PERCENT)     59

WEATHER CONDITIONS. NUMBER OF DAYS WITH
THUNDERSTORM              0     MIXED PRECIP               0
HEAVY RAIN               29     RAIN                      44
LIGHT RAIN              119     FREEZING RAIN              1
LT FREEZING RAIN         10     HAIL                       0
HEAVY SNOW                7     SNOW                      12
LIGHT SNOW               37     SLEET                      8
FOG                     104     FOG W/VIS <= 1/4 MILE     23
HAZE                     64

-  INDICATES NEGATIVE NUMBERS.
R  INDICATES RECORD WAS SET OR TIED.
MM INDICATES DATA IS MISSING.
T  INDICATES TRACE AMOUNT.

$$
