000
CDUS41 KOKX 270620
CLILGA


CLIMATE REPORT
NATIONAL WEATHER SERVICE NEW YORK NY
220 AM EDT FRI MAY 27 2016


...................................

...THE LAGUARDIA NY CLIMATE SUMMARY FOR MAY 26 2016...

CLIMATE NORMAL PERIOD 1981 TO 2010
CLIMATE RECORD PERIOD 1945 TO 2016


WEATHER ITEM   OBSERVED TIME   RECORD YEAR NORMAL DEPARTURE LAST
                VALUE   (LST)  VALUE       VALUE  FROM      YEAR
                                                  NORMAL
..................................................................
TEMPERATURE (F)
 YESTERDAY
  MAXIMUM         92    120 PM  94    2010  74     18       86
                                      1965
  MINIMUM         55    342 AM  45    1972  57     -2       67
                                      1967
  AVERAGE         74                        66      8       77

PRECIPITATION (IN)
  YESTERDAY        0.00          1.59 2003   0.14  -0.14     0.00
  MONTH TO DATE    2.39                      3.11  -0.72     0.31
  SINCE MAR 1      5.31                     11.08  -5.77     6.67
  SINCE JAN 1     13.84                     17.01  -3.17    13.75

SNOWFALL (IN)
  YESTERDAY        0.0          MM      MM   0.0    0.0      0.0
  MONTH TO DATE    0.0                       0.0    0.0      0.0
  SINCE OCT 1     36.2                      26.9    9.3     53.8
  SINCE JUL 1     36.2                      26.9    9.3     53.8
  SNOW DEPTH       0

DEGREE DAYS
 HEATING
  YESTERDAY        0                         3     -3        0
  MONTH TO DATE  141                       125     16       50
  SINCE MAR 1    990                      1210   -220     1228
  SINCE JUL 1   3652                      4639   -987     4950

 COOLING
  YESTERDAY        9                         3      6       12
  MONTH TO DATE   30                        41    -11       75
  SINCE MAR 1     43                        49     -6       77
  SINCE JAN 1     43                        49     -6       77
..................................................................


WIND (MPH)
  HIGHEST WIND SPEED    20   HIGHEST WIND DIRECTION     S (160)
  HIGHEST GUST SPEED    23   HIGHEST GUST DIRECTION     S (160)
  AVERAGE WIND SPEED     8.1


SKY COVER
  AVERAGE SKY COVER 0.7


WEATHER CONDITIONS
 THE FOLLOWING WEATHER WAS RECORDED YESTERDAY.
  NO SIGNIFICANT WEATHER WAS OBSERVED.


RELATIVE HUMIDITY (PERCENT)
 HIGHEST    79          1100 PM
 LOWEST     28           100 PM
 AVERAGE    54

..........................................................


THE LAGUARDIA NY CLIMATE NORMALS FOR TODAY
                         NORMAL    RECORD    YEAR
 MAXIMUM TEMPERATURE (F)   75        92      1965
 MINIMUM TEMPERATURE (F)   57        41      1961


SUNRISE AND SUNSET
MAY 27 2016...........SUNRISE   529 AM EDT   SUNSET   817 PM EDT
MAY 28 2016...........SUNRISE   528 AM EDT   SUNSET   818 PM EDT


-  INDICATES NEGATIVE NUMBERS.
R  INDICATES RECORD WAS SET OR TIED.
MM INDICATES DATA IS MISSING.
T  INDICATES TRACE AMOUNT.




$$
