000
CDUS41 KOKX 260616
CLILGA


CLIMATE REPORT
NATIONAL WEATHER SERVICE NEW YORK NY
116 AM EST MON JAN 26 2015


...................................

...THE LAGUARDIA NY CLIMATE SUMMARY FOR JANUARY 25 2015...

CLIMATE NORMAL PERIOD 1981 TO 2010
CLIMATE RECORD PERIOD 1945 TO 2015


WEATHER ITEM   OBSERVED TIME   RECORD YEAR NORMAL DEPARTURE LAST
                VALUE   (LST)  VALUE       VALUE  FROM      YEAR
                                                  NORMAL
..................................................................
TEMPERATURE (F)
 YESTERDAY
  MAXIMUM         42    204 PM  57    1967  39      3       27
  MINIMUM         30   1159 PM   2    1945  26      4       19
  AVERAGE         36                        33      3       23

PRECIPITATION (IN)
  YESTERDAY        0.00          1.43 1958   0.10  -0.10     0.02
  MONTH TO DATE    4.25                      2.58   1.67     2.31
  SINCE DEC 1     10.45                      6.14   4.31     6.77
  SINCE JAN 1      4.25                      2.58   1.67     2.31

SNOWFALL (IN)
  YESTERDAY        0.0           5.8  2000   0.2   -0.2      0.2
  MONTH TO DATE    6.9                       5.8    1.1     16.3
  SINCE OCT 1      8.6                      11.3   -2.7     24.1
  SINCE JUL 1      8.6                      11.3   -2.7     24.1
  SNOW DEPTH       1

DEGREE DAYS
 HEATING
  YESTERDAY       29                        32     -3       42
  MONTH TO DATE  847                       796     51      877
  SINCE DEC 1   1596                      1627    -31     1702
  SINCE JUL 1   2350                      2402    -52     2484

 COOLING
  YESTERDAY        0                         0      0        0
  MONTH TO DATE    0                         0      0        0
  SINCE DEC 1      0                         0      0        0
  SINCE JAN 1      0                         0      0        0
..................................................................


WIND (MPH)
  HIGHEST WIND SPEED    25   HIGHEST WIND DIRECTION    NW (300)
  HIGHEST GUST SPEED    31   HIGHEST GUST DIRECTION     W (290)
  AVERAGE WIND SPEED    13.5


SKY COVER
  AVERAGE SKY COVER 0.7


WEATHER CONDITIONS
 THE FOLLOWING WEATHER WAS RECORDED YESTERDAY.
  NO SIGNIFICANT WEATHER WAS OBSERVED.


RELATIVE HUMIDITY (PERCENT)
 HIGHEST    70           800 AM
 LOWEST     30           100 PM
 AVERAGE    50

..........................................................


THE LAGUARDIA NY CLIMATE NORMALS FOR TODAY
                         NORMAL    RECORD    YEAR
 MAXIMUM TEMPERATURE (F)   39        72      1950
 MINIMUM TEMPERATURE (F)   26         5      1994
                                             1945


SUNRISE AND SUNSET
JANUARY 26 2015.......SUNRISE   711 AM EST   SUNSET   505 PM EST
JANUARY 27 2015.......SUNRISE   710 AM EST   SUNSET   507 PM EST


-  INDICATES NEGATIVE NUMBERS.
R  INDICATES RECORD WAS SET OR TIED.
MM INDICATES DATA IS MISSING.
T  INDICATES TRACE AMOUNT.




$$
