000
CDUS41 KOKX 260617
CLILGA


CLIMATE REPORT
NATIONAL WEATHER SERVICE NEW YORK NY
117 AM EST WED NOV 26 2014


...................................

...THE LAGUARDIA NY CLIMATE SUMMARY FOR NOVEMBER 25 2014...

CLIMATE NORMAL PERIOD 1981 TO 2010
CLIMATE RECORD PERIOD 1945 TO 2014


WEATHER ITEM   OBSERVED TIME   RECORD YEAR NORMAL DEPARTURE LAST
                VALUE   (LST)  VALUE       VALUE  FROM      YEAR
                                                  NORMAL
..................................................................
TEMPERATURE (F)
 YESTERDAY
  MAXIMUM         67    203 AM  68    1979  51     16       35
  MINIMUM         51   1159 PM  23    2005  39     12       24
  AVERAGE         59                        45     14       30

PRECIPITATION (IN)
  YESTERDAY        0.00          2.08 1950   0.12  -0.12     0.00
  MONTH TO DATE    2.84                      2.81   0.03     0.56
  SINCE SEP 1      7.97                     10.32  -2.35     4.28
  SINCE JAN 1     43.03                     40.57   2.46    31.62

SNOWFALL (IN)
  YESTERDAY        0.0          MM      MM   0.1   -0.1      0.0
  MONTH TO DATE    0.0                       0.2   -0.2      0.2
  SINCE OCT 1      0.0                       0.2   -0.2      0.2
  SINCE JUL 1      0.0                       0.2   -0.2      0.2
  SNOW DEPTH       0

DEGREE DAYS
 HEATING
  YESTERDAY        6                        20    -14       35
  MONTH TO DATE  452                       401     51      444
  SINCE SEP 1    628                       672    -44      646
  SINCE JUL 1    628                       673    -45      646

 COOLING
  YESTERDAY        0                         0      0        0
  MONTH TO DATE    0                         0      0        0
  SINCE SEP 1    205                       180     25      183
  SINCE JAN 1   1192                      1213    -21     1402
..................................................................


WIND (MPH)
  HIGHEST WIND SPEED    23   HIGHEST WIND DIRECTION     W (270)
  HIGHEST GUST SPEED    28   HIGHEST GUST DIRECTION     W (270)
  AVERAGE WIND SPEED    10.6


SKY COVER
  AVERAGE SKY COVER 1.0


WEATHER CONDITIONS
 THE FOLLOWING WEATHER WAS RECORDED YESTERDAY.
  NO SIGNIFICANT WEATHER WAS OBSERVED.


RELATIVE HUMIDITY (PERCENT)
 HIGHEST    73           200 AM
 LOWEST     32          1100 AM
 AVERAGE    53

..........................................................


THE LAGUARDIA NY CLIMATE NORMALS FOR TODAY
                         NORMAL    RECORD    YEAR
 MAXIMUM TEMPERATURE (F)   51        67      1946
 MINIMUM TEMPERATURE (F)   39        24      1940


SUNRISE AND SUNSET
NOVEMBER 26 2014......SUNRISE   655 AM EST   SUNSET   431 PM EST
NOVEMBER 27 2014......SUNRISE   656 AM EST   SUNSET   430 PM EST


-  INDICATES NEGATIVE NUMBERS.
R  INDICATES RECORD WAS SET OR TIED.
MM INDICATES DATA IS MISSING.
T  INDICATES TRACE AMOUNT.




$$
