000
CDUS41 KOKX 222139
CLILGA


CLIMATE REPORT
NATIONAL WEATHER SERVICE NEW YORK NY
439 PM EST MON DEC 22 2014


...................................

...THE LAGUARDIA NY CLIMATE SUMMARY FOR DECEMBER 22 2014...
VALID TODAY AS OF 0400 PM LOCAL TIME.

CLIMATE NORMAL PERIOD 1981 TO 2010
CLIMATE RECORD PERIOD 1945 TO 2014


WEATHER ITEM   OBSERVED TIME   RECORD YEAR NORMAL DEPARTURE LAST
                VALUE   (LST)  VALUE       VALUE  FROM      YEAR
                                                  NORMAL
..................................................................
TEMPERATURE (F)
 TODAY
  MAXIMUM         42    359 PM  69    2013  42      0       69
  MINIMUM         35    121 AM   8    1989  30      5       53
  AVERAGE         39                        36      3       61

PRECIPITATION (IN)
  TODAY            T             1.59 1983   0.11  -0.11     0.01
  MONTH TO DATE    5.14                      2.60   2.54     2.73
  SINCE DEC 1      5.14                      2.60   2.54     2.73
  SINCE JAN 1     49.25                     43.77   5.48    36.56

SNOWFALL (IN)
  TODAY            0.0           4.5  1959   0.2   -0.2      0.0
  MONTH TO DATE    1.3                       3.1   -1.8      7.6
  SINCE OCT 1      1.7                       3.4   -1.7      7.8
  SINCE JUL 1      1.7                       3.4   -1.7      7.8
  SNOW DEPTH       0

DEGREE DAYS
 HEATING
  TODAY           26                        29     -3        4
  MONTH TO DATE  556                       560     -4      572
  SINCE DEC 1    556                       560     -4      572
  SINCE JUL 1   1310                      1335    -25     1354

 COOLING
  TODAY            0                         0      0        0
  MONTH TO DATE    0                         0      0        0
  SINCE DEC 1      0                         0      0        0
  SINCE JAN 1   1192                      1214    -22     1402
..................................................................


WIND (MPH)
  HIGHEST WIND SPEED    17   HIGHEST WIND DIRECTION    NE (40)
  HIGHEST GUST SPEED    24   HIGHEST GUST DIRECTION    NE (60)
  AVERAGE WIND SPEED     8.8


SKY COVER
  AVERAGE SKY COVER 1.0


WEATHER CONDITIONS
 THE FOLLOWING WEATHER WAS RECORDED TODAY.
  LIGHT RAIN
  FOG


RELATIVE HUMIDITY (PERCENT)
 HIGHEST    89           700 AM
 LOWEST     76           100 PM
 AVERAGE    83

..........................................................


THE LAGUARDIA NY CLIMATE NORMALS FOR TOMORROW
                         NORMAL    RECORD    YEAR
 MAXIMUM TEMPERATURE (F)   42        66      1990
 MINIMUM TEMPERATURE (F)   30         7      1989


SUNRISE AND SUNSET
DECEMBER 22 2014......SUNRISE   717 AM EST   SUNSET   432 PM EST
DECEMBER 23 2014......SUNRISE   717 AM EST   SUNSET   432 PM EST


-  INDICATES NEGATIVE NUMBERS.
R  INDICATES RECORD WAS SET OR TIED.
MM INDICATES DATA IS MISSING.
T  INDICATES TRACE AMOUNT.




$$
