000
CDUS41 KOKX 242036
CLILGA


CLIMATE REPORT
NATIONAL WEATHER SERVICE NEW YORK NY
436 PM EDT SUN AUG 24 2014


...................................

...THE LAGUARDIA NY CLIMATE SUMMARY FOR AUGUST 24 2014...
VALID TODAY AS OF 0400 PM LOCAL TIME.

CLIMATE NORMAL PERIOD 1981 TO 2010
CLIMATE RECORD PERIOD 1945 TO 2014


WEATHER ITEM   OBSERVED TIME   RECORD YEAR NORMAL DEPARTURE LAST
                VALUE   (LST)  VALUE       VALUE  FROM      YEAR
                                                  NORMAL
..................................................................
TEMPERATURE (F)
 TODAY
  MAXIMUM         80    252 PM  93    1998  83     -3       79
  MINIMUM         65    543 AM  55    1971  68     -3       64
                                      1940
  AVERAGE         73                        75     -2       72

PRECIPITATION (IN)
  TODAY            0.00          1.40 1975   0.13  -0.13     0.00
  MONTH TO DATE    2.71                      3.31  -0.60     1.86
  SINCE JUN 1     10.39                     11.75  -1.36    12.82
  SINCE JAN 1     34.27                     29.44   4.83    27.23

SNOWFALL (IN)
  TODAY            0.0          MM      MM   0.0    0.0      0.0
  MONTH TO DATE    0.0                       0.0    0.0      0.0
  SINCE OCT 1     52.4                      26.9   25.5     22.2
  SINCE JUL 1      0.0                       0.0    0.0      0.0
  SNOW DEPTH       0

DEGREE DAYS
 HEATING
  TODAY            0                         0      0        0
  MONTH TO DATE    0                         0      0        0
  SINCE JUN 1      0                        16    -16        4
  SINCE JUL 1      0                         0      0        0

 COOLING
  TODAY            8                        10     -2        7
  MONTH TO DATE  240                       283    -43      251
  SINCE JUN 1    854                       899    -45     1041
  SINCE JAN 1    904                       965    -61     1129
..................................................................


WIND (MPH)
  HIGHEST WIND SPEED    15   HIGHEST WIND DIRECTION    NE (60)
  HIGHEST GUST SPEED    23   HIGHEST GUST DIRECTION    NE (50)
  AVERAGE WIND SPEED     7.6


SKY COVER
  AVERAGE SKY COVER 0.4


WEATHER CONDITIONS
 THE FOLLOWING WEATHER WAS RECORDED TODAY.
  NO SIGNIFICANT WEATHER WAS OBSERVED.


RELATIVE HUMIDITY (PERCENT)
 HIGHEST    81           300 AM
 LOWEST     42           300 PM
 AVERAGE    62

..........................................................


THE LAGUARDIA NY CLIMATE NORMALS FOR TOMORROW
                         NORMAL    RECORD    YEAR
 MAXIMUM TEMPERATURE (F)   83        96      1948
 MINIMUM TEMPERATURE (F)   68        53      1940


SUNRISE AND SUNSET
AUGUST 24 2014........SUNRISE   615 AM EDT   SUNSET   741 PM EDT
AUGUST 25 2014........SUNRISE   616 AM EDT   SUNSET   739 PM EDT


-  INDICATES NEGATIVE NUMBERS.
R  INDICATES RECORD WAS SET OR TIED.
MM INDICATES DATA IS MISSING.
T  INDICATES TRACE AMOUNT.




$$
