000
CDUS41 KOKX 050623
CLILGA


CLIMATE REPORT
NATIONAL WEATHER SERVICE NEW YORK NY
222 AM EDT SUN JUL 5 2015


...................................

...THE LAGUARDIA NY CLIMATE SUMMARY FOR JULY 4 2015...

CLIMATE NORMAL PERIOD 1981 TO 2010
CLIMATE RECORD PERIOD 1945 TO 2015


WEATHER ITEM   OBSERVED TIME   RECORD YEAR NORMAL DEPARTURE LAST
                VALUE   (LST)  VALUE       VALUE  FROM      YEAR
                                                  NORMAL
..................................................................
TEMPERATURE (F)
 YESTERDAY
  MAXIMUM         75    618 PM 100    1949  85    -10       74
  MINIMUM         69    732 AM  57    1940  69      0       65
  AVERAGE         72                        77     -5       70

PRECIPITATION (IN)
  YESTERDAY        T             2.13 1981   0.12  -0.12     0.16
  MONTH TO DATE    0.35                      0.49  -0.14     1.52
  SINCE JUN 1      5.15                      4.43   0.72     5.21
  SINCE JAN 1     20.20                     22.12  -1.92    29.09

SNOWFALL (IN)
  YESTERDAY        0.0          MM      MM   0.0    0.0      0.0
  MONTH TO DATE    0.0                       0.0    0.0      0.0
  SINCE OCT 1     53.8                      26.9   26.9     52.4
  SINCE JUL 1      0.0                       0.0    0.0      0.0
  SNOW DEPTH       0

DEGREE DAYS
 HEATING
  YESTERDAY        0                         0      0        0
  MONTH TO DATE    0                         0      0        0
  SINCE JUN 1     34                        16     18        0
  SINCE JUL 1      0                         0      0        0

 COOLING
  YESTERDAY        7                        12     -5        5
  MONTH TO DATE   40                        45     -5       53
  SINCE JUN 1    268                       276     -8      285
  SINCE JAN 1    390                       342     48      335
..................................................................


WIND (MPH)
  HIGHEST WIND SPEED    13   HIGHEST WIND DIRECTION    NE (60)
  HIGHEST GUST SPEED    18   HIGHEST GUST DIRECTION    NE (60)
  AVERAGE WIND SPEED     6.9


SKY COVER
  AVERAGE SKY COVER 0.8


WEATHER CONDITIONS
 THE FOLLOWING WEATHER WAS RECORDED YESTERDAY.
  LIGHT RAIN


RELATIVE HUMIDITY (PERCENT)
 HIGHEST    78           800 AM
 LOWEST     31           600 PM
 AVERAGE    55

..........................................................


THE LAGUARDIA NY CLIMATE NORMALS FOR TODAY
                         NORMAL    RECORD    YEAR
 MAXIMUM TEMPERATURE (F)   85       100      1999
 MINIMUM TEMPERATURE (F)   69        56      1979


SUNRISE AND SUNSET
JULY  5 2015..........SUNRISE   530 AM EDT   SUNSET   830 PM EDT
JULY  6 2015..........SUNRISE   531 AM EDT   SUNSET   830 PM EDT


-  INDICATES NEGATIVE NUMBERS.
R  INDICATES RECORD WAS SET OR TIED.
MM INDICATES DATA IS MISSING.
T  INDICATES TRACE AMOUNT.




$$
