000
CDUS41 KOKX 220621
CLILGA


CLIMATE REPORT
NATIONAL WEATHER SERVICE NEW YORK NY
220 AM EDT THU JUN 22 2017


...................................

...THE LAGUARDIA NY CLIMATE SUMMARY FOR JUNE 21 2017...

CLIMATE NORMAL PERIOD 1981 TO 2010
CLIMATE RECORD PERIOD 1939 TO 2017


WEATHER ITEM   OBSERVED TIME   RECORD YEAR NORMAL DEPARTURE LAST
                VALUE   (LST)  VALUE       VALUE  FROM      YEAR
                                                  NORMAL
..................................................................
TEMPERATURE (F)
 YESTERDAY
  MAXIMUM         87    607 PM  98    2012  82      5       89
  MINIMUM         75   1159 PM  53    1940  66      9       73
  AVERAGE         81                        74      7       81

PRECIPITATION (IN)
  YESTERDAY        0.00          4.00 1987   0.12  -0.12      T
  MONTH TO DATE    3.08                      2.87   0.21     1.63
  SINCE JUN 1      3.08                      2.87   0.21     1.63
  SINCE JAN 1     23.85                     20.56   3.29    17.00

SNOWFALL (IN)
  YESTERDAY        0.0          MM      MM   0.0    0.0      0.0
  MONTH TO DATE    0.0                       0.0    0.0      0.0
  SINCE OCT 1     33.2                      26.9    6.3     36.2
  SINCE JUL 1     33.2                      26.9    6.3     36.2
  SNOW DEPTH       0

DEGREE DAYS
 HEATING
  YESTERDAY        0                         0      0        0
  MONTH TO DATE   16                        15      1        2
  SINCE JUN 1     16                        15      1        2
  SINCE JUL 1   3806                      4663   -857     3654

 COOLING
  YESTERDAY       16                         9      7       16
  MONTH TO DATE  176                       140     36      165
  SINCE JUN 1    176                       140     36      165
  SINCE JAN 1    281                       206     75      284
..................................................................


WIND (MPH)
  HIGHEST WIND SPEED    24   HIGHEST WIND DIRECTION     W (270)
  HIGHEST GUST SPEED    29   HIGHEST GUST DIRECTION     W (270)
  AVERAGE WIND SPEED     9.8


SKY COVER
  AVERAGE SKY COVER 0.6


WEATHER CONDITIONS
 THE FOLLOWING WEATHER WAS RECORDED YESTERDAY.
  THUNDERSTORM


RELATIVE HUMIDITY (PERCENT)
 HIGHEST    69           100 AM
 LOWEST     32           200 PM
 AVERAGE    51

..........................................................


THE LAGUARDIA NY CLIMATE NORMALS FOR TODAY
                         NORMAL    RECORD    YEAR
 MAXIMUM TEMPERATURE (F)   82        99      1988
 MINIMUM TEMPERATURE (F)   66        53      1992


SUNRISE AND SUNSET
JUNE 22 2017..........SUNRISE   525 AM EDT   SUNSET   831 PM EDT
JUNE 23 2017..........SUNRISE   525 AM EDT   SUNSET   831 PM EDT


-  INDICATES NEGATIVE NUMBERS.
R  INDICATES RECORD WAS SET OR TIED.
MM INDICATES DATA IS MISSING.
T  INDICATES TRACE AMOUNT.




$$
