000
CDUS41 KOKX 220618
CLILGA


CLIMATE REPORT
NATIONAL WEATHER SERVICE NEW YORK NY
218 AM EDT MON MAY 22 2017


...................................

...THE LAGUARDIA NY CLIMATE SUMMARY FOR MAY 21 2017...

CLIMATE NORMAL PERIOD 1981 TO 2010
CLIMATE RECORD PERIOD 1939 TO 2017


WEATHER ITEM   OBSERVED TIME   RECORD YEAR NORMAL DEPARTURE LAST
                VALUE   (LST)  VALUE       VALUE  FROM      YEAR
                                                  NORMAL
..................................................................
TEMPERATURE (F)
 YESTERDAY
  MAXIMUM         71   1206 PM  93    1996  73     -2       67
  MINIMUM         57    328 AM  45    2002  55      2       56
  AVERAGE         64                        64      0       62

PRECIPITATION (IN)
  YESTERDAY        0.00          1.60 1985   0.14  -0.14     0.07
  MONTH TO DATE    4.09                      2.43   1.66     2.00
  SINCE MAR 1     12.87                     10.40   2.47     4.92
  SINCE JAN 1     18.87                     16.33   2.54    13.45

SNOWFALL (IN)
  YESTERDAY        0.0          MM      MM   0.0    0.0      0.0
  MONTH TO DATE    0.0                       0.0    0.0      0.0
  SINCE OCT 1     33.2                      26.9    6.3     36.2
  SINCE JUL 1     33.2                      26.9    6.3     36.2
  SNOW DEPTH       0

DEGREE DAYS
 HEATING
  YESTERDAY        1                         3     -2        3
  MONTH TO DATE   97                       110    -13      139
  SINCE MAR 1   1078                      1195   -117      988
  SINCE JUL 1   3765                      4624   -859     3650

 COOLING
  YESTERDAY        0                         2     -2        0
  MONTH TO DATE   67                        27     40        6
  SINCE MAR 1     98                        35     63       19
  SINCE JAN 1     98                        35     63       19
..................................................................


WIND (MPH)
  HIGHEST WIND SPEED    21   HIGHEST WIND DIRECTION     S (160)
  HIGHEST GUST SPEED    25   HIGHEST GUST DIRECTION     S (180)
  AVERAGE WIND SPEED     9.3


SKY COVER
  AVERAGE SKY COVER 0.6


WEATHER CONDITIONS
 THE FOLLOWING WEATHER WAS RECORDED YESTERDAY.
  NO SIGNIFICANT WEATHER WAS OBSERVED.


RELATIVE HUMIDITY (PERCENT)
 HIGHEST    62           100 AM
 LOWEST     23          1200 PM
 AVERAGE    43

..........................................................


THE LAGUARDIA NY CLIMATE NORMALS FOR TODAY
                         NORMAL    RECORD    YEAR
 MAXIMUM TEMPERATURE (F)   73        94      1992
 MINIMUM TEMPERATURE (F)   56        47      1950
                                             1948


SUNRISE AND SUNSET
MAY 22 2017...........SUNRISE   532 AM EDT   SUNSET   813 PM EDT
MAY 23 2017...........SUNRISE   532 AM EDT   SUNSET   814 PM EDT


-  INDICATES NEGATIVE NUMBERS.
R  INDICATES RECORD WAS SET OR TIED.
MM INDICATES DATA IS MISSING.
T  INDICATES TRACE AMOUNT.




$$
