000
CDUS41 KOKX 260617
CLILGA


CLIMATE REPORT
NATIONAL WEATHER SERVICE NEW YORK NY
217 AM EDT TUE APR 26 2016


...................................

...THE LAGUARDIA NY CLIMATE SUMMARY FOR APRIL 25 2016...

CLIMATE NORMAL PERIOD 1981 TO 2010
CLIMATE RECORD PERIOD 1945 TO 2016


WEATHER ITEM   OBSERVED TIME   RECORD YEAR NORMAL DEPARTURE LAST
                VALUE   (LST)  VALUE       VALUE  FROM      YEAR
                                                  NORMAL
..................................................................
TEMPERATURE (F)
 YESTERDAY
  MAXIMUM         68    442 PM  88    2009  64      4       60
                                      1960
  MINIMUM         51    444 AM  36    1971  48      3       39
  AVERAGE         60                        56      4       50

PRECIPITATION (IN)
  YESTERDAY        0.00          1.50 2010   0.12  -0.12     0.00
  MONTH TO DATE    1.34                      3.38  -2.04     1.82
  SINCE MAR 1      2.60                      7.35  -4.75     6.36
  SINCE JAN 1     11.13                     13.28  -2.15    13.44

SNOWFALL (IN)
  YESTERDAY        0.0           T    1971   0.0    0.0      0.0
  MONTH TO DATE    T                         0.5   -0.5      0.0
  SINCE OCT 1     36.2                      26.9    9.3     53.8
  SINCE JUL 1     36.2                      26.9    9.3     53.8
  SNOW DEPTH       0

DEGREE DAYS
 HEATING
  YESTERDAY        5                         9     -4       15
  MONTH TO DATE  297                       335    -38      307
  SINCE MAR 1    792                      1042   -250     1141
  SINCE JUL 1   3454                      4471  -1017     4863

 COOLING
  YESTERDAY        0                         0      0        0
  MONTH TO DATE    8                         0      8        2
  SINCE MAR 1     13                         0     13        2
  SINCE JAN 1     13                         0     13        2
..................................................................


WIND (MPH)
  HIGHEST WIND SPEED    14   HIGHEST WIND DIRECTION    NE (60)
  HIGHEST GUST SPEED    20   HIGHEST GUST DIRECTION    NE (60)
  AVERAGE WIND SPEED     7.1


SKY COVER
  AVERAGE SKY COVER 0.7


WEATHER CONDITIONS
 THE FOLLOWING WEATHER WAS RECORDED YESTERDAY.
  NO SIGNIFICANT WEATHER WAS OBSERVED.


RELATIVE HUMIDITY (PERCENT)
 HIGHEST    71           100 AM
 LOWEST     32           200 PM
 AVERAGE    52

..........................................................


THE LAGUARDIA NY CLIMATE NORMALS FOR TODAY
                         NORMAL    RECORD    YEAR
 MAXIMUM TEMPERATURE (F)   65        91      2009
 MINIMUM TEMPERATURE (F)   48        37      1972


SUNRISE AND SUNSET
APRIL 26 2016.........SUNRISE   600 AM EDT   SUNSET   747 PM EDT
APRIL 27 2016.........SUNRISE   559 AM EDT   SUNSET   748 PM EDT


-  INDICATES NEGATIVE NUMBERS.
R  INDICATES RECORD WAS SET OR TIED.
MM INDICATES DATA IS MISSING.
T  INDICATES TRACE AMOUNT.




$$
