000
CDUS41 KOKX 182133
CLILGA


CLIMATE REPORT
NATIONAL WEATHER SERVICE NEW YORK NY
433 PM EST TUE NOV 18 2014


...................................

...THE LAGUARDIA NY CLIMATE SUMMARY FOR NOVEMBER 18 2014...
VALID TODAY AS OF 0400 PM LOCAL TIME.

CLIMATE NORMAL PERIOD 1981 TO 2010
CLIMATE RECORD PERIOD 1945 TO 2014


WEATHER ITEM   OBSERVED TIME   RECORD YEAR NORMAL DEPARTURE LAST
                VALUE   (LST)  VALUE       VALUE  FROM      YEAR
                                                  NORMAL
..................................................................
TEMPERATURE (F)
 TODAY
  MAXIMUM         46   1226 AM  72    1953  54     -8       65
  MINIMUM         28    911 AM  22    1959  41    -13       51
  AVERAGE         37                        48    -11       58

PRECIPITATION (IN)
  TODAY            0.00          1.03 1968   0.11  -0.11     0.23
  MONTH TO DATE    2.23                      1.98   0.25     0.47
  SINCE SEP 1      7.36                      9.49  -2.13     4.19
  SINCE JAN 1     42.42                     39.74   2.68    31.53

SNOWFALL (IN)
  TODAY            0.0           1.1  1962   0.0    0.0      0.0
  MONTH TO DATE    0.0                       0.0    0.0       T
  SINCE OCT 1      0.0                       0.0    0.0       T
  SINCE JUL 1      0.0                       0.0    0.0       T
  SNOW DEPTH       0

DEGREE DAYS
 HEATING
  TODAY           28                        18     10        7
  MONTH TO DATE  300                       268     32      270
  SINCE SEP 1    476                       539    -63      472
  SINCE JUL 1    476                       540    -64      472

 COOLING
  TODAY            0                         0      0        0
  MONTH TO DATE    0                         0      0        0
  SINCE SEP 1    205                       180     25      183
  SINCE JAN 1   1192                      1213    -21     1402
..................................................................


WIND (MPH)
  HIGHEST WIND SPEED    31   HIGHEST WIND DIRECTION     W (270)
  HIGHEST GUST SPEED    43   HIGHEST GUST DIRECTION     W (280)
  AVERAGE WIND SPEED    20.2


SKY COVER
  AVERAGE SKY COVER 0.3


WEATHER CONDITIONS
 THE FOLLOWING WEATHER WAS RECORDED TODAY.
  NO SIGNIFICANT WEATHER WAS OBSERVED.


RELATIVE HUMIDITY (PERCENT)
 HIGHEST    65          1200 AM
 LOWEST     26           200 PM
 AVERAGE    46

..........................................................


THE LAGUARDIA NY CLIMATE NORMALS FOR TOMORROW
                         NORMAL    RECORD    YEAR
 MAXIMUM TEMPERATURE (F)   54        70      1953
 MINIMUM TEMPERATURE (F)   41        28      2008
                                             1986
                                             1951


SUNRISE AND SUNSET
NOVEMBER 18 2014......SUNRISE   646 AM EST   SUNSET   435 PM EST
NOVEMBER 19 2014......SUNRISE   647 AM EST   SUNSET   434 PM EST


-  INDICATES NEGATIVE NUMBERS.
R  INDICATES RECORD WAS SET OR TIED.
MM INDICATES DATA IS MISSING.
T  INDICATES TRACE AMOUNT.




$$
