000
CDUS41 KOKX 202134
CLILGA


CLIMATE REPORT
NATIONAL WEATHER SERVICE NEW YORK NY
434 PM EST TUE FEB 20 2018


...................................

...THE LAGUARDIA NY CLIMATE SUMMARY FOR FEBRUARY 20 2018...
VALID TODAY AS OF 0400 PM LOCAL TIME.

CLIMATE NORMAL PERIOD 1981 TO 2010
CLIMATE RECORD PERIOD 1939 TO 2018


WEATHER ITEM   OBSERVED TIME   RECORD YEAR NORMAL DEPARTURE LAST
                VALUE   (LST)  VALUE       VALUE  FROM      YEAR
                                                  NORMAL
..................................................................
TEMPERATURE (F)
 TODAY
  MAXIMUM         68R   356 PM  63    1943  43     25       55
  MINIMUM         47   1225 AM   3    2015  29     18       40
  AVERAGE         58                        36     22       48

PRECIPITATION (IN)
  TODAY            T             1.50 1981   0.09  -0.09     0.00
  MONTH TO DATE    4.90                      1.91   2.99     1.55
  SINCE DEC 1      9.08                      8.64   0.44     8.63
  SINCE JAN 1      7.02                      5.08   1.94     5.68

SNOWFALL (IN)
  TODAY            0.0           2.4  1977   0.4   -0.4      0.0
  MONTH TO DATE    4.6                       6.7   -2.1     10.3
  SINCE OCT 1     21.3                      19.6    1.7     23.4
  SINCE JUL 1     21.3                      19.6    1.7     23.4
  SNOW DEPTH       0

DEGREE DAYS
 HEATING
  TODAY            7                        29    -22       17
  MONTH TO DATE  499                       607   -108      497
  SINCE DEC 1   2417                      2431    -14     2033
  SINCE JUL 1   3008                      3206   -198     2571

 COOLING
  TODAY            0                         0      0        0
  MONTH TO DATE    0                         0      0        0
  SINCE DEC 1      0                         0      0        0
  SINCE JAN 1      0                         0      0        0
..................................................................


WIND (MPH)
  HIGHEST WIND SPEED    20   HIGHEST WIND DIRECTION     W (250)
  HIGHEST GUST SPEED    26   HIGHEST GUST DIRECTION     W (250)
  AVERAGE WIND SPEED    10.2


SKY COVER
  AVERAGE SKY COVER 0.9


WEATHER CONDITIONS
 THE FOLLOWING WEATHER WAS RECORDED TODAY.
  LIGHT RAIN
  FOG


RELATIVE HUMIDITY (PERCENT)
 HIGHEST   100          1200 AM
 LOWEST     63           200 PM
 AVERAGE    82

..........................................................


THE LAGUARDIA NY CLIMATE NORMALS FOR TOMORROW
                         NORMAL    RECORD    YEAR
 MAXIMUM TEMPERATURE (F)   43        68      1953
 MINIMUM TEMPERATURE (F)   29         6      1968
                                             1950


SUNRISE AND SUNSET
FEBRUARY 20 2018......SUNRISE   643 AM EST   SUNSET   536 PM EST
FEBRUARY 21 2018......SUNRISE   641 AM EST   SUNSET   538 PM EST


-  INDICATES NEGATIVE NUMBERS.
R  INDICATES RECORD WAS SET OR TIED.
MM INDICATES DATA IS MISSING.
T  INDICATES TRACE AMOUNT.




$$
