000
CDUS41 KOKX 262031
CLILGA


CLIMATE REPORT
NATIONAL WEATHER SERVICE NEW YORK NY
431 PM EDT SUN JUL 26 2015


...................................

...THE LAGUARDIA NY CLIMATE SUMMARY FOR JULY 26 2015...
VALID TODAY AS OF 0400 PM LOCAL TIME.

CLIMATE NORMAL PERIOD 1981 TO 2010
CLIMATE RECORD PERIOD 1945 TO 2015


WEATHER ITEM   OBSERVED TIME   RECORD YEAR NORMAL DEPARTURE LAST
                VALUE   (LST)  VALUE       VALUE  FROM      YEAR
                                                  NORMAL
..................................................................
TEMPERATURE (F)
 TODAY
  MAXIMUM         89    202 PM  98    1940  86      3       82
  MINIMUM         75    554 AM  62    1976  70      5       71
                                      1964
  AVERAGE         82                        78      4       77

PRECIPITATION (IN)
  TODAY            0.00          2.89 2000   0.15  -0.15      T
  MONTH TO DATE    1.87                      3.70  -1.83     3.73
  SINCE JUN 1      6.67                      7.64  -0.97     7.42
  SINCE JAN 1     21.72                     25.33  -3.61    31.30

SNOWFALL (IN)
  TODAY            0.0          MM      MM   0.0    0.0      0.0
  MONTH TO DATE    0.0                       0.0    0.0      0.0
  SINCE OCT 1     53.8                      26.9   26.9     52.4
  SINCE JUL 1      0.0                       0.0    0.0      0.0
  SNOW DEPTH       0

DEGREE DAYS
 HEATING
  TODAY            0                         0      0        0
  MONTH TO DATE    0                         0      0        0
  SINCE JUN 1     34                        16     18        0
  SINCE JUL 1      0                         0      0        0

 COOLING
  TODAY           17                        13      4       12
  MONTH TO DATE  354                       323     31      330
  SINCE JUN 1    582                       554     28      562
  SINCE JAN 1    704                       620     84      612
..................................................................


WIND (MPH)
  HIGHEST WIND SPEED    23   HIGHEST WIND DIRECTION     S (160)
  HIGHEST GUST SPEED    28   HIGHEST GUST DIRECTION     S (170)
  AVERAGE WIND SPEED    10.6


SKY COVER
  AVERAGE SKY COVER 0.7


WEATHER CONDITIONS
 THE FOLLOWING WEATHER WAS RECORDED TODAY.
  NO SIGNIFICANT WEATHER WAS OBSERVED.


RELATIVE HUMIDITY (PERCENT)
 HIGHEST    69          1200 AM
 LOWEST     41           200 PM
 AVERAGE    55

..........................................................


THE LAGUARDIA NY CLIMATE NORMALS FOR TOMORROW
                         NORMAL    RECORD    YEAR
 MAXIMUM TEMPERATURE (F)   86       100      2005
 MINIMUM TEMPERATURE (F)   70        59      1962


SUNRISE AND SUNSET
JULY 26 2015..........SUNRISE   546 AM EDT   SUNSET   817 PM EDT
JULY 27 2015..........SUNRISE   547 AM EDT   SUNSET   817 PM EDT


-  INDICATES NEGATIVE NUMBERS.
R  INDICATES RECORD WAS SET OR TIED.
MM INDICATES DATA IS MISSING.
T  INDICATES TRACE AMOUNT.




$$
