000
CDUS41 KOKX 220616
CLILGA


CLIMATE REPORT
NATIONAL WEATHER SERVICE NEW YORK NY
216 AM EDT TUE JUL 22 2014


...................................

...THE LAGUARDIA NY CLIMATE SUMMARY FOR JULY 21 2014...

CLIMATE NORMAL PERIOD 1981 TO 2010
CLIMATE RECORD PERIOD 1945 TO 2014


WEATHER ITEM   OBSERVED TIME   RECORD YEAR NORMAL DEPARTURE LAST
                VALUE   (LST)  VALUE       VALUE  FROM      YEAR
                                                  NORMAL
..................................................................
TEMPERATURE (F)
 YESTERDAY
  MAXIMUM         84    340 PM 100    1991  86     -2       87
  MINIMUM         67    320 AM  62    1974  70     -3       76
                                      1956
                                      1950
  AVERAGE         76                        78     -2       82

PRECIPITATION (IN)
  YESTERDAY        0.00          2.06 2006   0.15  -0.15     0.00
  MONTH TO DATE    3.61                      2.96   0.65     2.07
  SINCE JUN 1      7.30                      6.90   0.40    10.23
  SINCE JAN 1     31.18                     24.59   6.59    24.64

SNOWFALL (IN)
  YESTERDAY        0.0          MM      MM   0.0    0.0      0.0
  MONTH TO DATE    0.0                       0.0    0.0      0.0
  SINCE OCT 1     52.4                      26.9   25.5     22.2
  SINCE JUL 1      0.0                       0.0    0.0      0.0
  SNOW DEPTH       0

DEGREE DAYS
 HEATING
  YESTERDAY        0                         0      0        0
  MONTH TO DATE    0                         0      0        0
  SINCE JUN 1      0                        16    -16        4
  SINCE JUL 1      0                         0      0        0

 COOLING
  YESTERDAY       11                        13     -2       17
  MONTH TO DATE  264                       258      6      391
  SINCE JUN 1    496                       489      7      672
  SINCE JAN 1    546                       555     -9      760
..................................................................


WIND (MPH)
  HIGHEST WIND SPEED    15   HIGHEST WIND DIRECTION     S (160)
  HIGHEST GUST SPEED    18   HIGHEST GUST DIRECTION     S (190)
  AVERAGE WIND SPEED     6.4


SKY COVER
  AVERAGE SKY COVER 0.4


WEATHER CONDITIONS
 THE FOLLOWING WEATHER WAS RECORDED YESTERDAY.
  NO SIGNIFICANT WEATHER WAS OBSERVED.


RELATIVE HUMIDITY (PERCENT)
 HIGHEST    81           300 AM
 LOWEST     43           300 PM
 AVERAGE    62

..........................................................


THE LAGUARDIA NY CLIMATE NORMALS FOR TODAY
                         NORMAL    RECORD    YEAR
 MAXIMUM TEMPERATURE (F)   86       104      2011
 MINIMUM TEMPERATURE (F)   70        62      1956
                                             1944


SUNRISE AND SUNSET
JULY 22 2014..........SUNRISE   543 AM EDT   SUNSET   821 PM EDT
JULY 23 2014..........SUNRISE   544 AM EDT   SUNSET   820 PM EDT


-  INDICATES NEGATIVE NUMBERS.
R  INDICATES RECORD WAS SET OR TIED.
MM INDICATES DATA IS MISSING.
T  INDICATES TRACE AMOUNT.




$$
