000
CDUS41 KOKX 152133
CLILGA


CLIMATE REPORT
NATIONAL WEATHER SERVICE NEW YORK NY
433 PM EST MON DEC 15 2014


...................................

...THE LAGUARDIA NY CLIMATE SUMMARY FOR DECEMBER 15 2014...
VALID TODAY AS OF 0400 PM LOCAL TIME.

CLIMATE NORMAL PERIOD 1981 TO 2010
CLIMATE RECORD PERIOD 1945 TO 2014


WEATHER ITEM   OBSERVED TIME   RECORD YEAR NORMAL DEPARTURE LAST
                VALUE   (LST)  VALUE       VALUE  FROM      YEAR
                                                  NORMAL
..................................................................
TEMPERATURE (F)
 TODAY
  MAXIMUM         49    307 PM  67    2008  44      5       39
  MINIMUM         37    739 AM  15    1962  32      5       30
                                      1943
  AVERAGE         43                        38      5       35

PRECIPITATION (IN)
  TODAY            0.00          1.18 1981   0.12  -0.12     0.77
  MONTH TO DATE    4.95                      1.83   3.12     2.56
  SINCE DEC 1      4.95                      1.83   3.12     2.56
  SINCE JAN 1     49.06                     43.00   6.06    36.39

SNOWFALL (IN)
  TODAY            0.0           4.1  1968   0.1   -0.1       T
  MONTH TO DATE    1.3                       1.7   -0.4      6.5
  SINCE OCT 1      1.7                       2.0   -0.3      6.7
  SINCE JUL 1      1.7                       2.0   -0.3      6.7
  SNOW DEPTH       0

DEGREE DAYS
 HEATING
  TODAY           22                        27     -5       30
  MONTH TO DATE  373                       365      8      408
  SINCE DEC 1    373                       365      8      408
  SINCE JUL 1   1127                      1140    -13     1190

 COOLING
  TODAY            0                         0      0        0
  MONTH TO DATE    0                         0      0        0
  SINCE DEC 1      0                         0      0        0
  SINCE JAN 1   1192                      1214    -22     1402
..................................................................


WIND (MPH)
  HIGHEST WIND SPEED    12   HIGHEST WIND DIRECTION     N (340)
  HIGHEST GUST SPEED    14   HIGHEST GUST DIRECTION     N (340)
  AVERAGE WIND SPEED     5.8


SKY COVER
  AVERAGE SKY COVER 0.2


WEATHER CONDITIONS
 THE FOLLOWING WEATHER WAS RECORDED TODAY.
  NO SIGNIFICANT WEATHER WAS OBSERVED.


RELATIVE HUMIDITY (PERCENT)
 HIGHEST    76           700 AM
 LOWEST     53           200 PM
 AVERAGE    65

..........................................................


THE LAGUARDIA NY CLIMATE NORMALS FOR TOMORROW
                         NORMAL    RECORD    YEAR
 MAXIMUM TEMPERATURE (F)   44        62      1971
 MINIMUM TEMPERATURE (F)   32        13      1951
                                             1945


SUNRISE AND SUNSET
DECEMBER 15 2014......SUNRISE   713 AM EST   SUNSET   429 PM EST
DECEMBER 16 2014......SUNRISE   713 AM EST   SUNSET   429 PM EST


-  INDICATES NEGATIVE NUMBERS.
R  INDICATES RECORD WAS SET OR TIED.
MM INDICATES DATA IS MISSING.
T  INDICATES TRACE AMOUNT.




$$
