000
CDUS41 KOKX 280617
CLILGA


CLIMATE REPORT
NATIONAL WEATHER SERVICE NEW YORK NY
217 AM EDT MON JUL 28 2014


...................................

...THE LAGUARDIA NY CLIMATE SUMMARY FOR JULY 27 2014...

CLIMATE NORMAL PERIOD 1981 TO 2010
CLIMATE RECORD PERIOD 1945 TO 2014


WEATHER ITEM   OBSERVED TIME   RECORD YEAR NORMAL DEPARTURE LAST
                VALUE   (LST)  VALUE       VALUE  FROM      YEAR
                                                  NORMAL
..................................................................
TEMPERATURE (F)
 YESTERDAY
  MAXIMUM         88    503 PM 100    2005  86      2       84
  MINIMUM         72    537 AM  59    1962  70      2       71
  AVERAGE         80                        78      2       78

PRECIPITATION (IN)
  YESTERDAY        T             2.77 1960   0.15  -0.15     0.00
  MONTH TO DATE    3.73                      3.85  -0.12     2.67
  SINCE JUN 1      7.42                      7.79  -0.37    10.83
  SINCE JAN 1     31.30                     25.48   5.82    25.24

SNOWFALL (IN)
  YESTERDAY        0.0          MM      MM   0.0    0.0      0.0
  MONTH TO DATE    0.0                       0.0    0.0      0.0
  SINCE OCT 1     52.4                      26.9   25.5     22.2
  SINCE JUL 1      0.0                       0.0    0.0      0.0
  SNOW DEPTH       0

DEGREE DAYS
 HEATING
  YESTERDAY        0                         0      0        0
  MONTH TO DATE    0                         0      0        0
  SINCE JUN 1      0                        16    -16        4
  SINCE JUL 1      0                         0      0        0

 COOLING
  YESTERDAY       15                        13      2       13
  MONTH TO DATE  345                       336      9      459
  SINCE JUN 1    577                       567     10      740
  SINCE JAN 1    627                       633     -6      828
..................................................................


WIND (MPH)
  HIGHEST WIND SPEED    17   HIGHEST WIND DIRECTION     S (160)
  HIGHEST GUST SPEED    21   HIGHEST GUST DIRECTION     S (160)
  AVERAGE WIND SPEED     9.5


SKY COVER
  AVERAGE SKY COVER 0.8


WEATHER CONDITIONS
 THE FOLLOWING WEATHER WAS RECORDED YESTERDAY.
  THUNDERSTORM
  LIGHT RAIN


RELATIVE HUMIDITY (PERCENT)
 HIGHEST    84           300 AM
 LOWEST     46           500 PM
 AVERAGE    65

..........................................................


THE LAGUARDIA NY CLIMATE NORMALS FOR TODAY
                         NORMAL    RECORD    YEAR
 MAXIMUM TEMPERATURE (F)   86        98      1949
 MINIMUM TEMPERATURE (F)   70        60      1984


SUNRISE AND SUNSET
JULY 28 2014..........SUNRISE   548 AM EDT   SUNSET   815 PM EDT
JULY 29 2014..........SUNRISE   549 AM EDT   SUNSET   814 PM EDT


-  INDICATES NEGATIVE NUMBERS.
R  INDICATES RECORD WAS SET OR TIED.
MM INDICATES DATA IS MISSING.
T  INDICATES TRACE AMOUNT.




$$
