000
CDUS41 KOKX 150618
CLILGA


CLIMATE REPORT
NATIONAL WEATHER SERVICE NEW YORK NY
218 AM EDT FRI SEP 15 2017


...................................

...THE LAGUARDIA NY CLIMATE SUMMARY FOR SEPTEMBER 14 2017...

CLIMATE NORMAL PERIOD 1981 TO 2010
CLIMATE RECORD PERIOD 1939 TO 2017


WEATHER ITEM   OBSERVED TIME   RECORD YEAR NORMAL DEPARTURE LAST
                VALUE   (LST)  VALUE       VALUE  FROM      YEAR
                                                  NORMAL
..................................................................
TEMPERATURE (F)
 YESTERDAY
  MAXIMUM         83    532 PM  92    2016  77      6       92
  MINIMUM         70    605 AM  48    1975  63      7       70
  AVERAGE         77                        70      7       81

PRECIPITATION (IN)
  YESTERDAY        0.00          2.93 1944   0.13  -0.13     0.37
  MONTH TO DATE    1.65                      1.67  -0.02     0.77
  SINCE SEP 1      1.65                      1.67  -0.02     0.77
  SINCE JAN 1     34.64                     31.92   2.72    24.49

SNOWFALL (IN)
  YESTERDAY        0.0          MM      MM   0.0    0.0      0.0
  MONTH TO DATE    0.0                       0.0    0.0      0.0
  SINCE OCT 1     33.2                      26.9    6.3     36.2
  SINCE JUL 1      0.0                       0.0    0.0      0.0
  SNOW DEPTH       0

DEGREE DAYS
 HEATING
  YESTERDAY        0                         1     -1        0
  MONTH TO DATE    5                         3      2        0
  SINCE SEP 1      5                         3      2        0
  SINCE JUL 1      5                         4      1        0

 COOLING
  YESTERDAY       12                         6      6       16
  MONTH TO DATE   66                       102    -36      176
  SINCE SEP 1     66                       102    -36      176
  SINCE JAN 1   1197                      1135     62     1593
..................................................................


WIND (MPH)
  HIGHEST WIND SPEED    18   HIGHEST WIND DIRECTION     S (160)
  HIGHEST GUST SPEED    24   HIGHEST GUST DIRECTION     S (190)
  AVERAGE WIND SPEED     8.3


SKY COVER
  AVERAGE SKY COVER 0.7


WEATHER CONDITIONS
 THE FOLLOWING WEATHER WAS RECORDED YESTERDAY.
  NO SIGNIFICANT WEATHER WAS OBSERVED.


RELATIVE HUMIDITY (PERCENT)
 HIGHEST   100           500 AM
 LOWEST     55           100 PM
 AVERAGE    78

..........................................................


THE LAGUARDIA NY CLIMATE NORMALS FOR TODAY
                         NORMAL    RECORD    YEAR
 MAXIMUM TEMPERATURE (F)   77        91      1993
 MINIMUM TEMPERATURE (F)   62        49      1975


SUNRISE AND SUNSET
SEPTEMBER 15 2017.....SUNRISE   636 AM EDT   SUNSET   704 PM EDT
SEPTEMBER 16 2017.....SUNRISE   637 AM EDT   SUNSET   703 PM EDT


-  INDICATES NEGATIVE NUMBERS.
R  INDICATES RECORD WAS SET OR TIED.
MM INDICATES DATA IS MISSING.
T  INDICATES TRACE AMOUNT.




$$
