000
CDUS41 KOKX 202042
CLILGA


CLIMATE REPORT
NATIONAL WEATHER SERVICE NEW YORK NY
441 PM EDT WED SEP 20 2017


...................................

...THE LAGUARDIA NY CLIMATE SUMMARY FOR SEPTEMBER 20 2017...
VALID TODAY AS OF 0400 PM LOCAL TIME.

CLIMATE NORMAL PERIOD 1981 TO 2010
CLIMATE RECORD PERIOD 1939 TO 2017


WEATHER ITEM   OBSERVED TIME   RECORD YEAR NORMAL DEPARTURE LAST
                VALUE   (LST)  VALUE       VALUE  FROM      YEAR
                                                  NORMAL
..................................................................
TEMPERATURE (F)
 TODAY
  MAXIMUM         78    259 PM  90    1983  75      3       84
  MINIMUM         71    647 AM  46    1979  60     11       71
  AVERAGE         75                        68      7       78

PRECIPITATION (IN)
  TODAY            0.00          1.72 1989   0.13  -0.13     0.00
  MONTH TO DATE    1.84                      2.44  -0.60     1.55
  SINCE SEP 1      1.84                      2.44  -0.60     1.55
  SINCE JAN 1     34.83                     32.69   2.14    25.27

SNOWFALL (IN)
  TODAY            0.0          MM      MM   0.0    0.0      0.0
  MONTH TO DATE    0.0                       0.0    0.0      0.0
  SINCE OCT 1     33.2                      26.9    6.3     36.2
  SINCE JUL 1      0.0                       0.0    0.0      0.0
  SNOW DEPTH       0

DEGREE DAYS
 HEATING
  TODAY            0                         1     -1        0
  MONTH TO DATE    5                         9     -4        0
  SINCE SEP 1      5                         9     -4        0
  SINCE JUL 1      5                        10     -5        0

 COOLING
  TODAY           10                         4      6       13
  MONTH TO DATE  122                       130     -8      228
  SINCE SEP 1    122                       130     -8      228
  SINCE JAN 1   1253                      1163     90     1645
..................................................................


WIND (MPH)
  HIGHEST WIND SPEED    23   HIGHEST WIND DIRECTION     N (350)
  HIGHEST GUST SPEED    30   HIGHEST GUST DIRECTION     N (350)
  AVERAGE WIND SPEED    15.2


SKY COVER
  AVERAGE SKY COVER 0.8


WEATHER CONDITIONS
 THE FOLLOWING WEATHER WAS RECORDED TODAY.
  NO SIGNIFICANT WEATHER WAS OBSERVED.


RELATIVE HUMIDITY (PERCENT)
 HIGHEST    79          1200 AM
 LOWEST     62           300 PM
 AVERAGE    71

..........................................................


THE LAGUARDIA NY CLIMATE NORMALS FOR TOMORROW
                         NORMAL    RECORD    YEAR
 MAXIMUM TEMPERATURE (F)   75        89      1940
 MINIMUM TEMPERATURE (F)   60        43      1956


SUNRISE AND SUNSET
SEPTEMBER 20 2017.....SUNRISE   641 AM EDT   SUNSET   656 PM EDT
SEPTEMBER 21 2017.....SUNRISE   642 AM EDT   SUNSET   654 PM EDT


-  INDICATES NEGATIVE NUMBERS.
R  INDICATES RECORD WAS SET OR TIED.
MM INDICATES DATA IS MISSING.
T  INDICATES TRACE AMOUNT.




$$
