000
CDUS41 KOKX 180625
CLILGA


CLIMATE REPORT
NATIONAL WEATHER SERVICE NEW YORK NY
225 AM EDT FRI APR 18 2014


...................................

...THE LAGUARDIA NY CLIMATE SUMMARY FOR APRIL 17 2014...

CLIMATE NORMAL PERIOD 1981 TO 2010
CLIMATE RECORD PERIOD 1948 TO 2014


WEATHER ITEM   OBSERVED TIME   RECORD YEAR NORMAL DEPARTURE LAST
                VALUE   (LST)  VALUE       VALUE  FROM      YEAR
                                                  NORMAL
..................................................................
TEMPERATURE (F)
 YESTERDAY
  MAXIMUM         47    526 PM  94    2002  62    -15       69
  MINIMUM         36    533 AM  32    1980  45     -9       55
  AVERAGE         42                        53    -11       62

PRECIPITATION (IN)
  YESTERDAY        0.00          1.71 1954   0.13  -0.13     0.02
  MONTH TO DATE    2.18                      2.37  -0.19     1.03
  SINCE MAR 1      5.84                      6.34  -0.50     3.46
  SINCE JAN 1     13.13                     12.27   0.86     9.30

SNOWFALL (IN)
  YESTERDAY        0.0          MM      MM   0.0    0.0      0.0
  MONTH TO DATE    0.3                       0.4   -0.1      0.0
  SINCE OCT 1     52.4                      26.8   25.6     22.2
  SINCE JUL 1     52.4                      26.8   25.6     22.2
  SNOW DEPTH       0

DEGREE DAYS
 HEATING
  YESTERDAY       23                        12     11        3
  MONTH TO DATE  237                       251    -14      234
  SINCE MAR 1   1095                       958    137      986
  SINCE JUL 1   4752                      4387    365     4181

 COOLING
  YESTERDAY        0                         0      0        0
  MONTH TO DATE    0                         0      0        0
  SINCE MAR 1      0                         0      0        0
  SINCE JAN 1      0                         0      0        0
..................................................................


WIND (MPH)
  HIGHEST WIND SPEED    21   HIGHEST WIND DIRECTION    NE (60)
  HIGHEST GUST SPEED    24   HIGHEST GUST DIRECTION    NE (50)
  AVERAGE WIND SPEED    12.1


SKY COVER
  AVERAGE SKY COVER 0.4


WEATHER CONDITIONS
 THE FOLLOWING WEATHER WAS RECORDED YESTERDAY.
  NO SIGNIFICANT WEATHER WAS OBSERVED.


RELATIVE HUMIDITY (PERCENT)
 HIGHEST    64           900 PM
 LOWEST     40           100 AM
 AVERAGE    52

..........................................................


THE LAGUARDIA NY CLIMATE NORMALS FOR TODAY
                         NORMAL    RECORD    YEAR
 MAXIMUM TEMPERATURE (F)   62        91      1976
 MINIMUM TEMPERATURE (F)   45        36      2003
                                             1943


SUNRISE AND SUNSET
APRIL 18 2014.........SUNRISE   612 AM EDT   SUNSET   738 PM EDT
APRIL 19 2014.........SUNRISE   611 AM EDT   SUNSET   739 PM EDT


-  INDICATES NEGATIVE NUMBERS.
R  INDICATES RECORD WAS SET OR TIED.
MM INDICATES DATA IS MISSING.
T  INDICATES TRACE AMOUNT.




$$
