000
CDUS41 KOKX 100621
CLILGA


CLIMATE REPORT
NATIONAL WEATHER SERVICE NEW YORK NY
221 AM EDT THU APR 10 2014


...................................

...THE LAGUARDIA NY CLIMATE SUMMARY FOR APRIL 9 2014...

CLIMATE NORMAL PERIOD 1981 TO 2010
CLIMATE RECORD PERIOD 1948 TO 2014


WEATHER ITEM   OBSERVED TIME   RECORD YEAR NORMAL DEPARTURE LAST
                VALUE   (LST)  VALUE       VALUE  FROM      YEAR
                                                  NORMAL
..................................................................
TEMPERATURE (F)
 YESTERDAY
  MAXIMUM         59    140 PM  84    1991  59      0       81
  MINIMUM         44    437 AM  26    1977  42      2       47
  AVERAGE         52                        50      2       64

PRECIPITATION (IN)
  YESTERDAY        0.00          2.28 1980   0.15  -0.15     0.01
  MONTH TO DATE    1.26                      1.26   0.00     0.02
  SINCE MAR 1      4.92                      5.23  -0.31     2.45
  SINCE JAN 1     12.21                     11.16   1.05     8.29

SNOWFALL (IN)
  YESTERDAY        0.0           1.3  2000   0.0    0.0      0.0
  MONTH TO DATE    0.0                       0.3   -0.3      0.0
  SINCE OCT 1     52.1                      26.7   25.4     22.2
  SINCE JUL 1     52.1                      26.7   25.4     22.2
  SNOW DEPTH       0

DEGREE DAYS
 HEATING
  YESTERDAY       13                        15     -2        1
  MONTH TO DATE  145                       146     -1      143
  SINCE MAR 1   1003                       853    150      895
  SINCE JUL 1   4660                      4282    378     4090

 COOLING
  YESTERDAY        0                         0      0        0
  MONTH TO DATE    0                         0      0        0
  SINCE MAR 1      0                         0      0        0
  SINCE JAN 1      0                         0      0        0
..................................................................


WIND (MPH)
  HIGHEST WIND SPEED    29   HIGHEST WIND DIRECTION    NW (320)
  HIGHEST GUST SPEED    36   HIGHEST GUST DIRECTION     N (340)
  AVERAGE WIND SPEED    14.3


SKY COVER
  AVERAGE SKY COVER 0.2


WEATHER CONDITIONS
 THE FOLLOWING WEATHER WAS RECORDED YESTERDAY.
  NO SIGNIFICANT WEATHER WAS OBSERVED.


RELATIVE HUMIDITY (PERCENT)
 HIGHEST    65           500 AM
 LOWEST     24           900 PM
 AVERAGE    45

..........................................................


THE LAGUARDIA NY CLIMATE NORMALS FOR TODAY
                         NORMAL    RECORD    YEAR
 MAXIMUM TEMPERATURE (F)   59        82      1955
 MINIMUM TEMPERATURE (F)   43        29      1985
                                             1974


SUNRISE AND SUNSET
APRIL 10 2014.........SUNRISE   625 AM EDT   SUNSET   730 PM EDT
APRIL 11 2014.........SUNRISE   623 AM EDT   SUNSET   731 PM EDT


-  INDICATES NEGATIVE NUMBERS.
R  INDICATES RECORD WAS SET OR TIED.
MM INDICATES DATA IS MISSING.
T  INDICATES TRACE AMOUNT.




$$
