000
CDUS41 KOKX 180619
CLILGA


CLIMATE REPORT
NATIONAL WEATHER SERVICE NEW YORK NY
119 AM EST SAT FEB 18 2017


...................................

...THE LAGUARDIA NY CLIMATE SUMMARY FOR FEBRUARY 17 2017...

CLIMATE NORMAL PERIOD 1981 TO 2010
CLIMATE RECORD PERIOD 1939 TO 2017


WEATHER ITEM   OBSERVED TIME   RECORD YEAR NORMAL DEPARTURE LAST
                VALUE   (LST)  VALUE       VALUE  FROM      YEAR
                                                  NORMAL
..................................................................
TEMPERATURE (F)
 YESTERDAY
  MAXIMUM         44    404 PM  66    1976  43      1       41
  MINIMUM         29    748 AM   2    1979  29      0       36
  AVERAGE         37                        36      1       39

PRECIPITATION (IN)
  YESTERDAY        0.00          0.94 1952   0.10  -0.10     0.00
  MONTH TO DATE    1.55                      1.62  -0.07     2.46
  SINCE DEC 1      8.63                      8.35   0.28    10.96
  SINCE JAN 1      5.68                      4.79   0.89     6.63

SNOWFALL (IN)
  YESTERDAY        0.0          13.1  2003   0.3   -0.3      0.0
  MONTH TO DATE   10.3                       5.6    4.7      5.6
  SINCE OCT 1     23.4                      18.5    4.9     34.4
  SINCE JUL 1     23.4                      18.5    4.9     34.4
  SNOW DEPTH       0

DEGREE DAYS
 HEATING
  YESTERDAY       28                        29     -1       26
  MONTH TO DATE  461                       520    -59      508
  SINCE DEC 1   1997                      2344   -347     1843
  SINCE JUL 1   2535                      3119   -584     2405

 COOLING
  YESTERDAY        0                         0      0        0
  MONTH TO DATE    0                         0      0        0
  SINCE DEC 1      0                         0      0        1
  SINCE JAN 1      0                         0      0        0
..................................................................


WIND (MPH)
  HIGHEST WIND SPEED    24   HIGHEST WIND DIRECTION     W (290)
  HIGHEST GUST SPEED    31   HIGHEST GUST DIRECTION    NW (320)
  AVERAGE WIND SPEED    15.3


SKY COVER
  AVERAGE SKY COVER 0.3


WEATHER CONDITIONS
 THE FOLLOWING WEATHER WAS RECORDED YESTERDAY.
  NO SIGNIFICANT WEATHER WAS OBSERVED.


RELATIVE HUMIDITY (PERCENT)
 HIGHEST    58           600 AM
 LOWEST     31           400 PM
 AVERAGE    45

..........................................................


THE LAGUARDIA NY CLIMATE NORMALS FOR TODAY
                         NORMAL    RECORD    YEAR
 MAXIMUM TEMPERATURE (F)   43        67      2011
 MINIMUM TEMPERATURE (F)   29         0      1979


SUNRISE AND SUNSET
FEBRUARY 18 2017......SUNRISE   645 AM EST   SUNSET   534 PM EST
FEBRUARY 19 2017......SUNRISE   644 AM EST   SUNSET   535 PM EST


-  INDICATES NEGATIVE NUMBERS.
R  INDICATES RECORD WAS SET OR TIED.
MM INDICATES DATA IS MISSING.
T  INDICATES TRACE AMOUNT.




$$
