000
CDUS41 KOKX 302044
CLILGA


CLIMATE REPORT
NATIONAL WEATHER SERVICE NEW YORK NY
441 PM EDT SAT APR 30 2016


...................................

...THE LAGUARDIA NY CLIMATE SUMMARY FOR APRIL 30 2016...
VALID TODAY AS OF 0400 PM LOCAL TIME.

CLIMATE NORMAL PERIOD 1981 TO 2010
CLIMATE RECORD PERIOD 1945 TO 2016


WEATHER ITEM   OBSERVED TIME   RECORD YEAR NORMAL DEPARTURE LAST
                VALUE   (LST)  VALUE       VALUE  FROM      YEAR
                                                  NORMAL
..................................................................
TEMPERATURE (F)
 TODAY
  MAXIMUM         63    247 PM  89    1942  66     -3       64
  MINIMUM         47    510 AM  42    2014  49     -2       47
                                      1978
                                      1975
  AVERAGE         55                        58     -3       56

PRECIPITATION (IN)
  TODAY            0.00          5.26 2014   0.11  -0.11     0.00
  MONTH TO DATE    1.66                      4.00  -2.34     1.82
  SINCE MAR 1      2.92                      7.97  -5.05     6.36
  SINCE JAN 1     11.45                     13.90  -2.45    13.44

SNOWFALL (IN)
  TODAY            0.0          MM      MM   0.0    0.0      0.0
  MONTH TO DATE    T                         0.5   -0.5      0.0
  SINCE OCT 1     36.2                      26.9    9.3     53.8
  SINCE JUL 1     36.2                      26.9    9.3     53.8
  SNOW DEPTH       0

DEGREE DAYS
 HEATING
  TODAY           10                         8      2        9
  MONTH TO DATE  354                       378    -24      344
  SINCE MAR 1    849                      1085   -236     1178
  SINCE JUL 1   3511                      4514  -1003     4900

 COOLING
  TODAY            0                         1     -1        0
  MONTH TO DATE    8                         8      0        2
  SINCE MAR 1     13                         8      5        2
  SINCE JAN 1     13                         8      5        2
..................................................................


WIND (MPH)
  HIGHEST WIND SPEED    16   HIGHEST WIND DIRECTION     S (160)
  HIGHEST GUST SPEED    20   HIGHEST GUST DIRECTION     S (160)
  AVERAGE WIND SPEED     6.1


SKY COVER
  AVERAGE SKY COVER 0.8


WEATHER CONDITIONS
 THE FOLLOWING WEATHER WAS RECORDED TODAY.
  NO SIGNIFICANT WEATHER WAS OBSERVED.


RELATIVE HUMIDITY (PERCENT)
 HIGHEST    71           100 AM
 LOWEST     30           200 PM
 AVERAGE    51

..........................................................


THE LAGUARDIA NY CLIMATE NORMALS FOR TOMORROW
                         NORMAL    RECORD    YEAR
 MAXIMUM TEMPERATURE (F)   67        85      2001
 MINIMUM TEMPERATURE (F)   49        38      1978


SUNRISE AND SUNSET
APRIL 30 2016.........SUNRISE   555 AM EDT   SUNSET   751 PM EDT
MAY  1 2016...........SUNRISE   554 AM EDT   SUNSET   752 PM EDT


-  INDICATES NEGATIVE NUMBERS.
R  INDICATES RECORD WAS SET OR TIED.
MM INDICATES DATA IS MISSING.
T  INDICATES TRACE AMOUNT.




$$
