000
CDUS41 KOKX 150615
CLILGA


CLIMATE REPORT
NATIONAL WEATHER SERVICE NEW YORK NY
115 AM EST WED NOV 15 2017


...................................

...THE LAGUARDIA NY CLIMATE SUMMARY FOR NOVEMBER 14 2017...

CLIMATE NORMAL PERIOD 1981 TO 2010
CLIMATE RECORD PERIOD 1939 TO 2017


WEATHER ITEM   OBSERVED TIME   RECORD YEAR NORMAL DEPARTURE LAST
                VALUE   (LST)  VALUE       VALUE  FROM      YEAR
                                                  NORMAL
..................................................................
TEMPERATURE (F)
 YESTERDAY
  MAXIMUM         47    322 PM  72    1993  55     -8       64
  MINIMUM         39    729 AM  24    1986  42     -3       50
  AVERAGE         43                        49     -6       57

PRECIPITATION (IN)
  YESTERDAY        0.00          2.05 1972   0.11  -0.11     0.00
  MONTH TO DATE    0.75                      1.53  -0.78     0.02
  SINCE SEP 1      6.37                      9.04  -2.67     7.37
  SINCE JAN 1     39.36                     39.29   0.07    31.09

SNOWFALL (IN)
  YESTERDAY        0.0           0.1  1997   0.0    0.0      0.0
  MONTH TO DATE    0.0                       0.0    0.0      0.0
  SINCE OCT 1      0.0                       0.0    0.0      0.0
  SINCE JUL 1      0.0                       0.0    0.0      0.0
  SNOW DEPTH       0

DEGREE DAYS
 HEATING
  YESTERDAY       22                        16      6        8
  MONTH TO DATE  219                       199     20      132
  SINCE SEP 1    304                       470   -166      297
  SINCE JUL 1    304                       471   -167      297

 COOLING
  YESTERDAY        0                         0      0        0
  MONTH TO DATE    0                         0      0        2
  SINCE SEP 1    308                       180    128      328
  SINCE JAN 1   1439                      1213    226     1745
..................................................................


WIND (MPH)
  HIGHEST WIND SPEED    14   HIGHEST WIND DIRECTION     N (10)
  HIGHEST GUST SPEED    18   HIGHEST GUST DIRECTION     N (350)
  AVERAGE WIND SPEED     9.5


SKY COVER
  AVERAGE SKY COVER 0.6


WEATHER CONDITIONS
 THE FOLLOWING WEATHER WAS RECORDED YESTERDAY.
  NO SIGNIFICANT WEATHER WAS OBSERVED.


RELATIVE HUMIDITY (PERCENT)
 HIGHEST    76           500 AM
 LOWEST     57          1200 AM
 AVERAGE    67

..........................................................


THE LAGUARDIA NY CLIMATE NORMALS FOR TODAY
                         NORMAL    RECORD    YEAR
 MAXIMUM TEMPERATURE (F)   55        80      1993
 MINIMUM TEMPERATURE (F)   42        22      1967


SUNRISE AND SUNSET
NOVEMBER 15 2017......SUNRISE   643 AM EST   SUNSET   437 PM EST
NOVEMBER 16 2017......SUNRISE   644 AM EST   SUNSET   436 PM EST


-  INDICATES NEGATIVE NUMBERS.
R  INDICATES RECORD WAS SET OR TIED.
MM INDICATES DATA IS MISSING.
T  INDICATES TRACE AMOUNT.




$$
