000
CDUS41 KOKX 310617
CLILGA


CLIMATE REPORT
NATIONAL WEATHER SERVICE NEW YORK NY
217 AM EDT SUN MAY 31 2015


...................................

...THE LAGUARDIA NY CLIMATE SUMMARY FOR MAY 30 2015...

CLIMATE NORMAL PERIOD 1981 TO 2010
CLIMATE RECORD PERIOD 1945 TO 2015


WEATHER ITEM   OBSERVED TIME   RECORD YEAR NORMAL DEPARTURE LAST
                VALUE   (LST)  VALUE       VALUE  FROM      YEAR
                                                  NORMAL
..................................................................
TEMPERATURE (F)
 YESTERDAY
  MAXIMUM         83    241 PM  96    1987  76      7       76
  MINIMUM         66    328 AM  48    1949  58      8       56
  AVERAGE         75                        67      8       66

PRECIPITATION (IN)
  YESTERDAY        0.00          2.19 1984   0.14  -0.14     0.03
  MONTH TO DATE    0.33                      3.65  -3.32     4.69
  SINCE MAR 1      6.69                     11.62  -4.93    16.58
  SINCE JAN 1     13.77                     17.55  -3.78    23.87

SNOWFALL (IN)
  YESTERDAY        0.0          MM      MM   0.0    0.0      0.0
  MONTH TO DATE    0.0                       0.0    0.0      0.0
  SINCE OCT 1     53.8                      26.9   26.9     52.4
  SINCE JUL 1     53.8                      26.9   26.9     52.4
  SNOW DEPTH       0

DEGREE DAYS
 HEATING
  YESTERDAY        0                         2     -2        0
  MONTH TO DATE   50                       133    -83       87
  SINCE MAR 1   1228                      1218     10     1358
  SINCE JUL 1   4950                      4647    303     5015

 COOLING
  YESTERDAY       10                         4      6        1
  MONTH TO DATE  113                        56     57       50
  SINCE MAR 1    115                        64     51       50
  SINCE JAN 1    115                        64     51       50
..................................................................


WIND (MPH)
  HIGHEST WIND SPEED    25   HIGHEST WIND DIRECTION     S (160)
  HIGHEST GUST SPEED    30   HIGHEST GUST DIRECTION     S (160)
  AVERAGE WIND SPEED    12.3


SKY COVER
  AVERAGE SKY COVER 0.4


WEATHER CONDITIONS
 THE FOLLOWING WEATHER WAS RECORDED YESTERDAY.
  NO SIGNIFICANT WEATHER WAS OBSERVED.


RELATIVE HUMIDITY (PERCENT)
 HIGHEST    81          1200 AM
 LOWEST     51           200 PM
 AVERAGE    66

..........................................................


THE LAGUARDIA NY CLIMATE NORMALS FOR TODAY
                         NORMAL    RECORD    YEAR
 MAXIMUM TEMPERATURE (F)   76        96      1987
 MINIMUM TEMPERATURE (F)   59        50      1961
                                             1947


SUNRISE AND SUNSET
MAY 31 2015...........SUNRISE   527 AM EDT   SUNSET   820 PM EDT
JUNE  1 2015..........SUNRISE   527 AM EDT   SUNSET   821 PM EDT


-  INDICATES NEGATIVE NUMBERS.
R  INDICATES RECORD WAS SET OR TIED.
MM INDICATES DATA IS MISSING.
T  INDICATES TRACE AMOUNT.




$$
