275
CDUS41 KOKX 152140
CLILGA


CLIMATE REPORT
NATIONAL WEATHER SERVICE NEW YORK NY
440 PM EST SUN JAN 15 2017


...................................

...THE LAGUARDIA NY CLIMATE SUMMARY FOR JANUARY 15 2017...
VALID TODAY AS OF 0400 PM LOCAL TIME.

CLIMATE NORMAL PERIOD 1981 TO 2010
CLIMATE RECORD PERIOD 1939 TO 2017


WEATHER ITEM   OBSERVED TIME   RECORD YEAR NORMAL DEPARTURE LAST
                VALUE   (LST)  VALUE       VALUE  FROM      YEAR
                                                  NORMAL
..................................................................
TEMPERATURE (F)
 TODAY
  MAXIMUM         41    357 PM  62    1995  39      2       52
  MINIMUM         33    850 AM   0    1957  26      7       34
  AVERAGE         37                        33      4       43

PRECIPITATION (IN)
  TODAY            0.00          0.88 1999   0.11  -0.11     0.01
  MONTH TO DATE    1.57                      1.57   0.00     1.43
  SINCE DEC 1      4.52                      5.13  -0.61     5.76
  SINCE JAN 1      1.57                      1.57   0.00     1.43

SNOWFALL (IN)
  TODAY            0.0           4.6  2004   0.2   -0.2      0.0
  MONTH TO DATE    8.9                       3.6    5.3       T
  SINCE OCT 1     11.9                       9.1    2.8       T
  SINCE JUL 1     11.9                       9.1    2.8       T
  SNOW DEPTH       1

DEGREE DAYS
 HEATING
  TODAY           28                        32     -4       22
  MONTH TO DATE  409                       476    -67      421
  SINCE DEC 1   1167                      1307   -140      854
  SINCE JUL 1   1705                      2082   -377     1416

 COOLING
  TODAY            0                         0      0        0
  MONTH TO DATE    0                         0      0        0
  SINCE DEC 1      0                         0      0        1
  SINCE JAN 1      0                         0      0        0
..................................................................


WIND (MPH)
  HIGHEST WIND SPEED    15   HIGHEST WIND DIRECTION    NW (310)
  HIGHEST GUST SPEED    17   HIGHEST GUST DIRECTION    NW (310)
  AVERAGE WIND SPEED     9.4


SKY COVER
  AVERAGE SKY COVER 0.4


WEATHER CONDITIONS
 THE FOLLOWING WEATHER WAS RECORDED TODAY.
  NO SIGNIFICANT WEATHER WAS OBSERVED.


RELATIVE HUMIDITY (PERCENT)
 HIGHEST    82           100 AM
 LOWEST     45           400 PM
 AVERAGE    64

..........................................................


THE LAGUARDIA NY CLIMATE NORMALS FOR TOMORROW
                         NORMAL    RECORD    YEAR
 MAXIMUM TEMPERATURE (F)   39        59      1953
 MINIMUM TEMPERATURE (F)   26         2      1994


SUNRISE AND SUNSET
JANUARY 15 2017.......SUNRISE   718 AM EST   SUNSET   453 PM EST
JANUARY 16 2017.......SUNRISE   717 AM EST   SUNSET   454 PM EST


-  INDICATES NEGATIVE NUMBERS.
R  INDICATES RECORD WAS SET OR TIED.
MM INDICATES DATA IS MISSING.
T  INDICATES TRACE AMOUNT.




$$
