000
CDUS41 KOKX 082040
CLILGA


CLIMATE REPORT
NATIONAL WEATHER SERVICE NEW YORK NY
440 PM EDT TUE JUL 8 2014


...................................

...THE LAGUARDIA NY CLIMATE SUMMARY FOR JULY 8 2014...
VALID TODAY AS OF 0400 PM LOCAL TIME.

CLIMATE NORMAL PERIOD 1981 TO 2010
CLIMATE RECORD PERIOD 1945 TO 2014


WEATHER ITEM   OBSERVED TIME   RECORD YEAR NORMAL DEPARTURE LAST
                VALUE   (LST)  VALUE       VALUE  FROM      YEAR
                                                  NORMAL
..................................................................
TEMPERATURE (F)
 TODAY
  MAXIMUM         93   1254 PM  99    1994  85      8       91
                                      1993
  MINIMUM         72   1255 AM  60    1984  69      3       75
  AVERAGE         83                        77      6       83

PRECIPITATION (IN)
  TODAY            0.18          1.24 1987   0.13   0.05     0.00
  MONTH TO DATE    1.70                      1.01   0.69     1.75
  SINCE JUN 1      5.39                      4.95   0.44     9.91
  SINCE JAN 1     29.27                     22.64   6.63    24.32

SNOWFALL (IN)
  TODAY            0.0          MM      MM   0.0    0.0      0.0
  MONTH TO DATE    0.0                       0.0    0.0      0.0
  SINCE OCT 1     52.4                      26.9   25.5     22.2
  SINCE JUL 1      0.0                       0.0    0.0      0.0
  SNOW DEPTH       0

DEGREE DAYS
 HEATING
  TODAY            0                         0      0        0
  MONTH TO DATE    0                         0      0        0
  SINCE JUN 1      0                        16    -16        4
  SINCE JUL 1      0                         0      0        0

 COOLING
  TODAY           18                        12      6       18
  MONTH TO DATE  111                        93     18      142
  SINCE JUN 1    343                       324     19      423
  SINCE JAN 1    393                       390      3      511
..................................................................


WIND (MPH)
  HIGHEST WIND SPEED    24   HIGHEST WIND DIRECTION    NW (320)
  HIGHEST GUST SPEED    29   HIGHEST GUST DIRECTION    NW (310)
  AVERAGE WIND SPEED    11.1


SKY COVER
  AVERAGE SKY COVER 0.6


WEATHER CONDITIONS
 THE FOLLOWING WEATHER WAS RECORDED TODAY.
  THUNDERSTORM
  LIGHT RAIN


RELATIVE HUMIDITY (PERCENT)
 HIGHEST    79           300 AM
 LOWEST     36           100 PM
 AVERAGE    58

..........................................................


THE LAGUARDIA NY CLIMATE NORMALS FOR TOMORROW
                         NORMAL    RECORD    YEAR
 MAXIMUM TEMPERATURE (F)   85        98      1993
 MINIMUM TEMPERATURE (F)   69        57      1963


SUNRISE AND SUNSET
JULY  8 2014..........SUNRISE   532 AM EDT   SUNSET   829 PM EDT
JULY  9 2014..........SUNRISE   533 AM EDT   SUNSET   829 PM EDT


-  INDICATES NEGATIVE NUMBERS.
R  INDICATES RECORD WAS SET OR TIED.
MM INDICATES DATA IS MISSING.
T  INDICATES TRACE AMOUNT.




$$
