000
CDUS41 KOKX 270615
CLILGA


CLIMATE REPORT
NATIONAL WEATHER SERVICE NEW YORK NY
215 AM EDT SAT SEP 27 2014


...................................

...THE LAGUARDIA NY CLIMATE SUMMARY FOR SEPTEMBER 26 2014...

CLIMATE NORMAL PERIOD 1981 TO 2010
CLIMATE RECORD PERIOD 1945 TO 2014


WEATHER ITEM   OBSERVED TIME   RECORD YEAR NORMAL DEPARTURE LAST
                VALUE   (LST)  VALUE       VALUE  FROM      YEAR
                                                  NORMAL
..................................................................
TEMPERATURE (F)
 YESTERDAY
  MAXIMUM         77    507 PM  90    2007  73      4       69
  MINIMUM         60    613 AM  44    1947  58      2       59
                                      1940
  AVERAGE         69                        65      4       64

PRECIPITATION (IN)
  YESTERDAY        0.00          3.19 1975   0.12  -0.12     0.00
  MONTH TO DATE    1.20                      3.18  -1.98     3.29
  SINCE SEP 1      1.20                      3.18  -1.98     3.29
  SINCE JAN 1     36.26                     33.43   2.83    30.63

SNOWFALL (IN)
  YESTERDAY        0.0          MM      MM   0.0    0.0      0.0
  MONTH TO DATE    0.0                       0.0    0.0      0.0
  SINCE OCT 1     52.4                      26.9   25.5     22.2
  SINCE JUL 1      0.0                       0.0    0.0      0.0
  SNOW DEPTH       0

DEGREE DAYS
 HEATING
  YESTERDAY        0                         2     -2        1
  MONTH TO DATE   13                        20     -7       29
  SINCE SEP 1     13                        20     -7       29
  SINCE JUL 1     13                        21     -8       29

 COOLING
  YESTERDAY        4                         3      1        0
  MONTH TO DATE  151                       150      1      130
  SINCE SEP 1    151                       150      1      130
  SINCE JAN 1   1138                      1183    -45     1349
..................................................................


WIND (MPH)
  HIGHEST WIND SPEED    15   HIGHEST WIND DIRECTION    NE (60)
  HIGHEST GUST SPEED    18   HIGHEST GUST DIRECTION    NE (60)
  AVERAGE WIND SPEED     6.9


SKY COVER
  AVERAGE SKY COVER 0.2


WEATHER CONDITIONS
 THE FOLLOWING WEATHER WAS RECORDED YESTERDAY.
  NO SIGNIFICANT WEATHER WAS OBSERVED.


RELATIVE HUMIDITY (PERCENT)
 HIGHEST    78          1200 AM
 LOWEST     41          1200 PM
 AVERAGE    60

..........................................................


THE LAGUARDIA NY CLIMATE NORMALS FOR TODAY
                         NORMAL    RECORD    YEAR
 MAXIMUM TEMPERATURE (F)   72        90      1998
 MINIMUM TEMPERATURE (F)   58        43      1947


SUNRISE AND SUNSET
SEPTEMBER 27 2014.....SUNRISE   648 AM EDT   SUNSET   644 PM EDT
SEPTEMBER 28 2014.....SUNRISE   649 AM EDT   SUNSET   643 PM EDT


-  INDICATES NEGATIVE NUMBERS.
R  INDICATES RECORD WAS SET OR TIED.
MM INDICATES DATA IS MISSING.
T  INDICATES TRACE AMOUNT.




$$
