000
CDUS41 KOKX 140620
CLILGA


CLIMATE REPORT
NATIONAL WEATHER SERVICE NEW YORK NY
120 AM EST SUN DEC 14 2014


...................................

...THE LAGUARDIA NY CLIMATE SUMMARY FOR DECEMBER 13 2014...

CLIMATE NORMAL PERIOD 1981 TO 2010
CLIMATE RECORD PERIOD 1945 TO 2014


WEATHER ITEM   OBSERVED TIME   RECORD YEAR NORMAL DEPARTURE LAST
                VALUE   (LST)  VALUE       VALUE  FROM      YEAR
                                                  NORMAL
..................................................................
TEMPERATURE (F)
 YESTERDAY
  MAXIMUM         44    157 PM  63    1946  45     -1       35
  MINIMUM         35    821 AM   8    1960  33      2       24
  AVERAGE         40                        39      1       30

PRECIPITATION (IN)
  YESTERDAY        0.00          1.16 1983   0.12  -0.12     0.00
  MONTH TO DATE    4.95                      1.60   3.35     1.35
  SINCE DEC 1      4.95                      1.60   3.35     1.35
  SINCE JAN 1     49.06                     42.77   6.29    35.18

SNOWFALL (IN)
  YESTERDAY        0.0           0.7  2007   0.1   -0.1      0.0
  MONTH TO DATE    1.3                       1.4   -0.1      1.8
  SINCE OCT 1      1.7                       1.7    0.0      2.0
  SINCE JUL 1      1.7                       1.7    0.0      2.0
  SNOW DEPTH       0

DEGREE DAYS
 HEATING
  YESTERDAY       25                        26     -1       35
  MONTH TO DATE  328                       312     16      343
  SINCE DEC 1    328                       312     16      343
  SINCE JUL 1   1082                      1087     -5     1125

 COOLING
  YESTERDAY        0                         0      0        0
  MONTH TO DATE    0                         0      0        0
  SINCE DEC 1      0                         0      0        0
  SINCE JAN 1   1192                      1214    -22     1402
..................................................................


WIND (MPH)
  HIGHEST WIND SPEED    23   HIGHEST WIND DIRECTION    NW (320)
  HIGHEST GUST SPEED    38   HIGHEST GUST DIRECTION     N (360)
  AVERAGE WIND SPEED    15.4


SKY COVER
  AVERAGE SKY COVER 0.4


WEATHER CONDITIONS
 THE FOLLOWING WEATHER WAS RECORDED YESTERDAY.
  NO SIGNIFICANT WEATHER WAS OBSERVED.


RELATIVE HUMIDITY (PERCENT)
 HIGHEST    70           300 AM
 LOWEST     46          1200 PM
 AVERAGE    58

..........................................................


THE LAGUARDIA NY CLIMATE NORMALS FOR TODAY
                         NORMAL    RECORD    YEAR
 MAXIMUM TEMPERATURE (F)   45        63      2001
 MINIMUM TEMPERATURE (F)   33        12      1976


SUNRISE AND SUNSET
DECEMBER 14 2014......SUNRISE   712 AM EST   SUNSET   429 PM EST
DECEMBER 15 2014......SUNRISE   713 AM EST   SUNSET   429 PM EST


-  INDICATES NEGATIVE NUMBERS.
R  INDICATES RECORD WAS SET OR TIED.
MM INDICATES DATA IS MISSING.
T  INDICATES TRACE AMOUNT.




$$
