043
CDUS41 KOKX 190617
CLILGA


CLIMATE REPORT
NATIONAL WEATHER SERVICE NEW YORK NY
217 AM EDT TUE JUL 19 2016


...................................

...THE LAGUARDIA NY CLIMATE SUMMARY FOR JULY 18 2016...

CLIMATE NORMAL PERIOD 1981 TO 2010
CLIMATE RECORD PERIOD 1939 TO 2016


WEATHER ITEM   OBSERVED TIME   RECORD YEAR NORMAL DEPARTURE LAST
                VALUE   (LST)  VALUE       VALUE  FROM      YEAR
                                                  NORMAL
..................................................................
TEMPERATURE (F)
 YESTERDAY
  MAXIMUM         97    227 PM 101    2012  86     11       86
  MINIMUM         78    453 PM  62    1962  70      8       72
  AVERAGE         88                        78     10       79

PRECIPITATION (IN)
  YESTERDAY        0.12          2.67 2007   0.15  -0.03     0.18
  MONTH TO DATE    2.42                      2.52  -0.10     1.87
  SINCE JUN 1      4.66                      6.46  -1.80     6.67
  SINCE JAN 1     20.03                     24.15  -4.12    21.72

SNOWFALL (IN)
  YESTERDAY        0.0          MM      MM   0.0    0.0      0.0
  MONTH TO DATE    0.0                       0.0    0.0      0.0
  SINCE OCT 1     36.2                      26.9    9.3     53.8
  SINCE JUL 1      0.0                       0.0    0.0      0.0
  SNOW DEPTH       0

DEGREE DAYS
 HEATING
  YESTERDAY        0                         0      0        0
  MONTH TO DATE    0                         0      0        0
  SINCE JUN 1      2                        16    -14       34
  SINCE JUL 1      0                         0      0        0

 COOLING
  YESTERDAY       23                        13     10       14
  MONTH TO DATE  267                       219     48      220
  SINCE JUN 1    537                       450     87      448
  SINCE JAN 1    656                       516    140      570
..................................................................


WIND (MPH)
  HIGHEST WIND SPEED    29   HIGHEST WIND DIRECTION    NW (330)
  HIGHEST GUST SPEED    29   HIGHEST GUST DIRECTION    NW (330)
  AVERAGE WIND SPEED    10.0


SKY COVER
  AVERAGE SKY COVER 0.7


WEATHER CONDITIONS
 THE FOLLOWING WEATHER WAS RECORDED YESTERDAY.
  HEAVY RAIN
  LIGHT RAIN


RELATIVE HUMIDITY (PERCENT)
 HIGHEST    74           900 PM
 LOWEST     39           100 PM
 AVERAGE    57

..........................................................


THE LAGUARDIA NY CLIMATE NORMALS FOR TODAY
                         NORMAL    RECORD    YEAR
 MAXIMUM TEMPERATURE (F)   86       100      2013
 MINIMUM TEMPERATURE (F)   70        62      2000
                                             1962


SUNRISE AND SUNSET
JULY 19 2016..........SUNRISE   541 AM EDT   SUNSET   823 PM EDT
JULY 20 2016..........SUNRISE   542 AM EDT   SUNSET   822 PM EDT


-  INDICATES NEGATIVE NUMBERS.
R  INDICATES RECORD WAS SET OR TIED.
MM INDICATES DATA IS MISSING.
T  INDICATES TRACE AMOUNT.




$$
