000
CDUS41 KOKX 180636
CLILGA


CLIMATE REPORT
NATIONAL WEATHER SERVICE NEW YORK NY
235 AM EDT SUN JUN 18 2017


...................................

...THE LAGUARDIA NY CLIMATE SUMMARY FOR JUNE 17 2017...

CLIMATE NORMAL PERIOD 1981 TO 2010
CLIMATE RECORD PERIOD 1939 TO 2017


WEATHER ITEM   OBSERVED TIME   RECORD YEAR NORMAL DEPARTURE LAST
                VALUE   (LST)  VALUE       VALUE  FROM      YEAR
                                                  NORMAL
..................................................................
TEMPERATURE (F)
 YESTERDAY
  MAXIMUM         74    436 PM  96    1957  81     -7       80
  MINIMUM         64    402 AM  53    1959  65     -1       66
                                      1950
  AVERAGE         69                        73     -4       73

PRECIPITATION (IN)
  YESTERDAY        1.26          2.30 2011   0.13   1.13     0.00
  MONTH TO DATE    1.85                      2.37  -0.52     1.63
  SINCE JUN 1      1.85                      2.37  -0.52     1.63
  SINCE JAN 1     22.62                     20.06   2.56    17.00

SNOWFALL (IN)
  YESTERDAY        0.0           T    2011   0.0    0.0      0.0
  MONTH TO DATE    0.0                       0.0    0.0      0.0
  SINCE OCT 1     33.2                      26.9    6.3     36.2
  SINCE JUL 1     33.2                      26.9    6.3     36.2
  SNOW DEPTH       0

DEGREE DAYS
 HEATING
  YESTERDAY        0                         0      0        0
  MONTH TO DATE   16                        15      1        2
  SINCE JUN 1     16                        15      1        2
  SINCE JUL 1   3806                      4663   -857     3654

 COOLING
  YESTERDAY        4                         8     -4        8
  MONTH TO DATE  121                       105     16      118
  SINCE JUN 1    121                       105     16      118
  SINCE JAN 1    226                       171     55      237
..................................................................


WIND (MPH)
  HIGHEST WIND SPEED    13   HIGHEST WIND DIRECTION     S (190)
  HIGHEST GUST SPEED    17   HIGHEST GUST DIRECTION     E (70)
  AVERAGE WIND SPEED     7.1


SKY COVER
  AVERAGE SKY COVER 1.0


WEATHER CONDITIONS
 THE FOLLOWING WEATHER WAS RECORDED YESTERDAY.
  HEAVY RAIN
  RAIN
  LIGHT RAIN
  FOG
  HAZE


RELATIVE HUMIDITY (PERCENT)
 HIGHEST   100          1200 AM
 LOWEST     84          1000 AM
 AVERAGE    92

..........................................................


THE LAGUARDIA NY CLIMATE NORMALS FOR TODAY
                         NORMAL    RECORD    YEAR
 MAXIMUM TEMPERATURE (F)   81        95      1994
 MINIMUM TEMPERATURE (F)   65        49      1950


SUNRISE AND SUNSET
JUNE 18 2017..........SUNRISE   524 AM EDT   SUNSET   830 PM EDT
JUNE 19 2017..........SUNRISE   524 AM EDT   SUNSET   830 PM EDT


-  INDICATES NEGATIVE NUMBERS.
R  INDICATES RECORD WAS SET OR TIED.
MM INDICATES DATA IS MISSING.
T  INDICATES TRACE AMOUNT.




$$
