438
CDUS41 KOKX 180652
CLILGA


CLIMATE REPORT
NATIONAL WEATHER SERVICE NEW YORK NY
152 AM EST THU JAN 18 2018


...................................

...THE LAGUARDIA NY CLIMATE SUMMARY FOR JANUARY 17 2018...

CLIMATE NORMAL PERIOD 1981 TO 2010
CLIMATE RECORD PERIOD 1939 TO 2018


WEATHER ITEM   OBSERVED TIME   RECORD YEAR NORMAL DEPARTURE LAST
                VALUE   (LST)  VALUE       VALUE  FROM      YEAR
                                                  NORMAL
..................................................................
TEMPERATURE (F)
 YESTERDAY
  MAXIMUM         36    636 AM  59    1990  39     -3       43
                                      1973
  MINIMUM         23   1159 PM  -1    1982  26     -3       39
                                      1977
  AVERAGE         30                        33     -3       41

PRECIPITATION (IN)
  YESTERDAY        0.17          1.20 1994   0.11   0.06     0.37
  MONTH TO DATE    1.48                      1.78  -0.30     1.99
  SINCE DEC 1      3.54                      5.34  -1.80     4.94
  SINCE JAN 1      1.48                      1.78  -0.30     1.99

SNOWFALL (IN)
  YESTERDAY        0.1           3.7  1985   0.2   -0.1      0.0
  MONTH TO DATE    7.5                       4.1    3.4      8.9
  SINCE OCT 1     15.5                       9.6    5.9     11.9
  SINCE JUL 1     15.5                       9.6    5.9     11.9
  SNOW DEPTH       0

DEGREE DAYS
 HEATING
  YESTERDAY       35                        32      3       24
  MONTH TO DATE  658                       540    118      460
  SINCE DEC 1   1543                      1371    172     1218
  SINCE JUL 1   2134                      2146    -12     1756

 COOLING
  YESTERDAY        0                         0      0        0
  MONTH TO DATE    0                         0      0        0
  SINCE DEC 1      0                         0      0        0
  SINCE JAN 1      0                         0      0        0
..................................................................


WIND (MPH)
  HIGHEST WIND SPEED    20   HIGHEST WIND DIRECTION    NW (320)
  HIGHEST GUST SPEED    24   HIGHEST GUST DIRECTION    NW (320)
  AVERAGE WIND SPEED    10.8


SKY COVER
  AVERAGE SKY COVER 1.0


WEATHER CONDITIONS
 THE FOLLOWING WEATHER WAS RECORDED YESTERDAY.
  RAIN
  LIGHT RAIN
  LIGHT SNOW
  FOG


RELATIVE HUMIDITY (PERCENT)
 HIGHEST    96          1000 AM
 LOWEST     60          1100 PM
 AVERAGE    78

..........................................................


THE LAGUARDIA NY CLIMATE NORMALS FOR TODAY
                         NORMAL    RECORD    YEAR
 MAXIMUM TEMPERATURE (F)   39        64      1990
                                             1973
 MINIMUM TEMPERATURE (F)   26         0      1982


SUNRISE AND SUNSET
JANUARY 18 2018.......SUNRISE   716 AM EST   SUNSET   456 PM EST
JANUARY 19 2018.......SUNRISE   716 AM EST   SUNSET   457 PM EST


-  INDICATES NEGATIVE NUMBERS.
R  INDICATES RECORD WAS SET OR TIED.
MM INDICATES DATA IS MISSING.
T  INDICATES TRACE AMOUNT.




$$
