000
CDUS41 KOKX 132149
CLILGA


CLIMATE REPORT
NATIONAL WEATHER SERVICE NEW YORK NY
448 PM EST SAT JAN 13 2018


...................................

...THE LAGUARDIA NY CLIMATE SUMMARY FOR JANUARY 13 2018...
VALID TODAY AS OF 0400 PM LOCAL TIME.

CLIMATE NORMAL PERIOD 1981 TO 2010
CLIMATE RECORD PERIOD 1939 TO 2018


WEATHER ITEM   OBSERVED TIME   RECORD YEAR NORMAL DEPARTURE LAST
                VALUE   (LST)  VALUE       VALUE  FROM      YEAR
                                                  NORMAL
..................................................................
TEMPERATURE (F)
 TODAY
  MAXIMUM         53    448 AM  63    2017  39     14       63
  MINIMUM         27   1024 AM   4    1981  26      1       34
  AVERAGE         40                        33      7       49

PRECIPITATION (IN)
  TODAY            0.11          1.23 1948   0.10   0.01      T
  MONTH TO DATE    1.31                      1.35  -0.04     1.52
  SINCE DEC 1      3.37                      4.91  -1.54     4.47
  SINCE JAN 1      1.31                      1.35  -0.04     1.52

SNOWFALL (IN)
  TODAY            0.0           8.9  1964   0.3   -0.3      0.0
  MONTH TO DATE    7.4                       3.2    4.2      8.3
  SINCE OCT 1     15.4                       8.7    6.7     11.3
  SINCE JUL 1     15.4                       8.7    6.7     11.3
  SNOW DEPTH       0

DEGREE DAYS
 HEATING
  TODAY           25                        32     -7       16
  MONTH TO DATE  497                       412     85      348
  SINCE DEC 1   1382                      1243    139     1106
  SINCE JUL 1   1973                      2018    -45     1644

 COOLING
  TODAY            0                         0      0        0
  MONTH TO DATE    0                         0      0        0
  SINCE DEC 1      0                         0      0        0
  SINCE JAN 1      0                         0      0        0
..................................................................


WIND (MPH)
  HIGHEST WIND SPEED    31   HIGHEST WIND DIRECTION    NW (320)
  HIGHEST GUST SPEED    38   HIGHEST GUST DIRECTION    NW (310)
  AVERAGE WIND SPEED    20.3


SKY COVER
  AVERAGE SKY COVER 0.8


WEATHER CONDITIONS
 THE FOLLOWING WEATHER WAS RECORDED TODAY.
  RAIN
  LIGHT RAIN
  FOG
  HAZE


RELATIVE HUMIDITY (PERCENT)
 HIGHEST   100          1200 AM
 LOWEST     51           200 PM
 AVERAGE    76

..........................................................


THE LAGUARDIA NY CLIMATE NORMALS FOR TOMORROW
                         NORMAL    RECORD    YEAR
 MAXIMUM TEMPERATURE (F)   39        64      1995
 MINIMUM TEMPERATURE (F)   26         7      1988


SUNRISE AND SUNSET
JANUARY 13 2018.......SUNRISE   718 AM EST   SUNSET   451 PM EST
JANUARY 14 2018.......SUNRISE   718 AM EST   SUNSET   452 PM EST


-  INDICATES NEGATIVE NUMBERS.
R  INDICATES RECORD WAS SET OR TIED.
MM INDICATES DATA IS MISSING.
T  INDICATES TRACE AMOUNT.




$$
