000
CDUS41 KOKX 220617
CLILGA


CLIMATE REPORT
NATIONAL WEATHER SERVICE NEW YORK NY
217 AM EDT FRI APR 22 2016


...................................

...THE LAGUARDIA NY CLIMATE SUMMARY FOR APRIL 21 2016...

CLIMATE NORMAL PERIOD 1981 TO 2010
CLIMATE RECORD PERIOD 1945 TO 2016


WEATHER ITEM   OBSERVED TIME   RECORD YEAR NORMAL DEPARTURE LAST
                VALUE   (LST)  VALUE       VALUE  FROM      YEAR
                                                  NORMAL
..................................................................
TEMPERATURE (F)
 YESTERDAY
  MAXIMUM         70    905 PM  86    1957  63      7       67
  MINIMUM         50    547 AM  33    1956  46      4       52
  AVERAGE         60                        55      5       60

PRECIPITATION (IN)
  YESTERDAY        0.00          1.84 1991   0.13  -0.13     0.23
  MONTH TO DATE    1.20                      2.88  -1.68     1.72
  SINCE MAR 1      2.46                      6.85  -4.39     6.26
  SINCE JAN 1     10.99                     12.78  -1.79    13.34

SNOWFALL (IN)
  YESTERDAY        0.0          MM      MM   0.0    0.0      0.0
  MONTH TO DATE    T                         0.5   -0.5      0.0
  SINCE OCT 1     36.2                      26.9    9.3     53.8
  SINCE JUL 1     36.2                      26.9    9.3     53.8
  SNOW DEPTH       0

DEGREE DAYS
 HEATING
  YESTERDAY        5                        11     -6        5
  MONTH TO DATE  282                       296    -14      246
  SINCE MAR 1    777                      1003   -226     1080
  SINCE JUL 1   3439                      4432   -993     4802

 COOLING
  YESTERDAY        0                         0      0        0
  MONTH TO DATE    3                         0      3        2
  SINCE MAR 1      8                         0      8        2
  SINCE JAN 1      8                         0      8        2
..................................................................


WIND (MPH)
  HIGHEST WIND SPEED    18   HIGHEST WIND DIRECTION     S (160)
  HIGHEST GUST SPEED    23   HIGHEST GUST DIRECTION     S (170)
  AVERAGE WIND SPEED     9.9


SKY COVER
  AVERAGE SKY COVER 0.6


WEATHER CONDITIONS
 THE FOLLOWING WEATHER WAS RECORDED YESTERDAY.
  NO SIGNIFICANT WEATHER WAS OBSERVED.


RELATIVE HUMIDITY (PERCENT)
 HIGHEST    56           700 PM
 LOWEST     23          1200 PM
 AVERAGE    40

..........................................................


THE LAGUARDIA NY CLIMATE NORMALS FOR TODAY
                         NORMAL    RECORD    YEAR
 MAXIMUM TEMPERATURE (F)   63        85      2001
                                             1962
 MINIMUM TEMPERATURE (F)   47        33      1947


SUNRISE AND SUNSET
APRIL 22 2016.........SUNRISE   606 AM EDT   SUNSET   743 PM EDT
APRIL 23 2016.........SUNRISE   604 AM EDT   SUNSET   744 PM EDT


-  INDICATES NEGATIVE NUMBERS.
R  INDICATES RECORD WAS SET OR TIED.
MM INDICATES DATA IS MISSING.
T  INDICATES TRACE AMOUNT.




$$
