000
CDUS41 KOKX 122132
CLILGA


CLIMATE REPORT
NATIONAL WEATHER SERVICE NEW YORK NY
432 PM EST SUN NOV 12 2017


...................................

...THE LAGUARDIA NY CLIMATE SUMMARY FOR NOVEMBER 12 2017...
VALID TODAY AS OF 0400 PM LOCAL TIME.

CLIMATE NORMAL PERIOD 1981 TO 2010
CLIMATE RECORD PERIOD 1939 TO 2017


WEATHER ITEM   OBSERVED TIME   RECORD YEAR NORMAL DEPARTURE LAST
                VALUE   (LST)  VALUE       VALUE  FROM      YEAR
                                                  NORMAL
..................................................................
TEMPERATURE (F)
 TODAY
  MAXIMUM         47    355 PM  67    1964  56     -9       52
                                      1956
  MINIMUM         34    303 AM  32    2013  43     -9       40
  AVERAGE         41                        50     -9       46

PRECIPITATION (IN)
  TODAY            0.00          1.74 1975   0.11  -0.11     0.00
  MONTH TO DATE    0.70                      1.32  -0.62     0.02
  SINCE SEP 1      6.32                      8.83  -2.51     7.37
  SINCE JAN 1     39.31                     39.08   0.23    31.09

SNOWFALL (IN)
  TODAY            0.0          MM      MM   0.0    0.0      0.0
  MONTH TO DATE    0.0                       0.0    0.0      0.0
  SINCE OCT 1      0.0                       0.0    0.0      0.0
  SINCE JUL 1      0.0                       0.0    0.0      0.0
  SNOW DEPTH       0

DEGREE DAYS
 HEATING
  TODAY           24                        16      8       19
  MONTH TO DATE  178                       167     11      113
  SINCE SEP 1    263                       438   -175      278
  SINCE JUL 1    263                       439   -176      278

 COOLING
  TODAY            0                         0      0        0
  MONTH TO DATE    0                         0      0        2
  SINCE SEP 1    308                       180    128      328
  SINCE JAN 1   1439                      1213    226     1745
..................................................................


WIND (MPH)
  HIGHEST WIND SPEED    13   HIGHEST WIND DIRECTION     S (200)
  HIGHEST GUST SPEED    15   HIGHEST GUST DIRECTION    SW (210)
  AVERAGE WIND SPEED     4.7


SKY COVER
  AVERAGE SKY COVER 0.6


WEATHER CONDITIONS
 THE FOLLOWING WEATHER WAS RECORDED TODAY.
  NO SIGNIFICANT WEATHER WAS OBSERVED.


RELATIVE HUMIDITY (PERCENT)
 HIGHEST    64           700 AM
 LOWEST     33          1000 AM
 AVERAGE    49

..........................................................


THE LAGUARDIA NY CLIMATE NORMALS FOR TOMORROW
                         NORMAL    RECORD    YEAR
 MAXIMUM TEMPERATURE (F)   56        70      1964
 MINIMUM TEMPERATURE (F)   43        26      1986


SUNRISE AND SUNSET
NOVEMBER 12 2017......SUNRISE   639 AM EST   SUNSET   440 PM EST
NOVEMBER 13 2017......SUNRISE   640 AM EST   SUNSET   439 PM EST


-  INDICATES NEGATIVE NUMBERS.
R  INDICATES RECORD WAS SET OR TIED.
MM INDICATES DATA IS MISSING.
T  INDICATES TRACE AMOUNT.




$$
