000
CDUS41 KOKX 190618
CLILGA


CLIMATE REPORT
NATIONAL WEATHER SERVICE NEW YORK NY
217 AM EDT WED APR 19 2017


...................................

...THE LAGUARDIA NY CLIMATE SUMMARY FOR APRIL 18 2017...

CLIMATE NORMAL PERIOD 1981 TO 2010
CLIMATE RECORD PERIOD 1939 TO 2017


WEATHER ITEM   OBSERVED TIME   RECORD YEAR NORMAL DEPARTURE LAST
                VALUE   (LST)  VALUE       VALUE  FROM      YEAR
                                                  NORMAL
..................................................................
TEMPERATURE (F)
 YESTERDAY
  MAXIMUM         65    114 PM  91    1976  62      3       80
  MINIMUM         49   1159 PM  35    2014  45      4       49
  AVERAGE         57                        54      3       65

PRECIPITATION (IN)
  YESTERDAY        0.00          0.58 1953   0.12  -0.12     0.00
  MONTH TO DATE    2.52                      2.49   0.03     1.20
  SINCE MAR 1      7.21                      6.46   0.75     2.46
  SINCE JAN 1     13.21                     12.39   0.82    10.99

SNOWFALL (IN)
  YESTERDAY        0.0           T    1997   0.1   -0.1      0.0
  MONTH TO DATE    0.0                       0.5   -0.5       T
  SINCE OCT 1     33.2                      26.9    6.3     36.2
  SINCE JUL 1     33.2                      26.9    6.3     36.2
  SNOW DEPTH       0

DEGREE DAYS
 HEATING
  YESTERDAY        8                        12     -4        0
  MONTH TO DATE  155                       263   -108      269
  SINCE MAR 1    890                       970    -80      764
  SINCE JUL 1   3577                      4399   -822     3426

 COOLING
  YESTERDAY        0                         0      0        0
  MONTH TO DATE   14                         0     14        3
  SINCE MAR 1     14                         0     14        8
  SINCE JAN 1     14                         0     14        8
..................................................................


WIND (MPH)
  HIGHEST WIND SPEED    20   HIGHEST WIND DIRECTION     S (160)
  HIGHEST GUST SPEED    24   HIGHEST GUST DIRECTION     S (190)
  AVERAGE WIND SPEED    11.4


SKY COVER
  AVERAGE SKY COVER 0.3


WEATHER CONDITIONS
 THE FOLLOWING WEATHER WAS RECORDED YESTERDAY.
  NO SIGNIFICANT WEATHER WAS OBSERVED.


RELATIVE HUMIDITY (PERCENT)
 HIGHEST    66          1100 PM
 LOWEST     27           100 PM
 AVERAGE    47

..........................................................


THE LAGUARDIA NY CLIMATE NORMALS FOR TODAY
                         NORMAL    RECORD    YEAR
 MAXIMUM TEMPERATURE (F)   62        85      2002
                                             1976
 MINIMUM TEMPERATURE (F)   46        35      1983


SUNRISE AND SUNSET
APRIL 19 2017.........SUNRISE   610 AM EDT   SUNSET   740 PM EDT
APRIL 20 2017.........SUNRISE   609 AM EDT   SUNSET   741 PM EDT


-  INDICATES NEGATIVE NUMBERS.
R  INDICATES RECORD WAS SET OR TIED.
MM INDICATES DATA IS MISSING.
T  INDICATES TRACE AMOUNT.




$$
