000
CDUS41 KOKX 230624
CLILGA


CLIMATE REPORT
NATIONAL WEATHER SERVICE NEW YORK NY
124 AM EST MON FEB 23 2015


...................................

...THE LAGUARDIA NY CLIMATE SUMMARY FOR FEBRUARY 22 2015...

CLIMATE NORMAL PERIOD 1981 TO 2010
CLIMATE RECORD PERIOD 1945 TO 2015


WEATHER ITEM   OBSERVED TIME   RECORD YEAR NORMAL DEPARTURE LAST
                VALUE   (LST)  VALUE       VALUE  FROM      YEAR
                                                  NORMAL
..................................................................
TEMPERATURE (F)
 YESTERDAY
  MAXIMUM         42    437 PM  70    1997  44     -2       55
  MINIMUM         31    619 AM   9    1963  30      1       38
  AVERAGE         37                        37      0       47

PRECIPITATION (IN)
  YESTERDAY        0.11          1.60 2003   0.11   0.00     0.00
  MONTH TO DATE    2.10                      2.12  -0.02     4.92
  SINCE DEC 1     13.28                      8.85   4.43    11.74
  SINCE JAN 1      7.08                      5.29   1.79     7.28

SNOWFALL (IN)
  YESTERDAY        0.5           6.4  2008   0.4    0.1      0.0
  MONTH TO DATE   15.1                       7.4    7.7     27.0
  SINCE OCT 1     36.5                      20.3   16.2     51.5
  SINCE JUL 1     36.5                      20.3   16.2     51.5
  SNOW DEPTH       8

DEGREE DAYS
 HEATING
  YESTERDAY       28                        28      0       18
  MONTH TO DATE  890                       664    226      724
  SINCE DEC 1   2722                      2488    234     2665
  SINCE JUL 1   3476                      3263    213     3447

 COOLING
  YESTERDAY        0                         0      0        0
  MONTH TO DATE    0                         0      0        0
  SINCE DEC 1      0                         0      0        0
  SINCE JAN 1      0                         0      0        0
..................................................................


WIND (MPH)
  HIGHEST WIND SPEED    15   HIGHEST WIND DIRECTION     W (270)
  HIGHEST GUST SPEED    21   HIGHEST GUST DIRECTION    NW (310)
  AVERAGE WIND SPEED     5.1


SKY COVER
  AVERAGE SKY COVER 0.9


WEATHER CONDITIONS
 THE FOLLOWING WEATHER WAS RECORDED YESTERDAY.
  LT FREEZING RAIN
  LIGHT SNOW
  SLEET
  FOG
  HAZE


RELATIVE HUMIDITY (PERCENT)
 HIGHEST    92           700 AM
 LOWEST     59          1000 PM
 AVERAGE    76

..........................................................


THE LAGUARDIA NY CLIMATE NORMALS FOR TODAY
                         NORMAL    RECORD    YEAR
 MAXIMUM TEMPERATURE (F)   44        66      1985
 MINIMUM TEMPERATURE (F)   30        10      1972


SUNRISE AND SUNSET
FEBRUARY 23 2015......SUNRISE   639 AM EST   SUNSET   540 PM EST
FEBRUARY 24 2015......SUNRISE   637 AM EST   SUNSET   541 PM EST


-  INDICATES NEGATIVE NUMBERS.
R  INDICATES RECORD WAS SET OR TIED.
MM INDICATES DATA IS MISSING.
T  INDICATES TRACE AMOUNT.




$$
