000
CDUS41 KOKX 142032
CLILGA


CLIMATE REPORT
NATIONAL WEATHER SERVICE NEW YORK NY
432 PM EDT TUE MAR 14 2017


...................................

...THE LAGUARDIA NY CLIMATE SUMMARY FOR MARCH 14 2017...
VALID TODAY AS OF 0400 PM LOCAL TIME.

CLIMATE NORMAL PERIOD 1981 TO 2010
CLIMATE RECORD PERIOD 1939 TO 2017


WEATHER ITEM   OBSERVED TIME   RECORD YEAR NORMAL DEPARTURE LAST
                VALUE   (LST)  VALUE       VALUE  FROM      YEAR
                                                  NORMAL
..................................................................
TEMPERATURE (F)
 TODAY
  MAXIMUM         34   1215 PM  75    1946  49    -15       52
  MINIMUM         30    138 AM  18    1993  34     -4       41
  AVERAGE         32                        41     -9       47

PRECIPITATION (IN)
  TODAY            1.01          1.41 1961   0.12   0.89     0.18
  MONTH TO DATE    1.53                      1.67  -0.14     0.48
  SINCE MAR 1      1.53                      1.67  -0.14     0.48
  SINCE JAN 1      7.53                      7.60  -0.07     9.01

SNOWFALL (IN)
  TODAY            7.2           8.4  1958   0.1    7.1      0.0
  MONTH TO DATE    9.6                       2.7    6.9      1.2
  SINCE OCT 1     33.0                      24.7    8.3     35.6
  SINCE JUL 1     33.0                      24.7    8.3     35.6
  SNOW DEPTH       7

DEGREE DAYS
 HEATING
  TODAY           33                        24      9       18
  MONTH TO DATE  356                       355      1      239
  SINCE MAR 1    356                       355      1      239
  SINCE JUL 1   3043                      3784   -741     2901

 COOLING
  TODAY            0                         0      0        0
  MONTH TO DATE    0                         0      0        5
  SINCE MAR 1      0                         0      0        5
  SINCE JAN 1      0                         0      0        5
..................................................................


WIND (MPH)
  HIGHEST WIND SPEED    39   HIGHEST WIND DIRECTION    NE (40)
  HIGHEST GUST SPEED    49   HIGHEST GUST DIRECTION    NE (60)
  AVERAGE WIND SPEED    26.9


SKY COVER
  AVERAGE SKY COVER 0.9


WEATHER CONDITIONS
 THE FOLLOWING WEATHER WAS RECORDED TODAY.
  THUNDERSTORM
  SNOW
  LIGHT SNOW
  SLEET
  FOG
  BLOWING SNOW


RELATIVE HUMIDITY (PERCENT)
 HIGHEST    96          1200 PM
 LOWEST     85           200 AM
 AVERAGE    91

..........................................................


THE LAGUARDIA NY CLIMATE NORMALS FOR TOMORROW
                         NORMAL    RECORD    YEAR
 MAXIMUM TEMPERATURE (F)   49        74      1990
 MINIMUM TEMPERATURE (F)   34        14      1993


SUNRISE AND SUNSET
MARCH 14 2017.........SUNRISE   709 AM EDT   SUNSET   702 PM EDT
MARCH 15 2017.........SUNRISE   707 AM EDT   SUNSET   703 PM EDT


-  INDICATES NEGATIVE NUMBERS.
R  INDICATES RECORD WAS SET OR TIED.
MM INDICATES DATA IS MISSING.
T  INDICATES TRACE AMOUNT.




$$
