000
CDUS41 KOKX 132032
CLILGA


CLIMATE REPORT
NATIONAL WEATHER SERVICE NEW YORK NY
432 PM EDT THU JUL 13 2017


...................................

...THE LAGUARDIA NY CLIMATE SUMMARY FOR JULY 13 2017...
VALID TODAY AS OF 0400 PM LOCAL TIME.

CLIMATE NORMAL PERIOD 1981 TO 2010
CLIMATE RECORD PERIOD 1939 TO 2017


WEATHER ITEM   OBSERVED TIME   RECORD YEAR NORMAL DEPARTURE LAST
                VALUE   (LST)  VALUE       VALUE  FROM      YEAR
                                                  NORMAL
..................................................................
TEMPERATURE (F)
 TODAY
  MAXIMUM         94   1114 AM  99    1966  86      8       86
  MINIMUM         82    522 AM  58    1990  70     12       73
  AVERAGE         88                        78     10       80

PRECIPITATION (IN)
  TODAY            0.00          2.01 1972   0.16  -0.16      T
  MONTH TO DATE    2.33                      1.75   0.58     1.80
  SINCE JUN 1      6.71                      5.69   1.02     4.04
  SINCE JAN 1     27.48                     23.38   4.10    19.41

SNOWFALL (IN)
  TODAY            0.0          MM      MM   0.0    0.0      0.0
  MONTH TO DATE    0.0                       0.0    0.0      0.0
  SINCE OCT 1     33.2                      26.9    6.3     36.2
  SINCE JUL 1      0.0                       0.0    0.0      0.0
  SNOW DEPTH       0

DEGREE DAYS
 HEATING
  TODAY            0                         0      0        0
  MONTH TO DATE    0                         0      0        0
  SINCE JUN 1     16                        16      0        2
  SINCE JUL 1      0                         0      0        0

 COOLING
  TODAY           23                        13     10       15
  MONTH TO DATE  198                       154     44      164
  SINCE JUN 1    478                       385     93      434
  SINCE JAN 1    583                       451    132      553
..................................................................


WIND (MPH)
  HIGHEST WIND SPEED    21   HIGHEST WIND DIRECTION     W (260)
  HIGHEST GUST SPEED    29   HIGHEST GUST DIRECTION     W (260)
  AVERAGE WIND SPEED    10.4


SKY COVER
  AVERAGE SKY COVER 0.7


WEATHER CONDITIONS
 THE FOLLOWING WEATHER WAS RECORDED TODAY.
  NO SIGNIFICANT WEATHER WAS OBSERVED.


RELATIVE HUMIDITY (PERCENT)
 HIGHEST    74          1200 AM
 LOWEST     49          1000 AM
 AVERAGE    62

..........................................................


THE LAGUARDIA NY CLIMATE NORMALS FOR TOMORROW
                         NORMAL    RECORD    YEAR
 MAXIMUM TEMPERATURE (F)   86        99      1954
 MINIMUM TEMPERATURE (F)   70        59      1940


SUNRISE AND SUNSET
JULY 13 2017..........SUNRISE   536 AM EDT   SUNSET   827 PM EDT
JULY 14 2017..........SUNRISE   537 AM EDT   SUNSET   826 PM EDT


-  INDICATES NEGATIVE NUMBERS.
R  INDICATES RECORD WAS SET OR TIED.
MM INDICATES DATA IS MISSING.
T  INDICATES TRACE AMOUNT.




$$
