000
CDUS41 KOKX 172037
CLILGA


CLIMATE REPORT
NATIONAL WEATHER SERVICE NEW YORK NY
436 PM EDT FRI MAR 17 2017


...................................

...THE LAGUARDIA NY CLIMATE SUMMARY FOR MARCH 17 2017...
VALID TODAY AS OF 0400 PM LOCAL TIME.

CLIMATE NORMAL PERIOD 1981 TO 2010
CLIMATE RECORD PERIOD 1939 TO 2017


WEATHER ITEM   OBSERVED TIME   RECORD YEAR NORMAL DEPARTURE LAST
                VALUE   (LST)  VALUE       VALUE  FROM      YEAR
                                                  NORMAL
..................................................................
TEMPERATURE (F)
 TODAY
  MAXIMUM         48    259 PM  74    1945  50     -2       64
  MINIMUM         32    605 AM  15    1967  35     -3       45
  AVERAGE         40                        42     -2       55

PRECIPITATION (IN)
  TODAY            0.00          1.39 1968   0.13  -0.13     0.04
  MONTH TO DATE    1.55                      2.06  -0.51     0.54
  SINCE MAR 1      1.55                      2.06  -0.51     0.54
  SINCE JAN 1      7.55                      7.99  -0.44     9.07

SNOWFALL (IN)
  TODAY            0.0           2.6  1967   0.1   -0.1      0.0
  MONTH TO DATE    9.8                       3.1    6.7      1.2
  SINCE OCT 1     33.2                      25.1    8.1     35.6
  SINCE JUL 1     33.2                      25.1    8.1     35.6
  SNOW DEPTH       5

DEGREE DAYS
 HEATING
  TODAY           25                        23      2       10
  MONTH TO DATE  453                       424     29      273
  SINCE MAR 1    453                       424     29      273
  SINCE JUL 1   3140                      3853   -713     2935

 COOLING
  TODAY            0                         0      0        0
  MONTH TO DATE    0                         0      0        5
  SINCE MAR 1      0                         0      0        5
  SINCE JAN 1      0                         0      0        5
..................................................................


WIND (MPH)
  HIGHEST WIND SPEED    18   HIGHEST WIND DIRECTION     W (280)
  HIGHEST GUST SPEED    25   HIGHEST GUST DIRECTION     W (270)
  AVERAGE WIND SPEED    13.0


SKY COVER
  AVERAGE SKY COVER 0.2


WEATHER CONDITIONS
 THE FOLLOWING WEATHER WAS RECORDED TODAY.
  NO SIGNIFICANT WEATHER WAS OBSERVED.


RELATIVE HUMIDITY (PERCENT)
 HIGHEST    51           600 AM
 LOWEST     24           300 PM
 AVERAGE    38

..........................................................


THE LAGUARDIA NY CLIMATE NORMALS FOR TOMORROW
                         NORMAL    RECORD    YEAR
 MAXIMUM TEMPERATURE (F)   50        75      2011
 MINIMUM TEMPERATURE (F)   35        13      1967


SUNRISE AND SUNSET
MARCH 17 2017.........SUNRISE   704 AM EDT   SUNSET   705 PM EDT
MARCH 18 2017.........SUNRISE   702 AM EDT   SUNSET   706 PM EDT


-  INDICATES NEGATIVE NUMBERS.
R  INDICATES RECORD WAS SET OR TIED.
MM INDICATES DATA IS MISSING.
T  INDICATES TRACE AMOUNT.




$$
