979
CDUS41 KOKX 202049
CLILGA


CLIMATE REPORT
NATIONAL WEATHER SERVICE NEW YORK NY
449 PM EDT TUE JUN 20 2017


...................................

...THE LAGUARDIA NY CLIMATE SUMMARY FOR JUNE 20 2017...
VALID TODAY AS OF 0400 PM LOCAL TIME.

CLIMATE NORMAL PERIOD 1981 TO 2010
CLIMATE RECORD PERIOD 1939 TO 2017


WEATHER ITEM   OBSERVED TIME   RECORD YEAR NORMAL DEPARTURE LAST
                VALUE   (LST)  VALUE       VALUE  FROM      YEAR
                                                  NORMAL
..................................................................
TEMPERATURE (F)
 TODAY
  MAXIMUM         86    259 PM  98    2012  82      4       83
  MINIMUM         70   1253 AM  55    1959  65      5       66
  AVERAGE         78                        74      4       75

PRECIPITATION (IN)
  TODAY            0.01          0.41 1993   0.12  -0.11     0.00
  MONTH TO DATE    3.08                      2.75   0.33     1.63
  SINCE JUN 1      3.08                      2.75   0.33     1.63
  SINCE JAN 1     23.85                     20.44   3.41    17.00

SNOWFALL (IN)
  TODAY            0.0          MM      MM   0.0    0.0      0.0
  MONTH TO DATE    0.0                       0.0    0.0      0.0
  SINCE OCT 1     33.2                      26.9    6.3     36.2
  SINCE JUL 1     33.2                      26.9    6.3     36.2
  SNOW DEPTH       0

DEGREE DAYS
 HEATING
  TODAY            0                         0      0        0
  MONTH TO DATE   16                        15      1        2
  SINCE JUN 1     16                        15      1        2
  SINCE JUL 1   3806                      4663   -857     3654

 COOLING
  TODAY           13                         9      4       10
  MONTH TO DATE  160                       131     29      149
  SINCE JUN 1    160                       131     29      149
  SINCE JAN 1    265                       197     68      268
..................................................................


WIND (MPH)
  HIGHEST WIND SPEED    24   HIGHEST WIND DIRECTION     W (270)
  HIGHEST GUST SPEED    32   HIGHEST GUST DIRECTION     W (270)
  AVERAGE WIND SPEED    13.7


SKY COVER
  AVERAGE SKY COVER 0.6


WEATHER CONDITIONS
 THE FOLLOWING WEATHER WAS RECORDED TODAY.
  LIGHT RAIN


RELATIVE HUMIDITY (PERCENT)
 HIGHEST    93          1200 AM
 LOWEST     31           200 PM
 AVERAGE    62

..........................................................


THE LAGUARDIA NY CLIMATE NORMALS FOR TOMORROW
                         NORMAL    RECORD    YEAR
 MAXIMUM TEMPERATURE (F)   82        98      2012
 MINIMUM TEMPERATURE (F)   66        53      1940


SUNRISE AND SUNSET
JUNE 20 2017..........SUNRISE   524 AM EDT   SUNSET   830 PM EDT
JUNE 21 2017..........SUNRISE   524 AM EDT   SUNSET   830 PM EDT


-  INDICATES NEGATIVE NUMBERS.
R  INDICATES RECORD WAS SET OR TIED.
MM INDICATES DATA IS MISSING.
T  INDICATES TRACE AMOUNT.




$$
