000
CDUS41 KOKX 220619
CLILGA


CLIMATE REPORT
NATIONAL WEATHER SERVICE NEW YORK NY
219 AM EDT FRI JUL 22 2016


...................................

...THE LAGUARDIA NY CLIMATE SUMMARY FOR JULY 21 2016...

CLIMATE NORMAL PERIOD 1981 TO 2010
CLIMATE RECORD PERIOD 1939 TO 2016


WEATHER ITEM   OBSERVED TIME   RECORD YEAR NORMAL DEPARTURE LAST
                VALUE   (LST)  VALUE       VALUE  FROM      YEAR
                                                  NORMAL
..................................................................
TEMPERATURE (F)
 YESTERDAY
  MAXIMUM         91    119 PM 100    1991  86      5       92
  MINIMUM         75    627 AM  62    1974  70      5       75
                                      1956
                                      1950
  AVERAGE         83                        78      5       84

PRECIPITATION (IN)
  YESTERDAY        0.00          2.06 2006   0.15  -0.15      T
  MONTH TO DATE    2.42                      2.96  -0.54     1.87
  SINCE JUN 1      4.66                      6.90  -2.24     6.67
  SINCE JAN 1     20.03                     24.59  -4.56    21.72

SNOWFALL (IN)
  YESTERDAY        0.0          MM      MM   0.0    0.0      0.0
  MONTH TO DATE    0.0                       0.0    0.0      0.0
  SINCE OCT 1     36.2                      26.9    9.3     53.8
  SINCE JUL 1      0.0                       0.0    0.0      0.0
  SNOW DEPTH       0

DEGREE DAYS
 HEATING
  YESTERDAY        0                         0      0        0
  MONTH TO DATE    0                         0      0        0
  SINCE JUN 1      2                        16    -14       34
  SINCE JUL 1      0                         0      0        0

 COOLING
  YESTERDAY       18                        13      5       19
  MONTH TO DATE  314                       258     56      284
  SINCE JUN 1    584                       489     95      512
  SINCE JAN 1    703                       555    148      634
..................................................................


WIND (MPH)
  HIGHEST WIND SPEED    22   HIGHEST WIND DIRECTION     S (160)
  HIGHEST GUST SPEED    26   HIGHEST GUST DIRECTION     S (160)
  AVERAGE WIND SPEED    10.6


SKY COVER
  AVERAGE SKY COVER 0.3


WEATHER CONDITIONS
 THE FOLLOWING WEATHER WAS RECORDED YESTERDAY.
  NO SIGNIFICANT WEATHER WAS OBSERVED.


RELATIVE HUMIDITY (PERCENT)
 HIGHEST    69           400 AM
 LOWEST     28           100 PM
 AVERAGE    49

..........................................................


THE LAGUARDIA NY CLIMATE NORMALS FOR TODAY
                         NORMAL    RECORD    YEAR
 MAXIMUM TEMPERATURE (F)   86       104      2011
 MINIMUM TEMPERATURE (F)   70        62      1956
                                             1944


SUNRISE AND SUNSET
JULY 22 2016..........SUNRISE   543 AM EDT   SUNSET   820 PM EDT
JULY 23 2016..........SUNRISE   544 AM EDT   SUNSET   819 PM EDT


-  INDICATES NEGATIVE NUMBERS.
R  INDICATES RECORD WAS SET OR TIED.
MM INDICATES DATA IS MISSING.
T  INDICATES TRACE AMOUNT.




$$
