000
CDUS41 KOKX 072140
CLILGA


CLIMATE REPORT
NATIONAL WEATHER SERVICE NEW YORK NY
440 PM EST SUN FEB 7 2016


...................................

...THE LAGUARDIA NY CLIMATE SUMMARY FOR FEBRUARY 7 2016...
VALID TODAY AS OF 0400 PM LOCAL TIME.

CLIMATE NORMAL PERIOD 1981 TO 2010
CLIMATE RECORD PERIOD 1945 TO 2016


WEATHER ITEM   OBSERVED TIME   RECORD YEAR NORMAL DEPARTURE LAST
                VALUE   (LST)  VALUE       VALUE  FROM      YEAR
                                                  NORMAL
..................................................................
TEMPERATURE (F)
 TODAY
  MAXIMUM         46    225 PM  52    1955  41      5       36
                                      1953
                                      1951
  MINIMUM         33    438 AM   5    1993  27      6       26
  AVERAGE         40                        34      6       31

PRECIPITATION (IN)
  TODAY            0.00          1.01 1958   0.09  -0.09     0.01
  MONTH TO DATE    1.05                      0.67   0.38     1.13
  SINCE DEC 1      9.55                      7.40   2.15    12.31
  SINCE JAN 1      5.22                      3.84   1.38     6.11

SNOWFALL (IN)
  TODAY            0.0          10.6  1967   0.3   -0.3      0.2
  MONTH TO DATE    2.4                       2.2    0.2      6.7
  SINCE OCT 1     31.2                      15.1   16.1     28.1
  SINCE JUL 1     31.2                      15.1   16.1     28.1
  SNOW DEPTH       0

DEGREE DAYS
 HEATING
  TODAY           25                        31     -6       34
  MONTH TO DATE  144                       219    -75      272
  SINCE DEC 1   1479                      2043   -564     2104
  SINCE JUL 1   2041                      2818   -777     2858

 COOLING
  TODAY            0                         0      0        0
  MONTH TO DATE    0                         0      0        0
  SINCE DEC 1      1                         0      1        0
  SINCE JAN 1      0                         0      0        0
..................................................................


WIND (MPH)
  HIGHEST WIND SPEED    12   HIGHEST WIND DIRECTION    NE (50)
  HIGHEST GUST SPEED    15   HIGHEST GUST DIRECTION    SW (220)
  AVERAGE WIND SPEED     4.5


SKY COVER
  AVERAGE SKY COVER 0.5


WEATHER CONDITIONS
 THE FOLLOWING WEATHER WAS RECORDED TODAY.
  NO SIGNIFICANT WEATHER WAS OBSERVED.


RELATIVE HUMIDITY (PERCENT)
 HIGHEST    64           600 AM
 LOWEST     37           100 PM
 AVERAGE    51

..........................................................


THE LAGUARDIA NY CLIMATE NORMALS FOR TOMORROW
                         NORMAL    RECORD    YEAR
 MAXIMUM TEMPERATURE (F)   41        60      1965
 MINIMUM TEMPERATURE (F)   28        -2      1963


SUNRISE AND SUNSET
FEBRUARY  7 2016......SUNRISE   700 AM EST   SUNSET   520 PM EST
FEBRUARY  8 2016......SUNRISE   659 AM EST   SUNSET   521 PM EST


-  INDICATES NEGATIVE NUMBERS.
R  INDICATES RECORD WAS SET OR TIED.
MM INDICATES DATA IS MISSING.
T  INDICATES TRACE AMOUNT.




$$
