000
CDUS41 KOKX 260618
CLILGA


CLIMATE REPORT
NATIONAL WEATHER SERVICE NEW YORK NY
218 AM EDT WED APR 26 2017


...................................

...THE LAGUARDIA NY CLIMATE SUMMARY FOR APRIL 25 2017...

CLIMATE NORMAL PERIOD 1981 TO 2010
CLIMATE RECORD PERIOD 1939 TO 2017


WEATHER ITEM   OBSERVED TIME   RECORD YEAR NORMAL DEPARTURE LAST
                VALUE   (LST)  VALUE       VALUE  FROM      YEAR
                                                  NORMAL
..................................................................
TEMPERATURE (F)
 YESTERDAY
  MAXIMUM         57   1153 AM  88    2009  64     -7       68
                                      1960
  MINIMUM         50    522 AM  36    1971  48      2       51
  AVERAGE         54                        56     -2       60

PRECIPITATION (IN)
  YESTERDAY        0.64          1.50 2010   0.12   0.52     0.00
  MONTH TO DATE    3.74                      3.38   0.36     1.34
  SINCE MAR 1      8.43                      7.35   1.08     2.60
  SINCE JAN 1     14.43                     13.28   1.15    11.13

SNOWFALL (IN)
  YESTERDAY        0.0           T    1971   0.0    0.0      0.0
  MONTH TO DATE    0.0                       0.5   -0.5       T
  SINCE OCT 1     33.2                      26.9    6.3     36.2
  SINCE JUL 1     33.2                      26.9    6.3     36.2
  SNOW DEPTH       0

DEGREE DAYS
 HEATING
  YESTERDAY       11                         9      2        5
  MONTH TO DATE  233                       335   -102      297
  SINCE MAR 1    968                      1042    -74      792
  SINCE JUL 1   3655                      4471   -816     3454

 COOLING
  YESTERDAY        0                         0      0        0
  MONTH TO DATE   14                         0     14        8
  SINCE MAR 1     14                         0     14       13
  SINCE JAN 1     14                         0     14       13
..................................................................


WIND (MPH)
  HIGHEST WIND SPEED    32   HIGHEST WIND DIRECTION    NE (60)
  HIGHEST GUST SPEED    39   HIGHEST GUST DIRECTION    NE (60)
  AVERAGE WIND SPEED    21.4


SKY COVER
  AVERAGE SKY COVER 1.0


WEATHER CONDITIONS
 THE FOLLOWING WEATHER WAS RECORDED YESTERDAY.
  RAIN
  LIGHT RAIN
  FOG


RELATIVE HUMIDITY (PERCENT)
 HIGHEST    96           800 PM
 LOWEST     80          1200 PM
 AVERAGE    88

..........................................................


THE LAGUARDIA NY CLIMATE NORMALS FOR TODAY
                         NORMAL    RECORD    YEAR
 MAXIMUM TEMPERATURE (F)   65        91      2009
 MINIMUM TEMPERATURE (F)   48        37      1972


SUNRISE AND SUNSET
APRIL 26 2017.........SUNRISE   600 AM EDT   SUNSET   747 PM EDT
APRIL 27 2017.........SUNRISE   559 AM EDT   SUNSET   748 PM EDT


-  INDICATES NEGATIVE NUMBERS.
R  INDICATES RECORD WAS SET OR TIED.
MM INDICATES DATA IS MISSING.
T  INDICATES TRACE AMOUNT.




$$
