000
CDUS41 KOKX 200624
CLILGA


CLIMATE REPORT
NATIONAL WEATHER SERVICE NEW YORK NY
123 AM EST SAT DEC 20 2014


...................................

...THE LAGUARDIA NY CLIMATE SUMMARY FOR DECEMBER 19 2014...

CLIMATE NORMAL PERIOD 1981 TO 2010
CLIMATE RECORD PERIOD 1945 TO 2014


WEATHER ITEM   OBSERVED TIME   RECORD YEAR NORMAL DEPARTURE LAST
                VALUE   (LST)  VALUE       VALUE  FROM      YEAR
                                                  NORMAL
..................................................................
TEMPERATURE (F)
 YESTERDAY
  MAXIMUM         38    229 PM  57    1957  43     -5       48
  MINIMUM         32   1157 PM  14    1980  31      1       31
  AVERAGE         35                        37     -2       40

PRECIPITATION (IN)
  YESTERDAY        0.00          1.31 1948   0.11  -0.11     0.00
  MONTH TO DATE    5.14                      2.27   2.87     2.72
  SINCE DEC 1      5.14                      2.27   2.87     2.72
  SINCE JAN 1     49.25                     43.44   5.81    36.55

SNOWFALL (IN)
  YESTERDAY        0.0          15.9  1948   0.2   -0.2      0.0
  MONTH TO DATE    1.3                       2.5   -1.2      7.6
  SINCE OCT 1      1.7                       2.8   -1.1      7.8
  SINCE JUL 1      1.7                       2.8   -1.1      7.8
  SNOW DEPTH       0

DEGREE DAYS
 HEATING
  YESTERDAY       30                        28      2       25
  MONTH TO DATE  466                       475     -9      539
  SINCE DEC 1    466                       475     -9      539
  SINCE JUL 1   1220                      1250    -30     1321

 COOLING
  YESTERDAY        0                         0      0        0
  MONTH TO DATE    0                         0      0        0
  SINCE DEC 1      0                         0      0        0
  SINCE JAN 1   1192                      1214    -22     1402
..................................................................


WIND (MPH)
  HIGHEST WIND SPEED    22   HIGHEST WIND DIRECTION    NW (320)
  HIGHEST GUST SPEED    28   HIGHEST GUST DIRECTION    NW (300)
  AVERAGE WIND SPEED    15.0


SKY COVER
  AVERAGE SKY COVER 0.7


WEATHER CONDITIONS
 THE FOLLOWING WEATHER WAS RECORDED YESTERDAY.
  NO SIGNIFICANT WEATHER WAS OBSERVED.


RELATIVE HUMIDITY (PERCENT)
 HIGHEST    70          1200 AM
 LOWEST     52           200 PM
 AVERAGE    61

..........................................................


THE LAGUARDIA NY CLIMATE NORMALS FOR TODAY
                         NORMAL    RECORD    YEAR
 MAXIMUM TEMPERATURE (F)   43        61      1957
 MINIMUM TEMPERATURE (F)   31        -2      1942


SUNRISE AND SUNSET
DECEMBER 20 2014......SUNRISE   716 AM EST   SUNSET   431 PM EST
DECEMBER 21 2014......SUNRISE   716 AM EST   SUNSET   431 PM EST


-  INDICATES NEGATIVE NUMBERS.
R  INDICATES RECORD WAS SET OR TIED.
MM INDICATES DATA IS MISSING.
T  INDICATES TRACE AMOUNT.




$$
