000
CDUS41 KOKX 210618
CLILGA


CLIMATE REPORT
NATIONAL WEATHER SERVICE NEW YORK NY
217 AM EDT TUE OCT 21 2014


...................................

...THE LAGUARDIA NY CLIMATE SUMMARY FOR OCTOBER 20 2014...

CLIMATE NORMAL PERIOD 1981 TO 2010
CLIMATE RECORD PERIOD 1945 TO 2014


WEATHER ITEM   OBSERVED TIME   RECORD YEAR NORMAL DEPARTURE LAST
                VALUE   (LST)  VALUE       VALUE  FROM      YEAR
                                                  NORMAL
..................................................................
TEMPERATURE (F)
 YESTERDAY
  MAXIMUM         61    401 PM  79    1984  64     -3       63
                                      1953
  MINIMUM         44    518 AM  32    1972  50     -6       51
  AVERAGE         53                        57     -4       57

PRECIPITATION (IN)
  YESTERDAY        0.00          2.36 1989   0.12  -0.12     0.00
  MONTH TO DATE    2.27                      2.48  -0.21     0.38
  SINCE SEP 1      3.51                      6.21  -2.70     3.67
  SINCE JAN 1     38.57                     36.46   2.11    31.01

SNOWFALL (IN)
  YESTERDAY        0.0          MM      MM   0.0    0.0      0.0
  MONTH TO DATE    0.0                       0.0    0.0      0.0
  SINCE OCT 1      0.0                       0.0    0.0      0.0
  SINCE JUL 1      0.0                       0.0    0.0      0.0
  SNOW DEPTH       0

DEGREE DAYS
 HEATING
  YESTERDAY       12                         9      3        8
  MONTH TO DATE   80                       122    -42       47
  SINCE SEP 1     93                       156    -63       78
  SINCE JUL 1     93                       157    -64       78

 COOLING
  YESTERDAY        0                         0      0        0
  MONTH TO DATE   24                        20      4       51
  SINCE SEP 1    205                       177     28      183
  SINCE JAN 1   1192                      1210    -18     1402
..................................................................


WIND (MPH)
  HIGHEST WIND SPEED    16   HIGHEST WIND DIRECTION     S (160)
  HIGHEST GUST SPEED    20   HIGHEST GUST DIRECTION     S (170)
  AVERAGE WIND SPEED     7.8


SKY COVER
  AVERAGE SKY COVER 0.7


WEATHER CONDITIONS
 THE FOLLOWING WEATHER WAS RECORDED YESTERDAY.
  NO SIGNIFICANT WEATHER WAS OBSERVED.


RELATIVE HUMIDITY (PERCENT)
 HIGHEST    62          1000 PM
 LOWEST     37           200 PM
 AVERAGE    50

..........................................................


THE LAGUARDIA NY CLIMATE NORMALS FOR TODAY
                         NORMAL    RECORD    YEAR
 MAXIMUM TEMPERATURE (F)   63        82      1947
 MINIMUM TEMPERATURE (F)   49        33      1974


SUNRISE AND SUNSET
OCTOBER 21 2014.......SUNRISE   713 AM EDT   SUNSET   606 PM EDT
OCTOBER 22 2014.......SUNRISE   714 AM EDT   SUNSET   605 PM EDT


-  INDICATES NEGATIVE NUMBERS.
R  INDICATES RECORD WAS SET OR TIED.
MM INDICATES DATA IS MISSING.
T  INDICATES TRACE AMOUNT.




$$
