000
CDUS41 KOKX 260622
CLILGA


CLIMATE REPORT
NATIONAL WEATHER SERVICE NEW YORK NY
222 AM EDT FRI AUG 26 2016


...................................

...THE LAGUARDIA NY CLIMATE SUMMARY FOR AUGUST 25 2016...

CLIMATE NORMAL PERIOD 1981 TO 2010
CLIMATE RECORD PERIOD 1939 TO 2016


WEATHER ITEM   OBSERVED TIME   RECORD YEAR NORMAL DEPARTURE LAST
                VALUE   (LST)  VALUE       VALUE  FROM      YEAR
                                                  NORMAL
..................................................................
TEMPERATURE (F)
 YESTERDAY
  MAXIMUM         86    215 PM  96    1948  83      3       88
  MINIMUM         73    611 AM  53    1940  68      5       75
  AVERAGE         80                        75      5       82

PRECIPITATION (IN)
  YESTERDAY        0.01          2.09 1958   0.13  -0.12      T
  MONTH TO DATE    1.13                      3.44  -2.31     1.80
  SINCE JUN 1      8.35                     11.88  -3.53    10.14
  SINCE JAN 1     23.72                     29.57  -5.85    25.19

SNOWFALL (IN)
  YESTERDAY        0.0          MM      MM   0.0    0.0      0.0
  MONTH TO DATE    0.0                       0.0    0.0      0.0
  SINCE OCT 1     36.2                      26.9    9.3     53.8
  SINCE JUL 1      0.0                       0.0    0.0      0.0
  SNOW DEPTH       0

DEGREE DAYS
 HEATING
  YESTERDAY        0                         0      0        0
  MONTH TO DATE    0                         0      0        0
  SINCE JUN 1      2                        16    -14       34
  SINCE JUL 1      0                         0      0        0

 COOLING
  YESTERDAY       15                        10      5       17
  MONTH TO DATE  417                       293    124      373
  SINCE JUN 1   1193                       909    284     1048
  SINCE JAN 1   1312                       975    337     1170
..................................................................


WIND (MPH)
  HIGHEST WIND SPEED    22   HIGHEST WIND DIRECTION     S (180)
  HIGHEST GUST SPEED    27   HIGHEST GUST DIRECTION     S (180)
  AVERAGE WIND SPEED    11.5


SKY COVER
  AVERAGE SKY COVER 0.7


WEATHER CONDITIONS
 THE FOLLOWING WEATHER WAS RECORDED YESTERDAY.
  LIGHT RAIN


RELATIVE HUMIDITY (PERCENT)
 HIGHEST    74          1100 PM
 LOWEST     47          1000 AM
 AVERAGE    61

..........................................................


THE LAGUARDIA NY CLIMATE NORMALS FOR TODAY
                         NORMAL    RECORD    YEAR
 MAXIMUM TEMPERATURE (F)   82       103      1948
 MINIMUM TEMPERATURE (F)   68        53      1940


SUNRISE AND SUNSET
AUGUST 26 2016........SUNRISE   617 AM EDT   SUNSET   737 PM EDT
AUGUST 27 2016........SUNRISE   618 AM EDT   SUNSET   735 PM EDT


-  INDICATES NEGATIVE NUMBERS.
R  INDICATES RECORD WAS SET OR TIED.
MM INDICATES DATA IS MISSING.
T  INDICATES TRACE AMOUNT.




$$
