000
CDUS41 KOKX 240621
CLILGA


CLIMATE REPORT
NATIONAL WEATHER SERVICE NEW YORK NY
121 AM EST MON NOV 24 2014


...................................

...THE LAGUARDIA NY CLIMATE SUMMARY FOR NOVEMBER 23 2014...

CLIMATE NORMAL PERIOD 1981 TO 2010
CLIMATE RECORD PERIOD 1945 TO 2014


WEATHER ITEM   OBSERVED TIME   RECORD YEAR NORMAL DEPARTURE LAST
                VALUE   (LST)  VALUE       VALUE  FROM      YEAR
                                                  NORMAL
..................................................................
TEMPERATURE (F)
 YESTERDAY
  MAXIMUM         55    305 PM  70    1992  52      3       55
  MINIMUM         44    813 AM  23    1972  40      4       31
  AVERAGE         50                        46      4       43

PRECIPITATION (IN)
  YESTERDAY        0.00          1.35 2006   0.11  -0.11     0.02
  MONTH TO DATE    2.23                      2.57  -0.34     0.56
  SINCE SEP 1      7.36                     10.08  -2.72     4.28
  SINCE JAN 1     42.42                     40.33   2.09    31.62

SNOWFALL (IN)
  YESTERDAY        0.0           5.7  1989   0.0    0.0      0.2
  MONTH TO DATE    0.0                       0.1   -0.1      0.2
  SINCE OCT 1      0.0                       0.1   -0.1      0.2
  SINCE JUL 1      0.0                       0.1   -0.1      0.2
  SNOW DEPTH       0

DEGREE DAYS
 HEATING
  YESTERDAY       15                        19     -4       22
  MONTH TO DATE  439                       361     78      372
  SINCE SEP 1    615                       632    -17      574
  SINCE JUL 1    615                       633    -18      574

 COOLING
  YESTERDAY        0                         0      0        0
  MONTH TO DATE    0                         0      0        0
  SINCE SEP 1    205                       180     25      183
  SINCE JAN 1   1192                      1213    -21     1402
..................................................................


WIND (MPH)
  HIGHEST WIND SPEED    17   HIGHEST WIND DIRECTION    SW (230)
  HIGHEST GUST SPEED    22   HIGHEST GUST DIRECTION    SW (240)
  AVERAGE WIND SPEED     7.5


SKY COVER
  AVERAGE SKY COVER 0.8


WEATHER CONDITIONS
 THE FOLLOWING WEATHER WAS RECORDED YESTERDAY.
  FOG


RELATIVE HUMIDITY (PERCENT)
 HIGHEST    89          1100 PM
 LOWEST     30           200 PM
 AVERAGE    60

..........................................................


THE LAGUARDIA NY CLIMATE NORMALS FOR TODAY
                         NORMAL    RECORD    YEAR
 MAXIMUM TEMPERATURE (F)   52        68      1999
 MINIMUM TEMPERATURE (F)   39        22      1956


SUNRISE AND SUNSET
NOVEMBER 24 2014......SUNRISE   653 AM EST   SUNSET   431 PM EST
NOVEMBER 25 2014......SUNRISE   654 AM EST   SUNSET   431 PM EST


-  INDICATES NEGATIVE NUMBERS.
R  INDICATES RECORD WAS SET OR TIED.
MM INDICATES DATA IS MISSING.
T  INDICATES TRACE AMOUNT.




$$
