984
CDUS41 KOKX 150621
CLILGA


CLIMATE REPORT
NATIONAL WEATHER SERVICE NEW YORK NY
120 AM EST THU FEB 15 2018


...................................

...THE LAGUARDIA NY CLIMATE SUMMARY FOR FEBRUARY 14 2018...

CLIMATE NORMAL PERIOD 1981 TO 2010
CLIMATE RECORD PERIOD 1939 TO 2018


WEATHER ITEM   OBSERVED TIME   RECORD YEAR NORMAL DEPARTURE LAST
                VALUE   (LST)  VALUE       VALUE  FROM      YEAR
                                                  NORMAL
..................................................................
TEMPERATURE (F)
 YESTERDAY
  MAXIMUM         54    424 PM  60    1949  42     12       42
  MINIMUM         36    457 AM   1    2016  28      8       31
                                      1979
  AVERAGE         45                        35     10       37

PRECIPITATION (IN)
  YESTERDAY        0.10          1.00 1940   0.09   0.01     0.00
  MONTH TO DATE    4.00                      1.32   2.68     1.55
  SINCE DEC 1      8.18                      8.05   0.13     8.63
  SINCE JAN 1      6.12                      4.49   1.63     5.68

SNOWFALL (IN)
  YESTERDAY        0.0           3.2  2014   0.4   -0.4      0.0
  MONTH TO DATE    0.6                       4.6   -4.0     10.3
  SINCE OCT 1     17.3                      17.5   -0.2     23.4
  SINCE JUL 1     17.3                      17.5   -0.2     23.4
  SNOW DEPTH       0

DEGREE DAYS
 HEATING
  YESTERDAY       20                        30    -10       28
  MONTH TO DATE  384                       431    -47      381
  SINCE DEC 1   2302                      2255     47     1917
  SINCE JUL 1   2893                      3030   -137     2455

 COOLING
  YESTERDAY        0                         0      0        0
  MONTH TO DATE    0                         0      0        0
  SINCE DEC 1      0                         0      0        0
  SINCE JAN 1      0                         0      0        0
..................................................................


WIND (MPH)
  HIGHEST WIND SPEED    14   HIGHEST WIND DIRECTION    SW (210)
  HIGHEST GUST SPEED    18   HIGHEST GUST DIRECTION     S (200)
  AVERAGE WIND SPEED     8.1


SKY COVER
  AVERAGE SKY COVER 0.9


WEATHER CONDITIONS
 THE FOLLOWING WEATHER WAS RECORDED YESTERDAY.
  LIGHT RAIN


RELATIVE HUMIDITY (PERCENT)
 HIGHEST    76           700 AM
 LOWEST     50           300 PM
 AVERAGE    63

..........................................................


THE LAGUARDIA NY CLIMATE NORMALS FOR TODAY
                         NORMAL    RECORD    YEAR
 MAXIMUM TEMPERATURE (F)   42        74      1949
 MINIMUM TEMPERATURE (F)   29        -7      1943


SUNRISE AND SUNSET
FEBRUARY 15 2018......SUNRISE   650 AM EST   SUNSET   530 PM EST
FEBRUARY 16 2018......SUNRISE   648 AM EST   SUNSET   532 PM EST


-  INDICATES NEGATIVE NUMBERS.
R  INDICATES RECORD WAS SET OR TIED.
MM INDICATES DATA IS MISSING.
T  INDICATES TRACE AMOUNT.




$$
