167
CDUS41 KOKX 200625
CLILGA


CLIMATE REPORT
NATIONAL WEATHER SERVICE NEW YORK NY
225 AM EDT THU APR 20 2017


...................................

...THE LAGUARDIA NY CLIMATE SUMMARY FOR APRIL 19 2017...

CLIMATE NORMAL PERIOD 1981 TO 2010
CLIMATE RECORD PERIOD 1939 TO 2017


WEATHER ITEM   OBSERVED TIME   RECORD YEAR NORMAL DEPARTURE LAST
                VALUE   (LST)  VALUE       VALUE  FROM      YEAR
                                                  NORMAL
..................................................................
TEMPERATURE (F)
 YESTERDAY
  MAXIMUM         54    202 PM  85    2002  62     -8       69
                                      1976
  MINIMUM         46    627 AM  35    1983  46      0       56
  AVERAGE         50                        54     -4       63

PRECIPITATION (IN)
  YESTERDAY        T             1.41 1978   0.13  -0.13     0.00
  MONTH TO DATE    2.52                      2.62  -0.10     1.20
  SINCE MAR 1      7.21                      6.59   0.62     2.46
  SINCE JAN 1     13.21                     12.52   0.69    10.99

SNOWFALL (IN)
  YESTERDAY        0.0           T    1983   0.0    0.0      0.0
  MONTH TO DATE    0.0                       0.5   -0.5       T
  SINCE OCT 1     33.2                      26.9    6.3     36.2
  SINCE JUL 1     33.2                      26.9    6.3     36.2
  SNOW DEPTH       0

DEGREE DAYS
 HEATING
  YESTERDAY       15                        11      4        2
  MONTH TO DATE  170                       274   -104      271
  SINCE MAR 1    905                       981    -76      766
  SINCE JUL 1   3592                      4410   -818     3428

 COOLING
  YESTERDAY        0                         0      0        0
  MONTH TO DATE   14                         0     14        3
  SINCE MAR 1     14                         0     14        8
  SINCE JAN 1     14                         0     14        8
..................................................................


WIND (MPH)
  HIGHEST WIND SPEED    20   HIGHEST WIND DIRECTION     S (160)
  HIGHEST GUST SPEED    25   HIGHEST GUST DIRECTION     S (190)
  AVERAGE WIND SPEED    11.0


SKY COVER
  AVERAGE SKY COVER 0.8


WEATHER CONDITIONS
 THE FOLLOWING WEATHER WAS RECORDED YESTERDAY.
  LIGHT RAIN


RELATIVE HUMIDITY (PERCENT)
 HIGHEST    77           900 PM
 LOWEST     54          1200 PM
 AVERAGE    66

..........................................................


THE LAGUARDIA NY CLIMATE NORMALS FOR TODAY
                         NORMAL    RECORD    YEAR
 MAXIMUM TEMPERATURE (F)   63        85      2005
 MINIMUM TEMPERATURE (F)   46        35      1953


SUNRISE AND SUNSET
APRIL 20 2017.........SUNRISE   609 AM EDT   SUNSET   741 PM EDT
APRIL 21 2017.........SUNRISE   608 AM EDT   SUNSET   742 PM EDT


-  INDICATES NEGATIVE NUMBERS.
R  INDICATES RECORD WAS SET OR TIED.
MM INDICATES DATA IS MISSING.
T  INDICATES TRACE AMOUNT.




$$
