000
CDUS41 KOKX 020616
CLILGA


CLIMATE REPORT
NATIONAL WEATHER SERVICE NEW YORK NY
115 AM EST SAT DEC 2 2017


...................................

...THE LAGUARDIA NY CLIMATE SUMMARY FOR DECEMBER 1 2017...

CLIMATE NORMAL PERIOD 1981 TO 2010
CLIMATE RECORD PERIOD 1939 TO 2017


WEATHER ITEM   OBSERVED TIME   RECORD YEAR NORMAL DEPARTURE LAST
                VALUE   (LST)  VALUE       VALUE  FROM      YEAR
                                                  NORMAL
..................................................................
TEMPERATURE (F)
 YESTERDAY
  MAXIMUM         53    157 PM  71    2006  49      4       57
  MINIMUM         43   1159 PM  19    1976  37      6       45
  AVERAGE         48                        43      5       51

PRECIPITATION (IN)
  YESTERDAY        T             1.29 2010   0.12  -0.12     0.05
  MONTH TO DATE    T                         0.12  -0.12     0.05
  SINCE DEC 1      T                         0.12  -0.12     0.05
  SINCE JAN 1     40.67                     41.29  -0.62    36.49

SNOWFALL (IN)
  YESTERDAY        0.0          MM      MM   0.1   -0.1      0.0
  MONTH TO DATE    0.0                       0.1   -0.1      0.0
  SINCE OCT 1      T                         0.4   -0.4       T
  SINCE JUL 1      T                         0.4   -0.4       T
  SNOW DEPTH       0

DEGREE DAYS
 HEATING
  YESTERDAY       17                        22     -5       14
  MONTH TO DATE   17                        22     -5       14
  SINCE DEC 1     17                        22     -5       14
  SINCE JUL 1    608                       797   -189      552

 COOLING
  YESTERDAY        0                         0      0        0
  MONTH TO DATE    0                         0      0        0
  SINCE DEC 1      0                         0      0        0
  SINCE JAN 1   1439                      1214    225     1745
..................................................................


WIND (MPH)
  HIGHEST WIND SPEED    20   HIGHEST WIND DIRECTION    NW (310)
  HIGHEST GUST SPEED    23   HIGHEST GUST DIRECTION    NW (310)
  AVERAGE WIND SPEED    10.8


SKY COVER
  AVERAGE SKY COVER 0.4


WEATHER CONDITIONS
 THE FOLLOWING WEATHER WAS RECORDED YESTERDAY.
  LIGHT RAIN


RELATIVE HUMIDITY (PERCENT)
 HIGHEST    80           400 AM
 LOWEST     44          1200 PM
 AVERAGE    62

..........................................................


THE LAGUARDIA NY CLIMATE NORMALS FOR TODAY
                         NORMAL    RECORD    YEAR
 MAXIMUM TEMPERATURE (F)   49        66      1970
 MINIMUM TEMPERATURE (F)   37        17      1976
                                             1946


SUNRISE AND SUNSET
DECEMBER  2 2017......SUNRISE   702 AM EST   SUNSET   428 PM EST
DECEMBER  3 2017......SUNRISE   703 AM EST   SUNSET   428 PM EST


-  INDICATES NEGATIVE NUMBERS.
R  INDICATES RECORD WAS SET OR TIED.
MM INDICATES DATA IS MISSING.
T  INDICATES TRACE AMOUNT.




$$
