000
CDUS41 KOKX 130616
CLILGA


CLIMATE REPORT
NATIONAL WEATHER SERVICE NEW YORK NY
216 AM EDT SUN AUG 13 2017


...................................

...THE LAGUARDIA NY CLIMATE SUMMARY FOR AUGUST 12 2017...

CLIMATE NORMAL PERIOD 1981 TO 2010
CLIMATE RECORD PERIOD 1939 TO 2017


WEATHER ITEM   OBSERVED TIME   RECORD YEAR NORMAL DEPARTURE LAST
                VALUE   (LST)  VALUE       VALUE  FROM      YEAR
                                                  NORMAL
..................................................................
TEMPERATURE (F)
 YESTERDAY
  MAXIMUM         78    445 PM  98    2016  84     -6       98
  MINIMUM         65    333 AM  56    1979  70     -5       76
  AVERAGE         72                        77     -5       87

PRECIPITATION (IN)
  YESTERDAY        0.16          6.40 1955   0.13   0.03     0.28
  MONTH TO DATE    1.60                      1.71  -0.11     0.69
  SINCE JUN 1     10.30                     10.15   0.15     7.91
  SINCE JAN 1     31.07                     27.84   3.23    23.28

SNOWFALL (IN)
  YESTERDAY        0.0          MM      MM   0.0    0.0      0.0
  MONTH TO DATE    0.0                       0.0    0.0      0.0
  SINCE OCT 1     33.2                      26.9    6.3     36.2
  SINCE JUL 1      0.0                       0.0    0.0      0.0
  SNOW DEPTH       0

DEGREE DAYS
 HEATING
  YESTERDAY        0                         0      0        0
  MONTH TO DATE    0                         0      0        0
  SINCE JUN 1     16                        16      0        2
  SINCE JUL 1      0                         0      0        0

 COOLING
  YESTERDAY        7                        12     -5       22
  MONTH TO DATE  133                       148    -15      188
  SINCE JUN 1    828                       764     64      964
  SINCE JAN 1    933                       830    103     1083
..................................................................


WIND (MPH)
  HIGHEST WIND SPEED    20   HIGHEST WIND DIRECTION     S (170)
  HIGHEST GUST SPEED    24   HIGHEST GUST DIRECTION     S (170)
  AVERAGE WIND SPEED     6.7


SKY COVER
  AVERAGE SKY COVER 0.8


WEATHER CONDITIONS
 THE FOLLOWING WEATHER WAS RECORDED YESTERDAY.
  THUNDERSTORM
  LIGHT RAIN


RELATIVE HUMIDITY (PERCENT)
 HIGHEST    93           300 AM
 LOWEST     69           300 PM
 AVERAGE    81

..........................................................


THE LAGUARDIA NY CLIMATE NORMALS FOR TODAY
                         NORMAL    RECORD    YEAR
 MAXIMUM TEMPERATURE (F)   84       100      2005
 MINIMUM TEMPERATURE (F)   70        56      1979
                                             1941


SUNRISE AND SUNSET
AUGUST 13 2017........SUNRISE   604 AM EDT   SUNSET   756 PM EDT
AUGUST 14 2017........SUNRISE   605 AM EDT   SUNSET   755 PM EDT


-  INDICATES NEGATIVE NUMBERS.
R  INDICATES RECORD WAS SET OR TIED.
MM INDICATES DATA IS MISSING.
T  INDICATES TRACE AMOUNT.




$$
