000
CDUS41 KOKX 172050
CLILGA


CLIMATE REPORT
NATIONAL WEATHER SERVICE NEW YORK NY
450 PM EDT SUN JUL 17 2016


...................................

...THE LAGUARDIA NY CLIMATE SUMMARY FOR JULY 17 2016...
VALID TODAY AS OF 0400 PM LOCAL TIME.

CLIMATE NORMAL PERIOD 1981 TO 2010
CLIMATE RECORD PERIOD 1939 TO 2016


WEATHER ITEM   OBSERVED TIME   RECORD YEAR NORMAL DEPARTURE LAST
                VALUE   (LST)  VALUE       VALUE  FROM      YEAR
                                                  NORMAL
..................................................................
TEMPERATURE (F)
 TODAY
  MAXIMUM         92    205 PM  98    2012  86      6       80
                                      2006
  MINIMUM         77    414 AM  60    1946  70      7       68
  AVERAGE         85                        78      7       74

PRECIPITATION (IN)
  TODAY            0.00          2.74 1995   0.15  -0.15     0.00
  MONTH TO DATE    2.30                      2.37  -0.07     1.69
  SINCE JUN 1      4.54                      6.31  -1.77     6.49
  SINCE JAN 1     19.91                     24.00  -4.09    21.54

SNOWFALL (IN)
  TODAY            0.0          MM      MM   0.0    0.0      0.0
  MONTH TO DATE    0.0                       0.0    0.0      0.0
  SINCE OCT 1     36.2                      26.9    9.3     53.8
  SINCE JUL 1      0.0                       0.0    0.0      0.0
  SNOW DEPTH       0

DEGREE DAYS
 HEATING
  TODAY            0                         0      0        0
  MONTH TO DATE    0                         0      0        0
  SINCE JUN 1      2                        16    -14       34
  SINCE JUL 1      0                         0      0        0

 COOLING
  TODAY           20                        13      7        9
  MONTH TO DATE  244                       206     38      206
  SINCE JUN 1    514                       437     77      434
  SINCE JAN 1    633                       503    130      556
..................................................................


WIND (MPH)
  HIGHEST WIND SPEED    21   HIGHEST WIND DIRECTION     S (180)
  HIGHEST GUST SPEED    24   HIGHEST GUST DIRECTION     S (170)
  AVERAGE WIND SPEED     4.6


SKY COVER
  AVERAGE SKY COVER 0.6


WEATHER CONDITIONS
 THE FOLLOWING WEATHER WAS RECORDED TODAY.
  NO SIGNIFICANT WEATHER WAS OBSERVED.


RELATIVE HUMIDITY (PERCENT)
 HIGHEST    67           200 AM
 LOWEST     41           200 PM
 AVERAGE    54

..........................................................


THE LAGUARDIA NY CLIMATE NORMALS FOR TOMORROW
                         NORMAL    RECORD    YEAR
 MAXIMUM TEMPERATURE (F)   86       101      2012
 MINIMUM TEMPERATURE (F)   70        62      1962


SUNRISE AND SUNSET
JULY 17 2016..........SUNRISE   539 AM EDT   SUNSET   824 PM EDT
JULY 18 2016..........SUNRISE   540 AM EDT   SUNSET   823 PM EDT


-  INDICATES NEGATIVE NUMBERS.
R  INDICATES RECORD WAS SET OR TIED.
MM INDICATES DATA IS MISSING.
T  INDICATES TRACE AMOUNT.




$$
