000
CDUS41 KOKX 250619
CLILGA


CLIMATE REPORT
NATIONAL WEATHER SERVICE NEW YORK NY
119 AM EST WED FEB 25 2015


...................................

...THE LAGUARDIA NY CLIMATE SUMMARY FOR FEBRUARY 24 2015...

CLIMATE NORMAL PERIOD 1981 TO 2010
CLIMATE RECORD PERIOD 1945 TO 2015


WEATHER ITEM   OBSERVED TIME   RECORD YEAR NORMAL DEPARTURE LAST
                VALUE   (LST)  VALUE       VALUE  FROM      YEAR
                                                  NORMAL
..................................................................
TEMPERATURE (F)
 YESTERDAY
  MAXIMUM         25    822 PM  73    1985  44    -19       44
  MINIMUM          6R   729 AM  16    1968  30    -24       27
  AVERAGE         16                        37    -21       36

PRECIPITATION (IN)
  YESTERDAY        0.00          1.70 1975   0.11  -0.11      T
  MONTH TO DATE    2.10                      2.33  -0.23     4.92
  SINCE DEC 1     13.28                      9.06   4.22    11.74
  SINCE JAN 1      7.08                      5.50   1.58     7.28

SNOWFALL (IN)
  YESTERDAY        0.0           4.2  1966   0.3   -0.3      0.0
  MONTH TO DATE   15.1                       8.0    7.1     27.0
  SINCE OCT 1     36.5                      20.9   15.6     51.5
  SINCE JUL 1     36.5                      20.9   15.6     51.5
  SNOW DEPTH       6

DEGREE DAYS
 HEATING
  YESTERDAY       49                        28     21       29
  MONTH TO DATE  981                       720    261      771
  SINCE DEC 1   2813                      2544    269     2712
  SINCE JUL 1   3567                      3319    248     3494

 COOLING
  YESTERDAY        0                         0      0        0
  MONTH TO DATE    0                         0      0        0
  SINCE DEC 1      0                         0      0        0
  SINCE JAN 1      0                         0      0        0
..................................................................


WIND (MPH)
  HIGHEST WIND SPEED    21   HIGHEST WIND DIRECTION    NW (310)
  HIGHEST GUST SPEED    24   HIGHEST GUST DIRECTION    NW (310)
  AVERAGE WIND SPEED     8.9


SKY COVER
  AVERAGE SKY COVER 0.5


WEATHER CONDITIONS
 THE FOLLOWING WEATHER WAS RECORDED YESTERDAY.
  NO SIGNIFICANT WEATHER WAS OBSERVED.


RELATIVE HUMIDITY (PERCENT)
 HIGHEST    62           400 PM
 LOWEST     39           100 PM
 AVERAGE    51

..........................................................


THE LAGUARDIA NY CLIMATE NORMALS FOR TODAY
                         NORMAL    RECORD    YEAR
 MAXIMUM TEMPERATURE (F)   44        68      1976
 MINIMUM TEMPERATURE (F)   30        12      1990


SUNRISE AND SUNSET
FEBRUARY 25 2015......SUNRISE   636 AM EST   SUNSET   542 PM EST
FEBRUARY 26 2015......SUNRISE   635 AM EST   SUNSET   543 PM EST


-  INDICATES NEGATIVE NUMBERS.
R  INDICATES RECORD WAS SET OR TIED.
MM INDICATES DATA IS MISSING.
T  INDICATES TRACE AMOUNT.




$$
