000
CDUS41 KOKX 110618
CLILGA


CLIMATE REPORT
NATIONAL WEATHER SERVICE NEW YORK NY
118 AM EST SAT FEB 11 2017


...................................

...THE LAGUARDIA NY CLIMATE SUMMARY FOR FEBRUARY 10 2017...

CLIMATE NORMAL PERIOD 1981 TO 2010
CLIMATE RECORD PERIOD 1939 TO 2017


WEATHER ITEM   OBSERVED TIME   RECORD YEAR NORMAL DEPARTURE LAST
                VALUE   (LST)  VALUE       VALUE  FROM      YEAR
                                                  NORMAL
..................................................................
TEMPERATURE (F)
 YESTERDAY
  MAXIMUM         34    409 PM  60    2001  41     -7       40
  MINIMUM         19    147 AM   4    1979  28     -9       32
  AVERAGE         27                        34     -7       36

PRECIPITATION (IN)
  YESTERDAY        T             1.67 1970   0.09  -0.09     0.01
  MONTH TO DATE    1.12                      0.95   0.17     1.12
  SINCE DEC 1      8.20                      7.68   0.52     9.62
  SINCE JAN 1      5.25                      4.12   1.13     5.29

SNOWFALL (IN)
  YESTERDAY        T            10.4  2010   0.3   -0.3       T
  MONTH TO DATE   10.0                       3.2    6.8      3.4
  SINCE OCT 1     23.1                      16.1    7.0     32.2
  SINCE JUL 1     23.1                      16.1    7.0     32.2
  SNOW DEPTH       8

DEGREE DAYS
 HEATING
  YESTERDAY       38                        30      8       29
  MONTH TO DATE  272                       311    -39      236
  SINCE DEC 1   1808                      2135   -327     1571
  SINCE JUL 1   2346                      2910   -564     2133

 COOLING
  YESTERDAY        0                         0      0        0
  MONTH TO DATE    0                         0      0        0
  SINCE DEC 1      0                         0      0        1
  SINCE JAN 1      0                         0      0        0
..................................................................


WIND (MPH)
  HIGHEST WIND SPEED    22   HIGHEST WIND DIRECTION     W (290)
  HIGHEST GUST SPEED    26   HIGHEST GUST DIRECTION     W (290)
  AVERAGE WIND SPEED    15.3


SKY COVER
  AVERAGE SKY COVER 0.5


WEATHER CONDITIONS
 THE FOLLOWING WEATHER WAS RECORDED YESTERDAY.
  LIGHT SNOW
  HAZE


RELATIVE HUMIDITY (PERCENT)
 HIGHEST    57           600 AM
 LOWEST     36           900 AM
 AVERAGE    47

..........................................................


THE LAGUARDIA NY CLIMATE NORMALS FOR TODAY
                         NORMAL    RECORD    YEAR
 MAXIMUM TEMPERATURE (F)   41        63      2009
 MINIMUM TEMPERATURE (F)   28         2      1979


SUNRISE AND SUNSET
FEBRUARY 11 2017......SUNRISE   654 AM EST   SUNSET   526 PM EST
FEBRUARY 12 2017......SUNRISE   653 AM EST   SUNSET   527 PM EST


-  INDICATES NEGATIVE NUMBERS.
R  INDICATES RECORD WAS SET OR TIED.
MM INDICATES DATA IS MISSING.
T  INDICATES TRACE AMOUNT.




$$
