000
CDUS41 KOKX 100618
CLILGA


CLIMATE REPORT
NATIONAL WEATHER SERVICE NEW YORK NY
218 AM EDT TUE OCT 10 2017


...................................

...THE LAGUARDIA NY CLIMATE SUMMARY FOR OCTOBER 9 2017...

CLIMATE NORMAL PERIOD 1981 TO 2010
CLIMATE RECORD PERIOD 1939 TO 2017


WEATHER ITEM   OBSERVED TIME   RECORD YEAR NORMAL DEPARTURE LAST
                VALUE   (LST)  VALUE       VALUE  FROM      YEAR
                                                  NORMAL
..................................................................
TEMPERATURE (F)
 YESTERDAY
  MAXIMUM         79   1100 PM  85    2011  68     11       67
  MINIMUM         71    613 AM  40    1988  53     18       54
                                      1978
  AVERAGE         75                        60     15       61

PRECIPITATION (IN)
  YESTERDAY        0.23          2.00 1977   0.13   0.10     0.48
  MONTH TO DATE    0.60                      1.12  -0.52     0.62
  SINCE SEP 1      2.44                      4.85  -2.41     3.15
  SINCE JAN 1     35.43                     35.10   0.33    26.87

SNOWFALL (IN)
  YESTERDAY        0.0          MM      MM   0.0    0.0      0.0
  MONTH TO DATE    0.0                       0.0    0.0      0.0
  SINCE OCT 1      0.0                       0.0    0.0      0.0
  SINCE JUL 1      0.0                       0.0    0.0      0.0
  SNOW DEPTH       0

DEGREE DAYS
 HEATING
  YESTERDAY        0                         6     -6        4
  MONTH TO DATE    4                        42    -38       14
  SINCE SEP 1     14                        76    -62       19
  SINCE JUL 1     14                        77    -63       19

 COOLING
  YESTERDAY       10                         1      9        0
  MONTH TO DATE   53                        14     39       11
  SINCE SEP 1    265                       171     94      287
  SINCE JAN 1   1396                      1204    192     1704
..................................................................


WIND (MPH)
  HIGHEST WIND SPEED    25   HIGHEST WIND DIRECTION     S (180)
  HIGHEST GUST SPEED    36   HIGHEST GUST DIRECTION     S (180)
  AVERAGE WIND SPEED    11.0


SKY COVER
  AVERAGE SKY COVER 1.0


WEATHER CONDITIONS
 THE FOLLOWING WEATHER WAS RECORDED YESTERDAY.
  RAIN
  LIGHT RAIN
  FOG


RELATIVE HUMIDITY (PERCENT)
 HIGHEST   100           300 AM
 LOWEST     85          1100 PM
 AVERAGE    93

..........................................................


THE LAGUARDIA NY CLIMATE NORMALS FOR TODAY
                         NORMAL    RECORD    YEAR
 MAXIMUM TEMPERATURE (F)   67        89      1949
 MINIMUM TEMPERATURE (F)   53        36      1979


SUNRISE AND SUNSET
OCTOBER 10 2017.......SUNRISE   702 AM EDT   SUNSET   623 PM EDT
OCTOBER 11 2017.......SUNRISE   703 AM EDT   SUNSET   621 PM EDT


-  INDICATES NEGATIVE NUMBERS.
R  INDICATES RECORD WAS SET OR TIED.
MM INDICATES DATA IS MISSING.
T  INDICATES TRACE AMOUNT.




$$
