000
CDUS41 KOKX 120618
CLILGA


CLIMATE REPORT
NATIONAL WEATHER SERVICE NEW YORK NY
118 AM EST FRI JAN 12 2018


...................................

...THE LAGUARDIA NY CLIMATE SUMMARY FOR JANUARY 11 2018...

CLIMATE NORMAL PERIOD 1981 TO 2010
CLIMATE RECORD PERIOD 1939 TO 2018


WEATHER ITEM   OBSERVED TIME   RECORD YEAR NORMAL DEPARTURE LAST
                VALUE   (LST)  VALUE       VALUE  FROM      YEAR
                                                  NORMAL
..................................................................
TEMPERATURE (F)
 YESTERDAY
  MAXIMUM         47    442 PM  62    1975  39      8       54
  MINIMUM         35    608 AM   4    1982  27      8       44
  AVERAGE         41                        33      8       49

PRECIPITATION (IN)
  YESTERDAY        0.00          1.34 2008   0.11  -0.11     0.52
  MONTH TO DATE    0.51                      1.14  -0.63     1.47
  SINCE DEC 1      2.57                      4.70  -2.13     4.42
  SINCE JAN 1      0.51                      1.14  -0.63     1.47

SNOWFALL (IN)
  YESTERDAY        0.0           6.5  1954   0.3   -0.3      0.0
  MONTH TO DATE    7.4                       2.7    4.7      8.3
  SINCE OCT 1     15.4                       8.2    7.2     11.3
  SINCE JUL 1     15.4                       8.2    7.2     11.3
  SNOW DEPTH       2

DEGREE DAYS
 HEATING
  YESTERDAY       24                        32     -8       16
  MONTH TO DATE  456                       348    108      325
  SINCE DEC 1   1341                      1179    162     1083
  SINCE JUL 1   1932                      1954    -22     1621

 COOLING
  YESTERDAY        0                         0      0        0
  MONTH TO DATE    0                         0      0        0
  SINCE DEC 1      0                         0      0        0
  SINCE JAN 1      0                         0      0        0
..................................................................


WIND (MPH)
  HIGHEST WIND SPEED     9   HIGHEST WIND DIRECTION    NE (50)
  HIGHEST GUST SPEED    12   HIGHEST GUST DIRECTION     E (70)
  AVERAGE WIND SPEED     5.1


SKY COVER
  AVERAGE SKY COVER 0.9


WEATHER CONDITIONS
 THE FOLLOWING WEATHER WAS RECORDED YESTERDAY.
  FOG


RELATIVE HUMIDITY (PERCENT)
 HIGHEST    92           900 PM
 LOWEST     70          1200 PM
 AVERAGE    81

..........................................................


THE LAGUARDIA NY CLIMATE NORMALS FOR TODAY
                         NORMAL    RECORD    YEAR
 MAXIMUM TEMPERATURE (F)   39        68      2017
 MINIMUM TEMPERATURE (F)   26         1      1981


SUNRISE AND SUNSET
JANUARY 12 2018.......SUNRISE   719 AM EST   SUNSET   449 PM EST
JANUARY 13 2018.......SUNRISE   718 AM EST   SUNSET   451 PM EST


-  INDICATES NEGATIVE NUMBERS.
R  INDICATES RECORD WAS SET OR TIED.
MM INDICATES DATA IS MISSING.
T  INDICATES TRACE AMOUNT.




$$
