000
CDUS41 KOKX 180622
CLILGA


CLIMATE REPORT
NATIONAL WEATHER SERVICE NEW YORK NY
221 AM EDT TUE APR 18 2017


...................................

...THE LAGUARDIA NY CLIMATE SUMMARY FOR APRIL 17 2017...

CLIMATE NORMAL PERIOD 1981 TO 2010
CLIMATE RECORD PERIOD 1939 TO 2017


WEATHER ITEM   OBSERVED TIME   RECORD YEAR NORMAL DEPARTURE LAST
                VALUE   (LST)  VALUE       VALUE  FROM      YEAR
                                                  NORMAL
..................................................................
TEMPERATURE (F)
 YESTERDAY
  MAXIMUM         73    442 PM  94    2002  62     11       74
  MINIMUM         59   1155 PM  32    1980  45     14       48
  AVERAGE         66                        53     13       61

PRECIPITATION (IN)
  YESTERDAY        T             1.71 1954   0.13  -0.13     0.00
  MONTH TO DATE    2.52                      2.37   0.15     1.20
  SINCE MAR 1      7.21                      6.34   0.87     2.46
  SINCE JAN 1     13.21                     12.27   0.94    10.99

SNOWFALL (IN)
  YESTERDAY        0.0          MM      MM   0.0    0.0      0.0
  MONTH TO DATE    0.0                       0.4   -0.4       T
  SINCE OCT 1     33.2                      26.8    6.4     36.2
  SINCE JUL 1     33.2                      26.8    6.4     36.2
  SNOW DEPTH       0

DEGREE DAYS
 HEATING
  YESTERDAY        0                        12    -12        4
  MONTH TO DATE  147                       251   -104      269
  SINCE MAR 1    882                       958    -76      764
  SINCE JUL 1   3569                      4387   -818     3426

 COOLING
  YESTERDAY        1                         0      1        0
  MONTH TO DATE   14                         0     14        3
  SINCE MAR 1     14                         0     14        8
  SINCE JAN 1     14                         0     14        8
..................................................................


WIND (MPH)
  HIGHEST WIND SPEED    23   HIGHEST WIND DIRECTION     N (350)
  HIGHEST GUST SPEED    33   HIGHEST GUST DIRECTION     N (350)
  AVERAGE WIND SPEED    13.8


SKY COVER
  AVERAGE SKY COVER 0.6


WEATHER CONDITIONS
 THE FOLLOWING WEATHER WAS RECORDED YESTERDAY.
  LIGHT RAIN


RELATIVE HUMIDITY (PERCENT)
 HIGHEST    68           500 AM
 LOWEST     20           300 PM
 AVERAGE    44

..........................................................


THE LAGUARDIA NY CLIMATE NORMALS FOR TODAY
                         NORMAL    RECORD    YEAR
 MAXIMUM TEMPERATURE (F)   62        91      1976
 MINIMUM TEMPERATURE (F)   45        35      2014


SUNRISE AND SUNSET
APRIL 18 2017.........SUNRISE   612 AM EDT   SUNSET   738 PM EDT
APRIL 19 2017.........SUNRISE   610 AM EDT   SUNSET   740 PM EDT


-  INDICATES NEGATIVE NUMBERS.
R  INDICATES RECORD WAS SET OR TIED.
MM INDICATES DATA IS MISSING.
T  INDICATES TRACE AMOUNT.




$$
