000
CDUS41 KOKX 132039
CLILGA


CLIMATE REPORT
NATIONAL WEATHER SERVICE NEW YORK NY
439 PM EDT SAT AUG 13 2016


...................................

...THE LAGUARDIA NY CLIMATE SUMMARY FOR AUGUST 13 2016...
VALID TODAY AS OF 0400 PM LOCAL TIME.

CLIMATE NORMAL PERIOD 1981 TO 2010
CLIMATE RECORD PERIOD 1939 TO 2016


WEATHER ITEM   OBSERVED TIME   RECORD YEAR NORMAL DEPARTURE LAST
                VALUE   (LST)  VALUE       VALUE  FROM      YEAR
                                                  NORMAL
..................................................................
TEMPERATURE (F)
 TODAY
  MAXIMUM         98    101 PM 100    2005  84     14       83
  MINIMUM         84    630 AM  56    1979  70     14       69
                                      1941
  AVERAGE         91                        77     14       76

PRECIPITATION (IN)
  TODAY            0.00          4.12 1955   0.13  -0.13     0.00
  MONTH TO DATE    0.69                      1.84  -1.15     1.48
  SINCE JUN 1      7.91                     10.28  -2.37     9.82
  SINCE JAN 1     23.28                     27.97  -4.69    24.87

SNOWFALL (IN)
  TODAY            0.0          MM      MM   0.0    0.0      0.0
  MONTH TO DATE    0.0                       0.0    0.0      0.0
  SINCE OCT 1     36.2                      26.9    9.3     53.8
  SINCE JUL 1      0.0                       0.0    0.0      0.0
  SNOW DEPTH       0

DEGREE DAYS
 HEATING
  TODAY            0                         0      0        0
  MONTH TO DATE    0                         0      0        0
  SINCE JUN 1      2                        16    -14       34
  SINCE JUL 1      0                         0      0        0

 COOLING
  TODAY           26                        12     14       11
  MONTH TO DATE  214                       160     54      177
  SINCE JUN 1    990                       776    214      852
  SINCE JAN 1   1109                       842    267      974
..................................................................


WIND (MPH)
  HIGHEST WIND SPEED    20   HIGHEST WIND DIRECTION     S (160)
  HIGHEST GUST SPEED    24   HIGHEST GUST DIRECTION     S (170)
  AVERAGE WIND SPEED     7.9


SKY COVER
  AVERAGE SKY COVER 0.5


WEATHER CONDITIONS
 THE FOLLOWING WEATHER WAS RECORDED TODAY.
  HAZE


RELATIVE HUMIDITY (PERCENT)
 HIGHEST    80           500 AM
 LOWEST     45          1200 PM
 AVERAGE    63

..........................................................


THE LAGUARDIA NY CLIMATE NORMALS FOR TOMORROW
                         NORMAL    RECORD    YEAR
 MAXIMUM TEMPERATURE (F)   84        97      1988
 MINIMUM TEMPERATURE (F)   69        59      1964
                                             1941


SUNRISE AND SUNSET
AUGUST 13 2016........SUNRISE   604 AM EDT   SUNSET   756 PM EDT
AUGUST 14 2016........SUNRISE   605 AM EDT   SUNSET   754 PM EDT


-  INDICATES NEGATIVE NUMBERS.
R  INDICATES RECORD WAS SET OR TIED.
MM INDICATES DATA IS MISSING.
T  INDICATES TRACE AMOUNT.




$$
