000
CDUS41 KOKX 100623
CLILGA


CLIMATE REPORT
NATIONAL WEATHER SERVICE NEW YORK NY
220 AM EDT SUN SEP 10 2017


...................................

...THE LAGUARDIA NY CLIMATE SUMMARY FOR SEPTEMBER 9 2017...

CLIMATE NORMAL PERIOD 1981 TO 2010
CLIMATE RECORD PERIOD 1939 TO 2017


WEATHER ITEM   OBSERVED TIME   RECORD YEAR NORMAL DEPARTURE LAST
                VALUE   (LST)  VALUE       VALUE  FROM      YEAR
                                                  NORMAL
..................................................................
TEMPERATURE (F)
 YESTERDAY
  MAXIMUM         69    310 PM  93    2016  79    -10       93
  MINIMUM         58    547 AM  53    1956  64     -6       77
                                      1949
  AVERAGE         64                        72     -8       85

PRECIPITATION (IN)
  YESTERDAY        0.00          0.56 1985   0.12  -0.12     0.05
  MONTH TO DATE    1.63                      1.07   0.56     0.40
  SINCE SEP 1      1.63                      1.07   0.56     0.40
  SINCE JAN 1     34.62                     31.32   3.30    24.12

SNOWFALL (IN)
  YESTERDAY        0.0          MM      MM   0.0    0.0      0.0
  MONTH TO DATE    0.0                       0.0    0.0      0.0
  SINCE OCT 1     33.2                      26.9    6.3     36.2
  SINCE JUL 1      0.0                       0.0    0.0      0.0
  SNOW DEPTH       0

DEGREE DAYS
 HEATING
  YESTERDAY        1                         0      1        0
  MONTH TO DATE    5                         0      5        0
  SINCE SEP 1      5                         0      5        0
  SINCE JUL 1      5                         1      4        0

 COOLING
  YESTERDAY        0                         7     -7       20
  MONTH TO DATE   30                        71    -41      113
  SINCE SEP 1     30                        71    -41      113
  SINCE JAN 1   1161                      1104     57     1530
..................................................................


WIND (MPH)
  HIGHEST WIND SPEED    20   HIGHEST WIND DIRECTION     N (350)
  HIGHEST GUST SPEED    23   HIGHEST GUST DIRECTION     N (350)
  AVERAGE WIND SPEED     9.8


SKY COVER
  AVERAGE SKY COVER 0.2


WEATHER CONDITIONS
 THE FOLLOWING WEATHER WAS RECORDED YESTERDAY.
  NO SIGNIFICANT WEATHER WAS OBSERVED.


RELATIVE HUMIDITY (PERCENT)
 HIGHEST    80           400 AM
 LOWEST     48          1000 AM
 AVERAGE    64

..........................................................


THE LAGUARDIA NY CLIMATE NORMALS FOR TODAY
                         NORMAL    RECORD    YEAR
 MAXIMUM TEMPERATURE (F)   78        95      1983
 MINIMUM TEMPERATURE (F)   64        50      1978


SUNRISE AND SUNSET
SEPTEMBER 10 2017.....SUNRISE   632 AM EDT   SUNSET   713 PM EDT
SEPTEMBER 11 2017.....SUNRISE   632 AM EDT   SUNSET   711 PM EDT


-  INDICATES NEGATIVE NUMBERS.
R  INDICATES RECORD WAS SET OR TIED.
MM INDICATES DATA IS MISSING.
T  INDICATES TRACE AMOUNT.




$$
