000
CDUS41 KOKX 220626
CLILGA


CLIMATE REPORT
NATIONAL WEATHER SERVICE NEW YORK NY
225 AM EDT SUN MAR 22 2015


...................................

...THE LAGUARDIA NY CLIMATE SUMMARY FOR MARCH 21 2015...

CLIMATE NORMAL PERIOD 1981 TO 2010
CLIMATE RECORD PERIOD 1945 TO 2015


WEATHER ITEM   OBSERVED TIME   RECORD YEAR NORMAL DEPARTURE LAST
                VALUE   (LST)  VALUE       VALUE  FROM      YEAR
                                                  NORMAL
..................................................................
TEMPERATURE (F)
 YESTERDAY
  MAXIMUM         48    939 PM  70    1948  51     -3       50
  MINIMUM         29    435 AM  18    1986  36     -7       39
  AVERAGE         39                        44     -5       45

PRECIPITATION (IN)
  YESTERDAY        0.01          2.00 1980   0.14  -0.13     0.00
  MONTH TO DATE    3.83                      2.61   1.22     1.35
  SINCE MAR 1      3.83                      2.61   1.22     1.35
  SINCE JAN 1     10.91                      8.54   2.37     8.64

SNOWFALL (IN)
  YESTERDAY        0.1           6.9  1958   0.1    0.0      0.0
  MONTH TO DATE   17.3                       3.6   13.7      0.4
  SINCE OCT 1     53.8                      25.6   28.2     52.1
  SINCE JUL 1     53.8                      25.6   28.2     52.1
  SNOW DEPTH       4

DEGREE DAYS
 HEATING
  YESTERDAY       26                        21      5       20
  MONTH TO DATE  575                       511     64      601
  SINCE MAR 1    575                       511     64      601
  SINCE JUL 1   4297                      3940    357     4258

 COOLING
  YESTERDAY        0                         0      0        0
  MONTH TO DATE    0                         0      0        0
  SINCE MAR 1      0                         0      0        0
  SINCE JAN 1      0                         0      0        0
..................................................................


WIND (MPH)
  HIGHEST WIND SPEED    24   HIGHEST WIND DIRECTION    NW (300)
  HIGHEST GUST SPEED    30   HIGHEST GUST DIRECTION    NW (310)
  AVERAGE WIND SPEED     7.7


SKY COVER
  AVERAGE SKY COVER 0.8


WEATHER CONDITIONS
 THE FOLLOWING WEATHER WAS RECORDED YESTERDAY.
  LT FREEZING RAIN
  SNOW
  LIGHT SNOW
  FOG
  HAZE


RELATIVE HUMIDITY (PERCENT)
 HIGHEST    92           400 AM
 LOWEST     58          1100 PM
 AVERAGE    75

..........................................................


THE LAGUARDIA NY CLIMATE NORMALS FOR TODAY
                         NORMAL    RECORD    YEAR
 MAXIMUM TEMPERATURE (F)   52        76      2012
 MINIMUM TEMPERATURE (F)   36        19      1988


SUNRISE AND SUNSET
MARCH 22 2015.........SUNRISE   656 AM EDT   SUNSET   710 PM EDT
MARCH 23 2015.........SUNRISE   655 AM EDT   SUNSET   711 PM EDT


-  INDICATES NEGATIVE NUMBERS.
R  INDICATES RECORD WAS SET OR TIED.
MM INDICATES DATA IS MISSING.
T  INDICATES TRACE AMOUNT.




$$
