000
CDUS41 KOKX 102046
CLILGA


CLIMATE REPORT
NATIONAL WEATHER SERVICE NEW YORK NY
445 PM EDT MON JUL 10 2017


...................................

...THE LAGUARDIA NY CLIMATE SUMMARY FOR JULY 10 2017...
VALID TODAY AS OF 0400 PM LOCAL TIME.

CLIMATE NORMAL PERIOD 1981 TO 2010
CLIMATE RECORD PERIOD 1939 TO 2017


WEATHER ITEM   OBSERVED TIME   RECORD YEAR NORMAL DEPARTURE LAST
                VALUE   (LST)  VALUE       VALUE  FROM      YEAR
                                                  NORMAL
..................................................................
TEMPERATURE (F)
 TODAY
  MAXIMUM         88   1224 PM  99    1993  85      3       81
  MINIMUM         72    518 AM  60    1953  69      3       67
  AVERAGE         80                        77      3       74

PRECIPITATION (IN)
  TODAY            0.00          2.46 1950   0.15  -0.15      T
  MONTH TO DATE    2.33                      1.30   1.03     1.80
  SINCE JUN 1      6.71                      5.24   1.47     4.04
  SINCE JAN 1     27.48                     22.93   4.55    19.41

SNOWFALL (IN)
  TODAY            0.0          MM      MM   0.0    0.0      0.0
  MONTH TO DATE    0.0                       0.0    0.0      0.0
  SINCE OCT 1     33.2                      26.9    6.3     36.2
  SINCE JUL 1      0.0                       0.0    0.0      0.0
  SNOW DEPTH       0

DEGREE DAYS
 HEATING
  TODAY            0                         0      0        0
  MONTH TO DATE    0                         0      0        0
  SINCE JUN 1     16                        16      0        2
  SINCE JUL 1      0                         0      0        0

 COOLING
  TODAY           15                        12      3        9
  MONTH TO DATE  138                       117     21      125
  SINCE JUN 1    418                       348     70      395
  SINCE JAN 1    523                       414    109      514
..................................................................


WIND (MPH)
  HIGHEST WIND SPEED    24   HIGHEST WIND DIRECTION     S (160)
  HIGHEST GUST SPEED    28   HIGHEST GUST DIRECTION     S (170)
  AVERAGE WIND SPEED     8.3


SKY COVER
  AVERAGE SKY COVER 0.4


WEATHER CONDITIONS
 THE FOLLOWING WEATHER WAS RECORDED TODAY.
  NO SIGNIFICANT WEATHER WAS OBSERVED.


RELATIVE HUMIDITY (PERCENT)
 HIGHEST    64          1200 AM
 LOWEST     37          1000 AM
 AVERAGE    51

..........................................................


THE LAGUARDIA NY CLIMATE NORMALS FOR TOMORROW
                         NORMAL    RECORD    YEAR
 MAXIMUM TEMPERATURE (F)   85        98      1988
 MINIMUM TEMPERATURE (F)   69        62      1945


SUNRISE AND SUNSET
JULY 10 2017..........SUNRISE   534 AM EDT   SUNSET   828 PM EDT
JULY 11 2017..........SUNRISE   534 AM EDT   SUNSET   828 PM EDT


-  INDICATES NEGATIVE NUMBERS.
R  INDICATES RECORD WAS SET OR TIED.
MM INDICATES DATA IS MISSING.
T  INDICATES TRACE AMOUNT.




$$
