968
CDUS41 KOKX 312141
CLILGA


CLIMATE REPORT
NATIONAL WEATHER SERVICE NEW YORK NY
441 PM EST SUN JAN 31 2016


...................................

...THE LAGUARDIA NY CLIMATE SUMMARY FOR JANUARY 31 2016...
VALID TODAY AS OF 0400 PM LOCAL TIME.

CLIMATE NORMAL PERIOD 1981 TO 2010
CLIMATE RECORD PERIOD 1945 TO 2016


WEATHER ITEM   OBSERVED TIME   RECORD YEAR NORMAL DEPARTURE LAST
                VALUE   (LST)  VALUE       VALUE  FROM      YEAR
                                                  NORMAL
..................................................................
TEMPERATURE (F)
 TODAY
  MAXIMUM         56    230 PM  61    1974  40     16       26
  MINIMUM         37    449 AM   2    1948  27     10       13
  AVERAGE         47                        33     14       20

PRECIPITATION (IN)
  TODAY            0.00          0.88 2013   0.10  -0.10     0.00
  MONTH TO DATE    4.17                      3.17   1.00     4.98
  SINCE DEC 1      8.50                      6.73   1.77    11.18
  SINCE JAN 1      4.17                      3.17   1.00     4.98

SNOWFALL (IN)
  TODAY            0.0           4.7  1949   0.3   -0.3      0.0
  MONTH TO DATE   28.8                       7.4   21.4     19.7
  SINCE OCT 1     28.8                      12.9   15.9     21.4
  SINCE JUL 1     28.8                      12.9   15.9     21.4
  SNOW DEPTH       2

DEGREE DAYS
 HEATING
  TODAY           18                        32    -14       45
  MONTH TO DATE  902                       988    -86     1083
  SINCE DEC 1   1335                      1824   -489     1832
  SINCE JUL 1   1897                      2599   -702     2586

 COOLING
  TODAY            0                         0      0        0
  MONTH TO DATE    0                         0      0        0
  SINCE DEC 1      1                         0      1        0
  SINCE JAN 1      0                         0      0        0
..................................................................


WIND (MPH)
  HIGHEST WIND SPEED    12   HIGHEST WIND DIRECTION    SW (230)
  HIGHEST GUST SPEED    15   HIGHEST GUST DIRECTION    SW (240)
  AVERAGE WIND SPEED     7.4


SKY COVER
  AVERAGE SKY COVER 0.6


WEATHER CONDITIONS
 THE FOLLOWING WEATHER WAS RECORDED TODAY.
  NO SIGNIFICANT WEATHER WAS OBSERVED.


RELATIVE HUMIDITY (PERCENT)
 HIGHEST    64           500 AM
 LOWEST     35           200 PM
 AVERAGE    50

..........................................................


THE LAGUARDIA NY CLIMATE NORMALS FOR TOMORROW
                         NORMAL    RECORD    YEAR
 MAXIMUM TEMPERATURE (F)   40        66      1989
 MINIMUM TEMPERATURE (F)   27         3      1961


SUNRISE AND SUNSET
JANUARY 31 2016.......SUNRISE   707 AM EST   SUNSET   511 PM EST
FEBRUARY  1 2016......SUNRISE   706 AM EST   SUNSET   513 PM EST


-  INDICATES NEGATIVE NUMBERS.
R  INDICATES RECORD WAS SET OR TIED.
MM INDICATES DATA IS MISSING.
T  INDICATES TRACE AMOUNT.




$$
