000
CDUS41 KOKX 222042
CLILGA


CLIMATE REPORT
NATIONAL WEATHER SERVICE NEW YORK NY
441 PM EDT THU SEP 22 2016


...................................

...THE LAGUARDIA NY CLIMATE SUMMARY FOR SEPTEMBER 22 2016...
VALID TODAY AS OF 0400 PM LOCAL TIME.

CLIMATE NORMAL PERIOD 1981 TO 2010
CLIMATE RECORD PERIOD 1939 TO 2016


WEATHER ITEM   OBSERVED TIME   RECORD YEAR NORMAL DEPARTURE LAST
                VALUE   (LST)  VALUE       VALUE  FROM      YEAR
                                                  NORMAL
..................................................................
TEMPERATURE (F)
 TODAY
  MAXIMUM         85    249 PM  93    1970  74     11       72
  MINIMUM         70    609 AM  47    1962  60     10       61
  AVERAGE         78                        67     11       67

PRECIPITATION (IN)
  TODAY            0.00          1.00 1996   0.12  -0.12     0.00
  MONTH TO DATE    1.55                      2.69  -1.14     1.40
  SINCE SEP 1      1.55                      2.69  -1.14     1.40
  SINCE JAN 1     25.27                     32.94  -7.67    26.67

SNOWFALL (IN)
  TODAY            0.0          MM      MM   0.0    0.0      0.0
  MONTH TO DATE    0.0                       0.0    0.0      0.0
  SINCE OCT 1     36.2                      26.9    9.3     53.8
  SINCE JUL 1      0.0                       0.0    0.0      0.0
  SNOW DEPTH       0

DEGREE DAYS
 HEATING
  TODAY            0                         2     -2        0
  MONTH TO DATE    0                        12    -12        0
  SINCE SEP 1      0                        12    -12        0
  SINCE JUL 1      0                        13    -13        0

 COOLING
  TODAY           13                         4      9        2
  MONTH TO DATE  255                       138    117      247
  SINCE SEP 1    255                       138    117      247
  SINCE JAN 1   1672                      1171    501     1496
..................................................................


WIND (MPH)
  HIGHEST WIND SPEED    12   HIGHEST WIND DIRECTION    NE (40)
  HIGHEST GUST SPEED    19   HIGHEST GUST DIRECTION    NE (60)
  AVERAGE WIND SPEED     6.3


SKY COVER
  AVERAGE SKY COVER 0.4


WEATHER CONDITIONS
 THE FOLLOWING WEATHER WAS RECORDED TODAY.
  NO SIGNIFICANT WEATHER WAS OBSERVED.


RELATIVE HUMIDITY (PERCENT)
 HIGHEST    57           100 AM
 LOWEST     34           200 PM
 AVERAGE    46

..........................................................


THE LAGUARDIA NY CLIMATE NORMALS FOR TOMORROW
                         NORMAL    RECORD    YEAR
 MAXIMUM TEMPERATURE (F)   74        93      1970
 MINIMUM TEMPERATURE (F)   59        42      1947


SUNRISE AND SUNSET
SEPTEMBER 22 2016.....SUNRISE   644 AM EDT   SUNSET   652 PM EDT
SEPTEMBER 23 2016.....SUNRISE   645 AM EDT   SUNSET   650 PM EDT


-  INDICATES NEGATIVE NUMBERS.
R  INDICATES RECORD WAS SET OR TIED.
MM INDICATES DATA IS MISSING.
T  INDICATES TRACE AMOUNT.




$$
