000
CDUS41 KOKX 222036
CLILGA


CLIMATE REPORT
NATIONAL WEATHER SERVICE NEW YORK NY
436 PM EDT FRI APR 22 2016


...................................

...THE LAGUARDIA NY CLIMATE SUMMARY FOR APRIL 22 2016...
VALID TODAY AS OF 0400 PM LOCAL TIME.

CLIMATE NORMAL PERIOD 1981 TO 2010
CLIMATE RECORD PERIOD 1945 TO 2016


WEATHER ITEM   OBSERVED TIME   RECORD YEAR NORMAL DEPARTURE LAST
                VALUE   (LST)  VALUE       VALUE  FROM      YEAR
                                                  NORMAL
..................................................................
TEMPERATURE (F)
 TODAY
  MAXIMUM         78    258 PM  85    2001  63     15       67
                                      1962
  MINIMUM         61    610 AM  33    1947  47     14       48
  AVERAGE         70                        55     15       58

PRECIPITATION (IN)
  TODAY            0.00          1.90 2012   0.13  -0.13     0.10
  MONTH TO DATE    1.20                      3.01  -1.81     1.82
  SINCE MAR 1      2.46                      6.98  -4.52     6.36
  SINCE JAN 1     10.99                     12.91  -1.92    13.44

SNOWFALL (IN)
  TODAY            0.0           T    1972   0.0    0.0      0.0
  MONTH TO DATE    T                         0.5   -0.5      0.0
  SINCE OCT 1     36.2                      26.9    9.3     53.8
  SINCE JUL 1     36.2                      26.9    9.3     53.8
  SNOW DEPTH       0

DEGREE DAYS
 HEATING
  TODAY            0                        10    -10        7
  MONTH TO DATE  282                       306    -24      253
  SINCE MAR 1    777                      1013   -236     1087
  SINCE JUL 1   3439                      4442  -1003     4809

 COOLING
  TODAY            5                         0      5        0
  MONTH TO DATE    8                         0      8        2
  SINCE MAR 1     13                         0     13        2
  SINCE JAN 1     13                         0     13        2
..................................................................


WIND (MPH)
  HIGHEST WIND SPEED    16   HIGHEST WIND DIRECTION     S (190)
  HIGHEST GUST SPEED    22   HIGHEST GUST DIRECTION     S (170)
  AVERAGE WIND SPEED     7.0


SKY COVER
  AVERAGE SKY COVER 0.7


WEATHER CONDITIONS
 THE FOLLOWING WEATHER WAS RECORDED TODAY.
  NO SIGNIFICANT WEATHER WAS OBSERVED.


RELATIVE HUMIDITY (PERCENT)
 HIGHEST    72           600 AM
 LOWEST     45          1200 AM
 AVERAGE    59

..........................................................


THE LAGUARDIA NY CLIMATE NORMALS FOR TOMORROW
                         NORMAL    RECORD    YEAR
 MAXIMUM TEMPERATURE (F)   64        85      2007
 MINIMUM TEMPERATURE (F)   47        36      1986


SUNRISE AND SUNSET
APRIL 22 2016.........SUNRISE   606 AM EDT   SUNSET   743 PM EDT
APRIL 23 2016.........SUNRISE   604 AM EDT   SUNSET   744 PM EDT


-  INDICATES NEGATIVE NUMBERS.
R  INDICATES RECORD WAS SET OR TIED.
MM INDICATES DATA IS MISSING.
T  INDICATES TRACE AMOUNT.




$$
