000
CDUS41 KOKX 242041
CLILGA


CLIMATE REPORT
NATIONAL WEATHER SERVICE NEW YORK NY
440 PM EDT TUE MAR 24 2015


...................................

...THE LAGUARDIA NY CLIMATE SUMMARY FOR MARCH 24 2015...
VALID TODAY AS OF 0400 PM LOCAL TIME.

CLIMATE NORMAL PERIOD 1981 TO 2010
CLIMATE RECORD PERIOD 1945 TO 2015


WEATHER ITEM   OBSERVED TIME   RECORD YEAR NORMAL DEPARTURE LAST
                VALUE   (LST)  VALUE       VALUE  FROM      YEAR
                                                  NORMAL
..................................................................
TEMPERATURE (F)
 TODAY
  MAXIMUM         43    227 PM  74    1988  52     -9       34
  MINIMUM         26    713 AM  22    2014  37    -11       22
  AVERAGE         35                        45    -10       28

PRECIPITATION (IN)
  TODAY            0.00          1.63 1989   0.14  -0.14     0.00
  MONTH TO DATE    3.83                      3.02   0.81     1.35
  SINCE MAR 1      3.83                      3.02   0.81     1.35
  SINCE JAN 1     10.91                      8.95   1.96     8.64

SNOWFALL (IN)
  TODAY            0.0           0.5  2011   0.1   -0.1      0.0
  MONTH TO DATE   17.3                       3.9   13.4      0.4
  SINCE OCT 1     53.8                      25.9   27.9     52.1
  SINCE JUL 1     53.8                      25.9   27.9     52.1
  SNOW DEPTH       0

DEGREE DAYS
 HEATING
  TODAY           30                        20     10       37
  MONTH TO DATE  668                       573     95      683
  SINCE MAR 1    668                       573     95      683
  SINCE JUL 1   4390                      4002    388     4340

 COOLING
  TODAY            0                         0      0        0
  MONTH TO DATE    0                         0      0        0
  SINCE MAR 1      0                         0      0        0
  SINCE JAN 1      0                         0      0        0
..................................................................


WIND (MPH)
  HIGHEST WIND SPEED    14   HIGHEST WIND DIRECTION     N (360)
  HIGHEST GUST SPEED    17   HIGHEST GUST DIRECTION     N (360)
  AVERAGE WIND SPEED     8.1


SKY COVER
  AVERAGE SKY COVER 0.6


WEATHER CONDITIONS
 THE FOLLOWING WEATHER WAS RECORDED TODAY.
  NO SIGNIFICANT WEATHER WAS OBSERVED.


RELATIVE HUMIDITY (PERCENT)
 HIGHEST    42           500 AM
 LOWEST     27           300 PM
 AVERAGE    35

..........................................................


THE LAGUARDIA NY CLIMATE NORMALS FOR TOMORROW
                         NORMAL    RECORD    YEAR
 MAXIMUM TEMPERATURE (F)   53        77      1963
 MINIMUM TEMPERATURE (F)   37        19      1956


SUNRISE AND SUNSET
MARCH 24 2015.........SUNRISE   653 AM EDT   SUNSET   712 PM EDT
MARCH 25 2015.........SUNRISE   651 AM EDT   SUNSET   713 PM EDT


-  INDICATES NEGATIVE NUMBERS.
R  INDICATES RECORD WAS SET OR TIED.
MM INDICATES DATA IS MISSING.
T  INDICATES TRACE AMOUNT.




$$
