000
CDUS41 KOKX 170620
CLILGA


CLIMATE REPORT
NATIONAL WEATHER SERVICE NEW YORK NY
219 AM EDT FRI OCT 17 2014


...................................

...THE LAGUARDIA NY CLIMATE SUMMARY FOR OCTOBER 16 2014...

CLIMATE NORMAL PERIOD 1981 TO 2010
CLIMATE RECORD PERIOD 1945 TO 2014


WEATHER ITEM   OBSERVED TIME   RECORD YEAR NORMAL DEPARTURE LAST
                VALUE   (LST)  VALUE       VALUE  FROM      YEAR
                                                  NORMAL
..................................................................
TEMPERATURE (F)
 YESTERDAY
  MAXIMUM         72    821 AM  82    1958  65      7       65
  MINIMUM         62   1156 PM  39    2009  51     11       57
  AVERAGE         67                        58      9       61

PRECIPITATION (IN)
  YESTERDAY        0.77          1.64 1974   0.12   0.65     0.00
  MONTH TO DATE    2.27                      2.00   0.27     0.37
  SINCE SEP 1      3.51                      5.73  -2.22     3.66
  SINCE JAN 1     38.57                     35.98   2.59    31.00

SNOWFALL (IN)
  YESTERDAY        0.0          MM      MM   0.0    0.0      0.0
  MONTH TO DATE    0.0                       0.0    0.0      0.0
  SINCE OCT 1      0.0                       0.0    0.0      0.0
  SINCE JUL 1      0.0                       0.0    0.0      0.0
  SNOW DEPTH       0

DEGREE DAYS
 HEATING
  YESTERDAY        0                         8     -8        4
  MONTH TO DATE   53                        89    -36       32
  SINCE SEP 1     66                       123    -57       63
  SINCE JUL 1     66                       124    -58       63

 COOLING
  YESTERDAY        2                         0      2        0
  MONTH TO DATE   22                        20      2       49
  SINCE SEP 1    203                       177     26      181
  SINCE JAN 1   1190                      1210    -20     1400
..................................................................


WIND (MPH)
  HIGHEST WIND SPEED    21   HIGHEST WIND DIRECTION     S (170)
  HIGHEST GUST SPEED    30   HIGHEST GUST DIRECTION     S (180)
  AVERAGE WIND SPEED    10.4


SKY COVER
  AVERAGE SKY COVER 0.8


WEATHER CONDITIONS
 THE FOLLOWING WEATHER WAS RECORDED YESTERDAY.
  HEAVY RAIN
  RAIN
  LIGHT RAIN
  FOG


RELATIVE HUMIDITY (PERCENT)
 HIGHEST    97           300 AM
 LOWEST     57           200 PM
 AVERAGE    77

..........................................................


THE LAGUARDIA NY CLIMATE NORMALS FOR TODAY
                         NORMAL    RECORD    YEAR
 MAXIMUM TEMPERATURE (F)   65        80      1958
 MINIMUM TEMPERATURE (F)   51        38      1970


SUNRISE AND SUNSET
OCTOBER 17 2014.......SUNRISE   709 AM EDT   SUNSET   612 PM EDT
OCTOBER 18 2014.......SUNRISE   710 AM EDT   SUNSET   611 PM EDT


-  INDICATES NEGATIVE NUMBERS.
R  INDICATES RECORD WAS SET OR TIED.
MM INDICATES DATA IS MISSING.
T  INDICATES TRACE AMOUNT.




$$
