000
CDUS41 KOKX 302047
CLILGA


CLIMATE REPORT
NATIONAL WEATHER SERVICE NEW YORK NY
447 PM EDT THU JUL 30 2015


...................................

...THE LAGUARDIA NY CLIMATE SUMMARY FOR JULY 30 2015...
VALID TODAY AS OF 0400 PM LOCAL TIME.

CLIMATE NORMAL PERIOD 1981 TO 2010
CLIMATE RECORD PERIOD 1945 TO 2015


WEATHER ITEM   OBSERVED TIME   RECORD YEAR NORMAL DEPARTURE LAST
                VALUE   (LST)  VALUE       VALUE  FROM      YEAR
                                                  NORMAL
..................................................................
TEMPERATURE (F)
 TODAY
  MAXIMUM         87   1131 AM  99    1988  85      2       83
  MINIMUM         75    155 PM  61    1956  70      5       65
  AVERAGE         81                        78      3       74

PRECIPITATION (IN)
  TODAY            1.34          3.46 1960   0.15   1.19     0.00
  MONTH TO DATE    3.26                      4.33  -1.07     3.99
  SINCE JUN 1      8.06                      8.27  -0.21     7.68
  SINCE JAN 1     23.11                     25.96  -2.85    31.56

SNOWFALL (IN)
  TODAY            0.0          MM      MM   0.0    0.0      0.0
  MONTH TO DATE    0.0                       0.0    0.0      0.0
  SINCE OCT 1     53.8                      26.9   26.9     52.4
  SINCE JUL 1      0.0                       0.0    0.0      0.0
  SNOW DEPTH       0

DEGREE DAYS
 HEATING
  TODAY            0                         0      0        0
  MONTH TO DATE    0                         0      0        0
  SINCE JUN 1     34                        16     18        0
  SINCE JUL 1      0                         0      0        0

 COOLING
  TODAY           16                        13      3        9
  MONTH TO DATE  429                       375     54      371
  SINCE JUN 1    657                       606     51      603
  SINCE JAN 1    779                       672    107      653
..................................................................


WIND (MPH)
  HIGHEST WIND SPEED    25   HIGHEST WIND DIRECTION     W (280)
  HIGHEST GUST SPEED    35   HIGHEST GUST DIRECTION     W (280)
  AVERAGE WIND SPEED     9.0


SKY COVER
  AVERAGE SKY COVER 0.7


WEATHER CONDITIONS
 THE FOLLOWING WEATHER WAS RECORDED TODAY.
  THUNDERSTORM
  HEAVY RAIN
  RAIN
  LIGHT RAIN
  FOG
  FOG W/VISIBILITY <= 1/4 MILE
  HAZE


RELATIVE HUMIDITY (PERCENT)
 HIGHEST    79           500 AM
 LOWEST     61          1200 PM
 AVERAGE    70

..........................................................


THE LAGUARDIA NY CLIMATE NORMALS FOR TOMORROW
                         NORMAL    RECORD    YEAR
 MAXIMUM TEMPERATURE (F)   85        97      1954
 MINIMUM TEMPERATURE (F)   70        62      1956


SUNRISE AND SUNSET
JULY 30 2015..........SUNRISE   550 AM EDT   SUNSET   814 PM EDT
JULY 31 2015..........SUNRISE   551 AM EDT   SUNSET   812 PM EDT


-  INDICATES NEGATIVE NUMBERS.
R  INDICATES RECORD WAS SET OR TIED.
MM INDICATES DATA IS MISSING.
T  INDICATES TRACE AMOUNT.




$$
