000
CDUS41 KOKX 260616
CLILGA


CLIMATE REPORT
NATIONAL WEATHER SERVICE NEW YORK NY
116 AM EST THU FEB 26 2015


...................................

...THE LAGUARDIA NY CLIMATE SUMMARY FOR FEBRUARY 25 2015...

CLIMATE NORMAL PERIOD 1981 TO 2010
CLIMATE RECORD PERIOD 1945 TO 2015


WEATHER ITEM   OBSERVED TIME   RECORD YEAR NORMAL DEPARTURE LAST
                VALUE   (LST)  VALUE       VALUE  FROM      YEAR
                                                  NORMAL
..................................................................
TEMPERATURE (F)
 YESTERDAY
  MAXIMUM         38    258 PM  68    1976  44     -6       33
  MINIMUM         21    558 AM  12    1990  30     -9       24
  AVERAGE         30                        37     -7       29

PRECIPITATION (IN)
  YESTERDAY        0.00          1.49 2010   0.11  -0.11     0.00
  MONTH TO DATE    2.10                      2.44  -0.34     4.92
  SINCE DEC 1     13.28                      9.17   4.11    11.74
  SINCE JAN 1      7.08                      5.61   1.47     7.28

SNOWFALL (IN)
  YESTERDAY        0.0           3.7  2010   0.3   -0.3      0.0
  MONTH TO DATE   15.1                       8.3    6.8     27.0
  SINCE OCT 1     36.5                      21.2   15.3     51.5
  SINCE JUL 1     36.5                      21.2   15.3     51.5
  SNOW DEPTH       6

DEGREE DAYS
 HEATING
  YESTERDAY       35                        28      7       36
  MONTH TO DATE 1016                       748    268      807
  SINCE DEC 1   2848                      2572    276     2748
  SINCE JUL 1   3602                      3347    255     3530

 COOLING
  YESTERDAY        0                         0      0        0
  MONTH TO DATE    0                         0      0        0
  SINCE DEC 1      0                         0      0        0
  SINCE JAN 1      0                         0      0        0
..................................................................


WIND (MPH)
  HIGHEST WIND SPEED    23   HIGHEST WIND DIRECTION    NW (300)
  HIGHEST GUST SPEED    30   HIGHEST GUST DIRECTION    NW (300)
  AVERAGE WIND SPEED    10.0


SKY COVER
  AVERAGE SKY COVER 0.4


WEATHER CONDITIONS
 THE FOLLOWING WEATHER WAS RECORDED YESTERDAY.
  NO SIGNIFICANT WEATHER WAS OBSERVED.


RELATIVE HUMIDITY (PERCENT)
 HIGHEST    71           300 AM
 LOWEST     32           300 PM
 AVERAGE    52

..........................................................


THE LAGUARDIA NY CLIMATE NORMALS FOR TODAY
                         NORMAL    RECORD    YEAR
 MAXIMUM TEMPERATURE (F)   45        62      1976
 MINIMUM TEMPERATURE (F)   30         9      1990


SUNRISE AND SUNSET
FEBRUARY 26 2015......SUNRISE   635 AM EST   SUNSET   543 PM EST
FEBRUARY 27 2015......SUNRISE   633 AM EST   SUNSET   544 PM EST


-  INDICATES NEGATIVE NUMBERS.
R  INDICATES RECORD WAS SET OR TIED.
MM INDICATES DATA IS MISSING.
T  INDICATES TRACE AMOUNT.




$$
