000
CDUS41 KOKX 160616
CLILGA


CLIMATE REPORT
NATIONAL WEATHER SERVICE NEW YORK NY
216 AM EDT WED JUL 16 2014


...................................

...THE LAGUARDIA NY CLIMATE SUMMARY FOR JULY 15 2014...

CLIMATE NORMAL PERIOD 1981 TO 2010
CLIMATE RECORD PERIOD 1945 TO 2014


WEATHER ITEM   OBSERVED TIME   RECORD YEAR NORMAL DEPARTURE LAST
                VALUE   (LST)  VALUE       VALUE  FROM      YEAR
                                                  NORMAL
..................................................................
TEMPERATURE (F)
 YESTERDAY
  MAXIMUM         88    110 PM 103    1995  86      2       94
  MINIMUM         71   1159 PM  62    1960  70      1       80
                                      1950
                                      1940
  AVERAGE         80                        78      2       87

PRECIPITATION (IN)
  YESTERDAY        0.93          3.53 1997   0.16   0.77     0.00
  MONTH TO DATE    3.61                      2.07   1.54     2.07
  SINCE JUN 1      7.30                      6.01   1.29    10.23
  SINCE JAN 1     31.18                     23.70   7.48    24.64

SNOWFALL (IN)
  YESTERDAY        0.0          MM      MM   0.0    0.0      0.0
  MONTH TO DATE    0.0                       0.0    0.0      0.0
  SINCE OCT 1     52.4                      26.9   25.5     22.2
  SINCE JUL 1      0.0                       0.0    0.0      0.0
  SNOW DEPTH       0

DEGREE DAYS
 HEATING
  YESTERDAY        0                         0      0        0
  MONTH TO DATE    0                         0      0        0
  SINCE JUN 1      0                        16    -16        4
  SINCE JUL 1      0                         0      0        0

 COOLING
  YESTERDAY       15                        13      2       22
  MONTH TO DATE  206                       180     26      251
  SINCE JUN 1    438                       411     27      532
  SINCE JAN 1    488                       477     11      620
..................................................................


WIND (MPH)
  HIGHEST WIND SPEED    18   HIGHEST WIND DIRECTION     S (190)
  HIGHEST GUST SPEED    22   HIGHEST GUST DIRECTION     S (190)
  AVERAGE WIND SPEED     8.0


SKY COVER
  AVERAGE SKY COVER 0.9


WEATHER CONDITIONS
 THE FOLLOWING WEATHER WAS RECORDED YESTERDAY.
  THUNDERSTORM
  HEAVY RAIN
  RAIN
  LIGHT RAIN
  FOG


RELATIVE HUMIDITY (PERCENT)
 HIGHEST    93           400 AM
 LOWEST     61           100 PM
 AVERAGE    77

..........................................................


THE LAGUARDIA NY CLIMATE NORMALS FOR TODAY
                         NORMAL    RECORD    YEAR
 MAXIMUM TEMPERATURE (F)   86        97      1980
 MINIMUM TEMPERATURE (F)   70        58      1946


SUNRISE AND SUNSET
JULY 16 2014..........SUNRISE   538 AM EDT   SUNSET   825 PM EDT
JULY 17 2014..........SUNRISE   539 AM EDT   SUNSET   824 PM EDT


-  INDICATES NEGATIVE NUMBERS.
R  INDICATES RECORD WAS SET OR TIED.
MM INDICATES DATA IS MISSING.
T  INDICATES TRACE AMOUNT.




$$
