000
CDUS41 KOKX 180620
CLILGA


CLIMATE REPORT
NATIONAL WEATHER SERVICE NEW YORK NY
220 AM EDT SUN SEP 18 2016


...................................

...THE LAGUARDIA NY CLIMATE SUMMARY FOR SEPTEMBER 17 2016...

CLIMATE NORMAL PERIOD 1981 TO 2010
CLIMATE RECORD PERIOD 1939 TO 2016


WEATHER ITEM   OBSERVED TIME   RECORD YEAR NORMAL DEPARTURE LAST
                VALUE   (LST)  VALUE       VALUE  FROM      YEAR
                                                  NORMAL
..................................................................
TEMPERATURE (F)
 YESTERDAY
  MAXIMUM         78    254 PM  95    1991  76      2       87
  MINIMUM         64    627 AM  48    1986  62      2       70
                                      1959
  AVERAGE         71                        69      2       79

PRECIPITATION (IN)
  YESTERDAY        0.00          1.65 1996   0.12  -0.12     0.00
  MONTH TO DATE    0.77                      2.05  -1.28     1.40
  SINCE SEP 1      0.77                      2.05  -1.28     1.40
  SINCE JAN 1     24.49                     32.30  -7.81    26.67

SNOWFALL (IN)
  YESTERDAY        0.0          MM      MM   0.0    0.0      0.0
  MONTH TO DATE    0.0                       0.0    0.0      0.0
  SINCE OCT 1     36.2                      26.9    9.3     53.8
  SINCE JUL 1      0.0                       0.0    0.0      0.0
  SNOW DEPTH       0

DEGREE DAYS
 HEATING
  YESTERDAY        0                         1     -1        0
  MONTH TO DATE    0                         6     -6        0
  SINCE SEP 1      0                         6     -6        0
  SINCE JUL 1      0                         7     -7        0

 COOLING
  YESTERDAY        6                         5      1       14
  MONTH TO DATE  191                       117     74      215
  SINCE SEP 1    191                       117     74      215
  SINCE JAN 1   1608                      1150    458     1464
..................................................................


WIND (MPH)
  HIGHEST WIND SPEED    18   HIGHEST WIND DIRECTION     S (160)
  HIGHEST GUST SPEED    22   HIGHEST GUST DIRECTION    SE (150)
  AVERAGE WIND SPEED     8.1


SKY COVER
  AVERAGE SKY COVER 0.6


WEATHER CONDITIONS
 THE FOLLOWING WEATHER WAS RECORDED YESTERDAY.
  NO SIGNIFICANT WEATHER WAS OBSERVED.


RELATIVE HUMIDITY (PERCENT)
 HIGHEST    79           900 PM
 LOWEST     43          1200 PM
 AVERAGE    61

..........................................................


THE LAGUARDIA NY CLIMATE NORMALS FOR TODAY
                         NORMAL    RECORD    YEAR
 MAXIMUM TEMPERATURE (F)   76        89      1965
 MINIMUM TEMPERATURE (F)   61        47      1943


SUNRISE AND SUNSET
SEPTEMBER 18 2016.....SUNRISE   640 AM EDT   SUNSET   659 PM EDT
SEPTEMBER 19 2016.....SUNRISE   641 AM EDT   SUNSET   657 PM EDT


-  INDICATES NEGATIVE NUMBERS.
R  INDICATES RECORD WAS SET OR TIED.
MM INDICATES DATA IS MISSING.
T  INDICATES TRACE AMOUNT.




$$
