000
CDUS41 KOKX 252030
CLILGA


CLIMATE REPORT
NATIONAL WEATHER SERVICE NEW YORK NY
430 PM EDT THU SEP 25 2014


...................................

...THE LAGUARDIA NY CLIMATE SUMMARY FOR SEPTEMBER 25 2014...
VALID TODAY AS OF 0400 PM LOCAL TIME.

CLIMATE NORMAL PERIOD 1981 TO 2010
CLIMATE RECORD PERIOD 1945 TO 2014


WEATHER ITEM   OBSERVED TIME   RECORD YEAR NORMAL DEPARTURE LAST
                VALUE   (LST)  VALUE       VALUE  FROM      YEAR
                                                  NORMAL
..................................................................
TEMPERATURE (F)
 TODAY
  MAXIMUM         64    555 AM  90    2010  73     -9       72
                                      1970
  MINIMUM         58    801 AM  41    1943  59     -1       55
  AVERAGE         61                        66     -5       64

PRECIPITATION (IN)
  TODAY            0.17          2.09 1991   0.13   0.04     0.00
  MONTH TO DATE    1.20                      3.06  -1.86     3.29
  SINCE SEP 1      1.20                      3.06  -1.86     3.29
  SINCE JAN 1     36.26                     33.31   2.95    30.63

SNOWFALL (IN)
  TODAY            0.0          MM      MM   0.0    0.0      0.0
  MONTH TO DATE    0.0                       0.0    0.0      0.0
  SINCE OCT 1     52.4                      26.9   25.5     22.2
  SINCE JUL 1      0.0                       0.0    0.0      0.0
  SNOW DEPTH       0

DEGREE DAYS
 HEATING
  TODAY            4                         2      2        1
  MONTH TO DATE   13                        18     -5       28
  SINCE SEP 1     13                        18     -5       28
  SINCE JUL 1     13                        19     -6       28

 COOLING
  TODAY            0                         3     -3        0
  MONTH TO DATE  147                       147      0      130
  SINCE SEP 1    147                       147      0      130
  SINCE JAN 1   1134                      1180    -46     1349
..................................................................


WIND (MPH)
  HIGHEST WIND SPEED    29   HIGHEST WIND DIRECTION    NE (50)
  HIGHEST GUST SPEED    33   HIGHEST GUST DIRECTION    NE (50)
  AVERAGE WIND SPEED    17.0


SKY COVER
  AVERAGE SKY COVER 1.0


WEATHER CONDITIONS
 THE FOLLOWING WEATHER WAS RECORDED TODAY.
  RAIN
  LIGHT RAIN
  FOG


RELATIVE HUMIDITY (PERCENT)
 HIGHEST    86           800 AM
 LOWEST     67          1200 AM
 AVERAGE    77

..........................................................


THE LAGUARDIA NY CLIMATE NORMALS FOR TOMORROW
                         NORMAL    RECORD    YEAR
 MAXIMUM TEMPERATURE (F)   73        90      2007
 MINIMUM TEMPERATURE (F)   58        44      1947
                                             1940


SUNRISE AND SUNSET
SEPTEMBER 25 2014.....SUNRISE   646 AM EDT   SUNSET   648 PM EDT
SEPTEMBER 26 2014.....SUNRISE   647 AM EDT   SUNSET   646 PM EDT


-  INDICATES NEGATIVE NUMBERS.
R  INDICATES RECORD WAS SET OR TIED.
MM INDICATES DATA IS MISSING.
T  INDICATES TRACE AMOUNT.




$$
