000
CDUS41 KOKX 202041
CLILGA


CLIMATE REPORT
NATIONAL WEATHER SERVICE NEW YORK NY
440 PM EDT FRI MAY 20 2016


...................................

...THE LAGUARDIA NY CLIMATE SUMMARY FOR MAY 20 2016...
VALID TODAY AS OF 0400 PM LOCAL TIME.

CLIMATE NORMAL PERIOD 1981 TO 2010
CLIMATE RECORD PERIOD 1945 TO 2016


WEATHER ITEM   OBSERVED TIME   RECORD YEAR NORMAL DEPARTURE LAST
                VALUE   (LST)  VALUE       VALUE  FROM      YEAR
                                                  NORMAL
..................................................................
TEMPERATURE (F)
 TODAY
  MAXIMUM         78    242 PM  97    1996  72      6       66
  MINIMUM         57    514 AM  44    2002  55      2       55
  AVERAGE         68                        64      4       61

PRECIPITATION (IN)
  TODAY            0.00          1.79 1972   0.12  -0.12     0.00
  MONTH TO DATE    1.93                      2.29  -0.36     0.31
  SINCE MAR 1      4.85                     10.26  -5.41     6.67
  SINCE JAN 1     13.38                     16.19  -2.81    13.75

SNOWFALL (IN)
  TODAY            0.0          MM      MM   0.0    0.0      0.0
  MONTH TO DATE    0.0                       0.0    0.0      0.0
  SINCE OCT 1     36.2                      26.9    9.3     53.8
  SINCE JUL 1     36.2                      26.9    9.3     53.8
  SNOW DEPTH       0

DEGREE DAYS
 HEATING
  TODAY            0                         3     -3        4
  MONTH TO DATE  136                       107     29       38
  SINCE MAR 1    985                      1192   -207     1216
  SINCE JUL 1   3647                      4621   -974     4938

 COOLING
  TODAY            3                         2      1        0
  MONTH TO DATE    6                        25    -19       50
  SINCE MAR 1     19                        33    -14       52
  SINCE JAN 1     19                        33    -14       52
..................................................................


WIND (MPH)
  HIGHEST WIND SPEED    13   HIGHEST WIND DIRECTION     E (100)
  HIGHEST GUST SPEED    17   HIGHEST GUST DIRECTION     E (80)
  AVERAGE WIND SPEED     6.2


SKY COVER
  AVERAGE SKY COVER 0.3


WEATHER CONDITIONS
 THE FOLLOWING WEATHER WAS RECORDED TODAY.
  NO SIGNIFICANT WEATHER WAS OBSERVED.


RELATIVE HUMIDITY (PERCENT)
 HIGHEST    67           500 AM
 LOWEST     27           200 PM
 AVERAGE    47

..........................................................


THE LAGUARDIA NY CLIMATE NORMALS FOR TOMORROW
                         NORMAL    RECORD    YEAR
 MAXIMUM TEMPERATURE (F)   73        93      1996
 MINIMUM TEMPERATURE (F)   55        45      2002


SUNRISE AND SUNSET
MAY 20 2016...........SUNRISE   534 AM EDT   SUNSET   811 PM EDT
MAY 21 2016...........SUNRISE   533 AM EDT   SUNSET   812 PM EDT


-  INDICATES NEGATIVE NUMBERS.
R  INDICATES RECORD WAS SET OR TIED.
MM INDICATES DATA IS MISSING.
T  INDICATES TRACE AMOUNT.




$$
