000
CDUS41 KOKX 150616
CLILGA


CLIMATE REPORT
NATIONAL WEATHER SERVICE NEW YORK NY
116 AM EST WED FEB 15 2017


...................................

...THE LAGUARDIA NY CLIMATE SUMMARY FOR FEBRUARY 14 2017...

CLIMATE NORMAL PERIOD 1981 TO 2010
CLIMATE RECORD PERIOD 1939 TO 2017


WEATHER ITEM   OBSERVED TIME   RECORD YEAR NORMAL DEPARTURE LAST
                VALUE   (LST)  VALUE       VALUE  FROM      YEAR
                                                  NORMAL
..................................................................
TEMPERATURE (F)
 YESTERDAY
  MAXIMUM         42    624 PM  60    1949  42      0       17
  MINIMUM         31    747 AM   1    2016  28      3        1
                                      1979
  AVERAGE         37                        35      2        9

PRECIPITATION (IN)
  YESTERDAY        0.00          0.99 1950   0.09  -0.09     0.00
  MONTH TO DATE    1.55                      1.32   0.23     1.17
  SINCE DEC 1      8.63                      8.05   0.58     9.67
  SINCE JAN 1      5.68                      4.49   1.19     5.34

SNOWFALL (IN)
  YESTERDAY        0.0           3.2  2014   0.4   -0.4      0.0
  MONTH TO DATE   10.3                       4.6    5.7      4.1
  SINCE OCT 1     23.4                      17.5    5.9     32.9
  SINCE JUL 1     23.4                      17.5    5.9     32.9
  SNOW DEPTH       0

DEGREE DAYS
 HEATING
  YESTERDAY       28                        30     -2       56
  MONTH TO DATE  381                       431    -50      423
  SINCE DEC 1   1917                      2255   -338     1758
  SINCE JUL 1   2455                      3030   -575     2320

 COOLING
  YESTERDAY        0                         0      0        0
  MONTH TO DATE    0                         0      0        0
  SINCE DEC 1      0                         0      0        1
  SINCE JAN 1      0                         0      0        0
..................................................................


WIND (MPH)
  HIGHEST WIND SPEED    20   HIGHEST WIND DIRECTION    NW (310)
  HIGHEST GUST SPEED    29   HIGHEST GUST DIRECTION    NW (310)
  AVERAGE WIND SPEED     9.9


SKY COVER
  AVERAGE SKY COVER 0.5


WEATHER CONDITIONS
 THE FOLLOWING WEATHER WAS RECORDED YESTERDAY.
  NO SIGNIFICANT WEATHER WAS OBSERVED.


RELATIVE HUMIDITY (PERCENT)
 HIGHEST    64          1000 PM
 LOWEST     45           400 PM
 AVERAGE    55

..........................................................


THE LAGUARDIA NY CLIMATE NORMALS FOR TODAY
                         NORMAL    RECORD    YEAR
 MAXIMUM TEMPERATURE (F)   42        74      1949
 MINIMUM TEMPERATURE (F)   29        -7      1943


SUNRISE AND SUNSET
FEBRUARY 15 2017......SUNRISE   649 AM EST   SUNSET   531 PM EST
FEBRUARY 16 2017......SUNRISE   648 AM EST   SUNSET   532 PM EST


-  INDICATES NEGATIVE NUMBERS.
R  INDICATES RECORD WAS SET OR TIED.
MM INDICATES DATA IS MISSING.
T  INDICATES TRACE AMOUNT.




$$
