000
CDUS41 KOKX 140620
CLILGA


CLIMATE REPORT
NATIONAL WEATHER SERVICE NEW YORK NY
219 AM EDT SUN MAY 14 2017


...................................

...THE LAGUARDIA NY CLIMATE SUMMARY FOR MAY 13 2017...

CLIMATE NORMAL PERIOD 1981 TO 2010
CLIMATE RECORD PERIOD 1939 TO 2017


WEATHER ITEM   OBSERVED TIME   RECORD YEAR NORMAL DEPARTURE LAST
                VALUE   (LST)  VALUE       VALUE  FROM      YEAR
                                                  NORMAL
..................................................................
TEMPERATURE (F)
 YESTERDAY
  MAXIMUM         55    129 AM  89    1956  70    -15       67
  MINIMUM         47    936 PM  45    1998  53     -6       58
                                      1996
  AVERAGE         51                        62    -11       63

PRECIPITATION (IN)
  YESTERDAY        1.74R         1.73 1975   0.11   1.63     0.25
  MONTH TO DATE    4.07                      1.47   2.60     1.93
  SINCE MAR 1     12.85                      9.44   3.41     4.85
  SINCE JAN 1     18.85                     15.37   3.48    13.38

SNOWFALL (IN)
  YESTERDAY        0.0           T    2000   0.0    0.0      0.0
  MONTH TO DATE    0.0                       0.0    0.0      0.0
  SINCE OCT 1     33.2                      26.9    6.3     36.2
  SINCE JUL 1     33.2                      26.9    6.3     36.2
  SNOW DEPTH       0

DEGREE DAYS
 HEATING
  YESTERDAY       14                         5      9        2
  MONTH TO DATE   85                        80      5      108
  SINCE MAR 1   1066                      1165    -99      957
  SINCE JUL 1   3753                      4594   -841     3619

 COOLING
  YESTERDAY        0                         1     -1        0
  MONTH TO DATE    5                        13     -8        2
  SINCE MAR 1     36                        21     15       15
  SINCE JAN 1     36                        21     15       15
..................................................................


WIND (MPH)
  HIGHEST WIND SPEED    29   HIGHEST WIND DIRECTION    NE (50)
  HIGHEST GUST SPEED    35   HIGHEST GUST DIRECTION    NE (30)
  AVERAGE WIND SPEED    15.2


SKY COVER
  AVERAGE SKY COVER 1.0


WEATHER CONDITIONS
 THE FOLLOWING WEATHER WAS RECORDED YESTERDAY.
  RAIN
  LIGHT RAIN
  FOG


RELATIVE HUMIDITY (PERCENT)
 HIGHEST    86           600 PM
 LOWEST     66          1200 AM
 AVERAGE    76

..........................................................


THE LAGUARDIA NY CLIMATE NORMALS FOR TODAY
                         NORMAL    RECORD    YEAR
 MAXIMUM TEMPERATURE (F)   71        84      1991
                                             1940
 MINIMUM TEMPERATURE (F)   53        45      2013
                                             1987
                                             1947


SUNRISE AND SUNSET
MAY 14 2017...........SUNRISE   539 AM EDT   SUNSET   805 PM EDT
MAY 15 2017...........SUNRISE   538 AM EDT   SUNSET   806 PM EDT


-  INDICATES NEGATIVE NUMBERS.
R  INDICATES RECORD WAS SET OR TIED.
MM INDICATES DATA IS MISSING.
T  INDICATES TRACE AMOUNT.




$$
