502
CDUS41 KOKX 110625
CLILGA


CLIMATE REPORT
NATIONAL WEATHER SERVICE NEW YORK NY
125 AM EST THU JAN 11 2018


...................................

...THE LAGUARDIA NY CLIMATE SUMMARY FOR JANUARY 10 2018...

CLIMATE NORMAL PERIOD 1981 TO 2010
CLIMATE RECORD PERIOD 1939 TO 2018


WEATHER ITEM   OBSERVED TIME   RECORD YEAR NORMAL DEPARTURE LAST
                VALUE   (LST)  VALUE       VALUE  FROM      YEAR
                                                  NORMAL
..................................................................
TEMPERATURE (F)
 YESTERDAY
  MAXIMUM         40   1159 PM  59    2016  39      1       47
                                      2000
  MINIMUM         26    510 AM   2    2004  27     -1       23
  AVERAGE         33                        33      0       35

PRECIPITATION (IN)
  YESTERDAY        0.00          1.42 2016   0.10  -0.10     0.00
  MONTH TO DATE    0.51                      1.03  -0.52     0.95
  SINCE DEC 1      2.57                      4.59  -2.02     3.90
  SINCE JAN 1      0.51                      1.03  -0.52     0.95

SNOWFALL (IN)
  YESTERDAY        0.0           4.0  1965   0.2   -0.2      0.0
  MONTH TO DATE    7.4                       2.4    5.0      8.3
  SINCE OCT 1     15.4                       7.9    7.5     11.3
  SINCE JUL 1     15.4                       7.9    7.5     11.3
  SNOW DEPTH       3

DEGREE DAYS
 HEATING
  YESTERDAY       32                        32      0       30
  MONTH TO DATE  432                       316    116      309
  SINCE DEC 1   1317                      1147    170     1067
  SINCE JUL 1   1908                      1922    -14     1605

 COOLING
  YESTERDAY        0                         0      0        0
  MONTH TO DATE    0                         0      0        0
  SINCE DEC 1      0                         0      0        0
  SINCE JAN 1      0                         0      0        0
..................................................................


WIND (MPH)
  HIGHEST WIND SPEED    13   HIGHEST WIND DIRECTION     S (160)
  HIGHEST GUST SPEED    16   HIGHEST GUST DIRECTION     S (160)
  AVERAGE WIND SPEED     6.0


SKY COVER
  AVERAGE SKY COVER 0.4


WEATHER CONDITIONS
 THE FOLLOWING WEATHER WAS RECORDED YESTERDAY.
  NO SIGNIFICANT WEATHER WAS OBSERVED.


RELATIVE HUMIDITY (PERCENT)
 HIGHEST    79           900 PM
 LOWEST     48          1200 PM
 AVERAGE    64

..........................................................


THE LAGUARDIA NY CLIMATE NORMALS FOR TODAY
                         NORMAL    RECORD    YEAR
 MAXIMUM TEMPERATURE (F)   39        62      1975
 MINIMUM TEMPERATURE (F)   27         4      1982


SUNRISE AND SUNSET
JANUARY 11 2018.......SUNRISE   719 AM EST   SUNSET   448 PM EST
JANUARY 12 2018.......SUNRISE   719 AM EST   SUNSET   449 PM EST


-  INDICATES NEGATIVE NUMBERS.
R  INDICATES RECORD WAS SET OR TIED.
MM INDICATES DATA IS MISSING.
T  INDICATES TRACE AMOUNT.




$$
