000
CDUS41 KOKX 082141
CLILGA


CLIMATE REPORT
NATIONAL WEATHER SERVICE NEW YORK NY
441 PM EST SUN JAN 8 2017


...................................

...THE LAGUARDIA NY CLIMATE SUMMARY FOR JANUARY 8 2017...
VALID TODAY AS OF 0400 PM LOCAL TIME.

CLIMATE NORMAL PERIOD 1981 TO 2010
CLIMATE RECORD PERIOD 1939 TO 2017


WEATHER ITEM   OBSERVED TIME   RECORD YEAR NORMAL DEPARTURE LAST
                VALUE   (LST)  VALUE       VALUE  FROM      YEAR
                                                  NORMAL
..................................................................
TEMPERATURE (F)
 TODAY
  MAXIMUM         27    255 PM  64    2008  39    -12       48
  MINIMUM         19    848 AM   3    1968  27     -8       34
  AVERAGE         23                        33    -10       41

PRECIPITATION (IN)
  TODAY            0.00          1.19 2007   0.10  -0.10     0.00
  MONTH TO DATE    0.90                      0.82   0.08     0.00
  SINCE DEC 1      3.85                      4.38  -0.53     4.33
  SINCE JAN 1      0.90                      0.82   0.08     0.00

SNOWFALL (IN)
  TODAY            0.0           6.9  1988   0.3   -0.3      0.0
  MONTH TO DATE    8.3                       1.9    6.4      0.0
  SINCE OCT 1     11.3                       7.4    3.9       T
  SINCE JUL 1     11.3                       7.4    3.9       T
  SNOW DEPTH       7

DEGREE DAYS
 HEATING
  TODAY           42                        32     10       24
  MONTH TO DATE  235                       252    -17      235
  SINCE DEC 1    993                      1083    -90      668
  SINCE JUL 1   1531                      1858   -327     1230

 COOLING
  TODAY            0                         0      0        0
  MONTH TO DATE    0                         0      0        0
  SINCE DEC 1      0                         0      0        1
  SINCE JAN 1      0                         0      0        0
..................................................................


WIND (MPH)
  HIGHEST WIND SPEED    24   HIGHEST WIND DIRECTION     W (290)
  HIGHEST GUST SPEED    32   HIGHEST GUST DIRECTION     W (290)
  AVERAGE WIND SPEED    17.9


SKY COVER
  AVERAGE SKY COVER 0.5


WEATHER CONDITIONS
 THE FOLLOWING WEATHER WAS RECORDED TODAY.
  HAZE


RELATIVE HUMIDITY (PERCENT)
 HIGHEST    62          1200 AM
 LOWEST     33           400 PM
 AVERAGE    48

..........................................................


THE LAGUARDIA NY CLIMATE NORMALS FOR TOMORROW
                         NORMAL    RECORD    YEAR
 MAXIMUM TEMPERATURE (F)   39        66      2008
 MINIMUM TEMPERATURE (F)   27         1      1968


SUNRISE AND SUNSET
JANUARY  8 2017.......SUNRISE   720 AM EST   SUNSET   446 PM EST
JANUARY  9 2017.......SUNRISE   719 AM EST   SUNSET   447 PM EST


-  INDICATES NEGATIVE NUMBERS.
R  INDICATES RECORD WAS SET OR TIED.
MM INDICATES DATA IS MISSING.
T  INDICATES TRACE AMOUNT.




$$
