000
CDUS41 KOKX 182034
CLILGA


CLIMATE REPORT
NATIONAL WEATHER SERVICE NEW YORK NY
434 PM EDT MON MAY 18 2015


...................................

...THE LAGUARDIA NY CLIMATE SUMMARY FOR MAY 18 2015...
VALID TODAY AS OF 0400 PM LOCAL TIME.

CLIMATE NORMAL PERIOD 1981 TO 2010
CLIMATE RECORD PERIOD 1945 TO 2015


WEATHER ITEM   OBSERVED TIME   RECORD YEAR NORMAL DEPARTURE LAST
                VALUE   (LST)  VALUE       VALUE  FROM      YEAR
                                                  NORMAL
..................................................................
TEMPERATURE (F)
 TODAY
  MAXIMUM         71   1227 AM  86    1989  72     -1       65
                                      1986
                                      1977
  MINIMUM         56    730 AM  44    2002  54      2       53
                                      1973
  AVERAGE         64                        63      1       59

PRECIPITATION (IN)
  TODAY            0.00          1.44 2002   0.12  -0.12     0.00
  MONTH TO DATE    0.30                      2.05  -1.75     3.27
  SINCE MAR 1      6.66                     10.02  -3.36    15.16
  SINCE JAN 1     13.74                     15.95  -2.21    22.45

SNOWFALL (IN)
  TODAY            0.0          MM      MM   0.0    0.0      0.0
  MONTH TO DATE    0.0                       0.0    0.0      0.0
  SINCE OCT 1     53.8                      26.9   26.9     52.4
  SINCE JUL 1     53.8                      26.9   26.9     52.4
  SNOW DEPTH       0

DEGREE DAYS
 HEATING
  TODAY            1                         4     -3        6
  MONTH TO DATE   34                       100    -66       61
  SINCE MAR 1   1212                      1185     27     1332
  SINCE JUL 1   4934                      4614    320     4989

 COOLING
  TODAY            0                         2     -2        0
  MONTH TO DATE   46                        21     25       20
  SINCE MAR 1     48                        29     19       20
  SINCE JAN 1     48                        29     19       20
..................................................................


WIND (MPH)
  HIGHEST WIND SPEED    22   HIGHEST WIND DIRECTION    NE (50)
  HIGHEST GUST SPEED    25   HIGHEST GUST DIRECTION    NE (50)
  AVERAGE WIND SPEED     9.3


SKY COVER
  AVERAGE SKY COVER 0.8


WEATHER CONDITIONS
 THE FOLLOWING WEATHER WAS RECORDED TODAY.
  FOG
  FOG W/VISIBILITY <= 1/4 MILE
  HAZE


RELATIVE HUMIDITY (PERCENT)
 HIGHEST   100           600 AM
 LOWEST     72           300 PM
 AVERAGE    86

..........................................................


THE LAGUARDIA NY CLIMATE NORMALS FOR TOMORROW
                         NORMAL    RECORD    YEAR
 MAXIMUM TEMPERATURE (F)   72        95      1962
 MINIMUM TEMPERATURE (F)   55        43      2002
                                             1976


SUNRISE AND SUNSET
MAY 18 2015...........SUNRISE   536 AM EDT   SUNSET   809 PM EDT
MAY 19 2015...........SUNRISE   535 AM EDT   SUNSET   810 PM EDT


-  INDICATES NEGATIVE NUMBERS.
R  INDICATES RECORD WAS SET OR TIED.
MM INDICATES DATA IS MISSING.
T  INDICATES TRACE AMOUNT.




$$
