000
CDUS41 KOKX 230708
CLILGA


CLIMATE REPORT
NATIONAL WEATHER SERVICE NEW YORK NY
308 AM EDT MON MAR 23 2015


...................................

...THE LAGUARDIA NY CLIMATE SUMMARY FOR MARCH 22 2015...

CLIMATE NORMAL PERIOD 1981 TO 2010
CLIMATE RECORD PERIOD 1945 TO 2015


WEATHER ITEM   OBSERVED TIME   RECORD YEAR NORMAL DEPARTURE LAST
                VALUE   (LST)  VALUE       VALUE  FROM      YEAR
                                                  NORMAL
..................................................................
TEMPERATURE (F)
 YESTERDAY
  MAXIMUM         44   1236 AM  76    2012  52     -8       63
  MINIMUM         28   1159 PM  19    1988  36     -8       37
  AVERAGE         36                        44     -8       50

PRECIPITATION (IN)
  YESTERDAY        0.00          3.15 1977   0.13  -0.13     0.00
  MONTH TO DATE    3.83                      2.74   1.09     1.35
  SINCE MAR 1      3.83                      2.74   1.09     1.35
  SINCE JAN 1     10.91                      8.67   2.24     8.64

SNOWFALL (IN)
  YESTERDAY        0.0           8.5  1967   0.1   -0.1      0.0
  MONTH TO DATE   17.3                       3.7   13.6      0.4
  SINCE OCT 1     53.8                      25.7   28.1     52.1
  SINCE JUL 1     53.8                      25.7   28.1     52.1
  SNOW DEPTH       T

DEGREE DAYS
 HEATING
  YESTERDAY       29                        21      8       15
  MONTH TO DATE  604                       532     72      616
  SINCE MAR 1    604                       532     72      616
  SINCE JUL 1   4326                      3961    365     4273

 COOLING
  YESTERDAY        0                         0      0        0
  MONTH TO DATE    0                         0      0        0
  SINCE MAR 1      0                         0      0        0
  SINCE JAN 1      0                         0      0        0
..................................................................


WIND (MPH)
  HIGHEST WIND SPEED    24   HIGHEST WIND DIRECTION    NW (330)
  HIGHEST GUST SPEED    31   HIGHEST GUST DIRECTION    NW (300)
  AVERAGE WIND SPEED    16.1


SKY COVER
  AVERAGE SKY COVER 0.3


WEATHER CONDITIONS
 THE FOLLOWING WEATHER WAS RECORDED YESTERDAY.
  NO SIGNIFICANT WEATHER WAS OBSERVED.


RELATIVE HUMIDITY (PERCENT)
 HIGHEST    54           300 AM
 LOWEST     27           500 PM
 AVERAGE    41

..........................................................


THE LAGUARDIA NY CLIMATE NORMALS FOR TODAY
                         NORMAL    RECORD    YEAR
 MAXIMUM TEMPERATURE (F)   52        74      2012
 MINIMUM TEMPERATURE (F)   37        20      1959


SUNRISE AND SUNSET
MARCH 23 2015.........SUNRISE   655 AM EDT   SUNSET   711 PM EDT
MARCH 24 2015.........SUNRISE   653 AM EDT   SUNSET   712 PM EDT


-  INDICATES NEGATIVE NUMBERS.
R  INDICATES RECORD WAS SET OR TIED.
MM INDICATES DATA IS MISSING.
T  INDICATES TRACE AMOUNT.




$$
