000
CDUS41 KOKX 152039
CLILGA


CLIMATE REPORT
NATIONAL WEATHER SERVICE NEW YORK NY
439 PM EDT FRI AUG 15 2014


...................................

...THE LAGUARDIA NY CLIMATE SUMMARY FOR AUGUST 15 2014...
VALID TODAY AS OF 0400 PM LOCAL TIME.

CLIMATE NORMAL PERIOD 1981 TO 2010
CLIMATE RECORD PERIOD 1945 TO 2014


WEATHER ITEM   OBSERVED TIME   RECORD YEAR NORMAL DEPARTURE LAST
                VALUE   (LST)  VALUE       VALUE  FROM      YEAR
                                                  NORMAL
..................................................................
TEMPERATURE (F)
 TODAY
  MAXIMUM         73    133 PM  97    1985  84    -11       78
  MINIMUM         63    532 AM  59    1964  69     -6       63
  AVERAGE         68                        77     -9       71

PRECIPITATION (IN)
  TODAY            0.00          0.98 1951   0.13  -0.13     0.00
  MONTH TO DATE    1.39                      2.11  -0.72     1.62
  SINCE JUN 1      9.07                     10.55  -1.48    12.58
  SINCE JAN 1     32.95                     28.24   4.71    26.99

SNOWFALL (IN)
  TODAY            0.0          MM      MM   0.0    0.0      0.0
  MONTH TO DATE    0.0                       0.0    0.0      0.0
  SINCE OCT 1     52.4                      26.9   25.5     22.2
  SINCE JUL 1      0.0                       0.0    0.0      0.0
  SNOW DEPTH       0

DEGREE DAYS
 HEATING
  TODAY            0                         0      0        0
  MONTH TO DATE    0                         0      0        0
  SINCE JUN 1      0                        16    -16        4
  SINCE JUL 1      0                         0      0        0

 COOLING
  TODAY            3                        12     -9        6
  MONTH TO DATE  163                       184    -21      154
  SINCE JUN 1    777                       800    -23      944
  SINCE JAN 1    827                       866    -39     1032
..................................................................


WIND (MPH)
  HIGHEST WIND SPEED    18   HIGHEST WIND DIRECTION    NW (300)
  HIGHEST GUST SPEED    23   HIGHEST GUST DIRECTION    NW (300)
  AVERAGE WIND SPEED    10.2


SKY COVER
  AVERAGE SKY COVER 0.4


WEATHER CONDITIONS
 THE FOLLOWING WEATHER WAS RECORDED TODAY.
  NO SIGNIFICANT WEATHER WAS OBSERVED.


RELATIVE HUMIDITY (PERCENT)
 HIGHEST    59          1200 AM
 LOWEST     42           900 AM
 AVERAGE    51

..........................................................


THE LAGUARDIA NY CLIMATE NORMALS FOR TOMORROW
                         NORMAL    RECORD    YEAR
 MAXIMUM TEMPERATURE (F)   84        96      1997
 MINIMUM TEMPERATURE (F)   69        58      1979


SUNRISE AND SUNSET
AUGUST 15 2014........SUNRISE   606 AM EDT   SUNSET   754 PM EDT
AUGUST 16 2014........SUNRISE   607 AM EDT   SUNSET   752 PM EDT


-  INDICATES NEGATIVE NUMBERS.
R  INDICATES RECORD WAS SET OR TIED.
MM INDICATES DATA IS MISSING.
T  INDICATES TRACE AMOUNT.




$$
