697
CDUS41 KOKX 190618
CLILGA


CLIMATE REPORT
NATIONAL WEATHER SERVICE NEW YORK NY
218 AM EDT SUN MAR 19 2017


...................................

...THE LAGUARDIA NY CLIMATE SUMMARY FOR MARCH 18 2017...

CLIMATE NORMAL PERIOD 1981 TO 2010
CLIMATE RECORD PERIOD 1939 TO 2017


WEATHER ITEM   OBSERVED TIME   RECORD YEAR NORMAL DEPARTURE LAST
                VALUE   (LST)  VALUE       VALUE  FROM      YEAR
                                                  NORMAL
..................................................................
TEMPERATURE (F)
 YESTERDAY
  MAXIMUM         41   1224 AM  75    2011  50     -9       57
  MINIMUM         34    445 AM  13    1967  35     -1       43
  AVERAGE         38                        43     -5       50

PRECIPITATION (IN)
  YESTERDAY        0.07          2.05 1983   0.14  -0.07      T
  MONTH TO DATE    1.62                      2.20  -0.58     0.54
  SINCE MAR 1      1.62                      2.20  -0.58     0.54
  SINCE JAN 1      7.62                      8.13  -0.51     9.07

SNOWFALL (IN)
  YESTERDAY        T             4.5  1949   0.2   -0.2      0.0
  MONTH TO DATE    9.8                       3.3    6.5      1.2
  SINCE OCT 1     33.2                      25.3    7.9     35.6
  SINCE JUL 1     33.2                      25.3    7.9     35.6
  SNOW DEPTH       4

DEGREE DAYS
 HEATING
  YESTERDAY       27                        22      5       15
  MONTH TO DATE  479                       446     33      288
  SINCE MAR 1    479                       446     33      288
  SINCE JUL 1   3166                      3875   -709     2950

 COOLING
  YESTERDAY        0                         0      0        0
  MONTH TO DATE    0                         0      0        5
  SINCE MAR 1      0                         0      0        5
  SINCE JAN 1      0                         0      0        5
..................................................................


WIND (MPH)
  HIGHEST WIND SPEED    24   HIGHEST WIND DIRECTION    NE (60)
  HIGHEST GUST SPEED    30   HIGHEST GUST DIRECTION    NE (60)
  AVERAGE WIND SPEED    13.1


SKY COVER
  AVERAGE SKY COVER 0.8


WEATHER CONDITIONS
 THE FOLLOWING WEATHER WAS RECORDED YESTERDAY.
  LIGHT RAIN
  SNOW
  LIGHT SNOW
  FOG


RELATIVE HUMIDITY (PERCENT)
 HIGHEST    82           400 PM
 LOWEST     41          1200 AM
 AVERAGE    62

..........................................................


THE LAGUARDIA NY CLIMATE NORMALS FOR TODAY
                         NORMAL    RECORD    YEAR
 MAXIMUM TEMPERATURE (F)   51        72      2012
                                             2010
 MINIMUM TEMPERATURE (F)   35        10      1967


SUNRISE AND SUNSET
MARCH 19 2017.........SUNRISE   700 AM EDT   SUNSET   707 PM EDT
MARCH 20 2017.........SUNRISE   659 AM EDT   SUNSET   708 PM EDT


-  INDICATES NEGATIVE NUMBERS.
R  INDICATES RECORD WAS SET OR TIED.
MM INDICATES DATA IS MISSING.
T  INDICATES TRACE AMOUNT.




$$
