000
CDUS41 KOKX 242035
CLILGA


CLIMATE REPORT
NATIONAL WEATHER SERVICE NEW YORK NY
435 PM EDT WED JUN 24 2015


...................................

...THE LAGUARDIA NY CLIMATE SUMMARY FOR JUNE 24 2015...
VALID TODAY AS OF 0400 PM LOCAL TIME.

CLIMATE NORMAL PERIOD 1981 TO 2010
CLIMATE RECORD PERIOD 1945 TO 2015


WEATHER ITEM   OBSERVED TIME   RECORD YEAR NORMAL DEPARTURE LAST
                VALUE   (LST)  VALUE       VALUE  FROM      YEAR
                                                  NORMAL
..................................................................
TEMPERATURE (F)
 TODAY
  MAXIMUM         82    259 PM  96    2013  83     -1       81
  MINIMUM         69    552 AM  53    1947  66      3       69
  AVERAGE         76                        75      1       75

PRECIPITATION (IN)
  TODAY            0.00          1.51 1948   0.12  -0.12     0.00
  MONTH TO DATE    3.48                      3.22   0.26     3.62
  SINCE JUN 1      3.48                      3.22   0.26     3.62
  SINCE JAN 1     18.53                     20.91  -2.38    27.50

SNOWFALL (IN)
  TODAY            0.0          MM      MM   0.0    0.0      0.0
  MONTH TO DATE    0.0                       0.0    0.0      0.0
  SINCE OCT 1     53.8                      26.9   26.9     52.4
  SINCE JUL 1     53.8                      26.9   26.9     52.4
  SNOW DEPTH       0

DEGREE DAYS
 HEATING
  TODAY            0                         0      0        0
  MONTH TO DATE   34                        15     19        0
  SINCE JUN 1     34                        15     19        0
  SINCE JUL 1   4984                      4663    321     5016

 COOLING
  TODAY           11                        10      1       10
  MONTH TO DATE  185                       169     16      160
  SINCE JUN 1    185                       169     16      160
  SINCE JAN 1    307                       235     72      210
..................................................................


WIND (MPH)
  HIGHEST WIND SPEED    20   HIGHEST WIND DIRECTION    NW (320)
  HIGHEST GUST SPEED    24   HIGHEST GUST DIRECTION    NW (330)
  AVERAGE WIND SPEED    10.8


SKY COVER
  AVERAGE SKY COVER 0.3


WEATHER CONDITIONS
 THE FOLLOWING WEATHER WAS RECORDED TODAY.
  NO SIGNIFICANT WEATHER WAS OBSERVED.


RELATIVE HUMIDITY (PERCENT)
 HIGHEST    61           300 AM
 LOWEST     37           200 PM
 AVERAGE    49

..........................................................


THE LAGUARDIA NY CLIMATE NORMALS FOR TOMORROW
                         NORMAL    RECORD    YEAR
 MAXIMUM TEMPERATURE (F)   83        99      1952
                                             1943
 MINIMUM TEMPERATURE (F)   67        56      1979


SUNRISE AND SUNSET
JUNE 24 2015..........SUNRISE   525 AM EDT   SUNSET   831 PM EDT
JUNE 25 2015..........SUNRISE   525 AM EDT   SUNSET   831 PM EDT


-  INDICATES NEGATIVE NUMBERS.
R  INDICATES RECORD WAS SET OR TIED.
MM INDICATES DATA IS MISSING.
T  INDICATES TRACE AMOUNT.




$$
