000
CDUS41 KOKX 060617
CLILGA


CLIMATE REPORT
NATIONAL WEATHER SERVICE NEW YORK NY
217 AM EDT FRI OCT 6 2017


...................................

...THE LAGUARDIA NY CLIMATE SUMMARY FOR OCTOBER 5 2017...

CLIMATE NORMAL PERIOD 1981 TO 2010
CLIMATE RECORD PERIOD 1939 TO 2017


WEATHER ITEM   OBSERVED TIME   RECORD YEAR NORMAL DEPARTURE LAST
                VALUE   (LST)  VALUE       VALUE  FROM      YEAR
                                                  NORMAL
..................................................................
TEMPERATURE (F)
 YESTERDAY
  MAXIMUM         84    336 PM  93    1941  69     15       69
  MINIMUM         66    714 AM  38    1965  55     11       55
  AVERAGE         75                        62     13       62

PRECIPITATION (IN)
  YESTERDAY        T             1.58 1995   0.13  -0.13     0.00
  MONTH TO DATE    T                         0.62  -0.62      T
  SINCE SEP 1      1.84                      4.35  -2.51     2.53
  SINCE JAN 1     34.83                     34.60   0.23    26.25

SNOWFALL (IN)
  YESTERDAY        0.0          MM      MM   0.0    0.0      0.0
  MONTH TO DATE    0.0                       0.0    0.0      0.0
  SINCE OCT 1      0.0                       0.0    0.0      0.0
  SINCE JUL 1      0.0                       0.0    0.0      0.0
  SNOW DEPTH       0

DEGREE DAYS
 HEATING
  YESTERDAY        0                         5     -5        3
  MONTH TO DATE    4                        21    -17       10
  SINCE SEP 1     14                        55    -41       15
  SINCE JUL 1     14                        56    -42       15

 COOLING
  YESTERDAY       10                         2      8        0
  MONTH TO DATE   12                        10      2        5
  SINCE SEP 1    224                       167     57      281
  SINCE JAN 1   1355                      1200    155     1698
..................................................................


WIND (MPH)
  HIGHEST WIND SPEED    20   HIGHEST WIND DIRECTION     W (260)
  HIGHEST GUST SPEED    25   HIGHEST GUST DIRECTION    SW (240)
  AVERAGE WIND SPEED    10.2


SKY COVER
  AVERAGE SKY COVER 0.8


WEATHER CONDITIONS
 THE FOLLOWING WEATHER WAS RECORDED YESTERDAY.
  LIGHT RAIN


RELATIVE HUMIDITY (PERCENT)
 HIGHEST    73           200 AM
 LOWEST     44           300 PM
 AVERAGE    59

..........................................................


THE LAGUARDIA NY CLIMATE NORMALS FOR TODAY
                         NORMAL    RECORD    YEAR
 MAXIMUM TEMPERATURE (F)   69        92      1941
 MINIMUM TEMPERATURE (F)   54        40      1965
                                             1958


SUNRISE AND SUNSET
OCTOBER  6 2017.......SUNRISE   657 AM EDT   SUNSET   629 PM EDT
OCTOBER  7 2017.......SUNRISE   659 AM EDT   SUNSET   627 PM EDT


-  INDICATES NEGATIVE NUMBERS.
R  INDICATES RECORD WAS SET OR TIED.
MM INDICATES DATA IS MISSING.
T  INDICATES TRACE AMOUNT.




$$
