000
CDUS41 KOKX 170617
CLILGA


CLIMATE REPORT
NATIONAL WEATHER SERVICE NEW YORK NY
216 AM EDT MON APR 17 2017


...................................

...THE LAGUARDIA NY CLIMATE SUMMARY FOR APRIL 16 2017...

CLIMATE NORMAL PERIOD 1981 TO 2010
CLIMATE RECORD PERIOD 1939 TO 2017


WEATHER ITEM   OBSERVED TIME   RECORD YEAR NORMAL DEPARTURE LAST
                VALUE   (LST)  VALUE       VALUE  FROM      YEAR
                                                  NORMAL
..................................................................
TEMPERATURE (F)
 YESTERDAY
  MAXIMUM         88    236 PM  89    2002  61     27       65
  MINIMUM         60   1213 AM  31    1943  45     15       45
  AVERAGE         74                        53     21       55

PRECIPITATION (IN)
  YESTERDAY        T             2.45 1983   0.13  -0.13     0.00
  MONTH TO DATE    2.52                      2.24   0.28     1.20
  SINCE MAR 1      7.21                      6.21   1.00     2.46
  SINCE JAN 1     13.21                     12.14   1.07    10.99

SNOWFALL (IN)
  YESTERDAY        0.0           0.2  2014   0.0    0.0      0.0
  MONTH TO DATE    0.0                       0.4   -0.4       T
  SINCE OCT 1     33.2                      26.8    6.4     36.2
  SINCE JUL 1     33.2                      26.8    6.4     36.2
  SNOW DEPTH       0

DEGREE DAYS
 HEATING
  YESTERDAY        0                        12    -12       10
  MONTH TO DATE  147                       239    -92      265
  SINCE MAR 1    882                       946    -64      760
  SINCE JUL 1   3569                      4375   -806     3422

 COOLING
  YESTERDAY        9                         0      9        0
  MONTH TO DATE   13                         0     13        3
  SINCE MAR 1     13                         0     13        8
  SINCE JAN 1     13                         0     13        8
..................................................................


WIND (MPH)
  HIGHEST WIND SPEED    30   HIGHEST WIND DIRECTION     W (270)
  HIGHEST GUST SPEED    44   HIGHEST GUST DIRECTION     W (260)
  AVERAGE WIND SPEED    12.8


SKY COVER
  AVERAGE SKY COVER 0.7


WEATHER CONDITIONS
 THE FOLLOWING WEATHER WAS RECORDED YESTERDAY.
  LIGHT RAIN


RELATIVE HUMIDITY (PERCENT)
 HIGHEST    84           300 AM
 LOWEST     28           100 PM
 AVERAGE    56

..........................................................


THE LAGUARDIA NY CLIMATE NORMALS FOR TODAY
                         NORMAL    RECORD    YEAR
 MAXIMUM TEMPERATURE (F)   62        94      2002
 MINIMUM TEMPERATURE (F)   45        32      1980


SUNRISE AND SUNSET
APRIL 17 2017.........SUNRISE   613 AM EDT   SUNSET   737 PM EDT
APRIL 18 2017.........SUNRISE   612 AM EDT   SUNSET   738 PM EDT


-  INDICATES NEGATIVE NUMBERS.
R  INDICATES RECORD WAS SET OR TIED.
MM INDICATES DATA IS MISSING.
T  INDICATES TRACE AMOUNT.




$$
