000
CDUS41 KOKX 180621
CLILGA


CLIMATE REPORT
NATIONAL WEATHER SERVICE NEW YORK NY
221 AM EDT WED MAY 18 2016


...................................

...THE LAGUARDIA NY CLIMATE SUMMARY FOR MAY 17 2016...

CLIMATE NORMAL PERIOD 1981 TO 2010
CLIMATE RECORD PERIOD 1945 TO 2016


WEATHER ITEM   OBSERVED TIME   RECORD YEAR NORMAL DEPARTURE LAST
                VALUE   (LST)  VALUE       VALUE  FROM      YEAR
                                                  NORMAL
..................................................................
TEMPERATURE (F)
 YESTERDAY
  MAXIMUM         68   1247 PM  90    1974  72     -4       83
  MINIMUM         56   1159 PM  38    1983  54      2       61
  AVERAGE         62                        63     -1       72

PRECIPITATION (IN)
  YESTERDAY        T             1.03 2011   0.12  -0.12     0.02
  MONTH TO DATE    1.93                      1.93   0.00     0.30
  SINCE MAR 1      4.85                      9.90  -5.05     6.66
  SINCE JAN 1     13.38                     15.83  -2.45    13.74

SNOWFALL (IN)
  YESTERDAY        0.0          MM      MM   0.0    0.0      0.0
  MONTH TO DATE    0.0                       0.0    0.0      0.0
  SINCE OCT 1     36.2                      26.9    9.3     53.8
  SINCE JUL 1     36.2                      26.9    9.3     53.8
  SNOW DEPTH       0

DEGREE DAYS
 HEATING
  YESTERDAY        3                         4     -1        0
  MONTH TO DATE  136                        96     40       33
  SINCE MAR 1    985                      1181   -196     1211
  SINCE JUL 1   3647                      4610   -963     4933

 COOLING
  YESTERDAY        0                         2     -2        7
  MONTH TO DATE    2                        19    -17       46
  SINCE MAR 1     15                        27    -12       48
  SINCE JAN 1     15                        27    -12       48
..................................................................


WIND (MPH)
  HIGHEST WIND SPEED    20   HIGHEST WIND DIRECTION    SW (220)
  HIGHEST GUST SPEED    25   HIGHEST GUST DIRECTION    SW (220)
  AVERAGE WIND SPEED     9.6


SKY COVER
  AVERAGE SKY COVER 0.9


WEATHER CONDITIONS
 THE FOLLOWING WEATHER WAS RECORDED YESTERDAY.
  LIGHT RAIN
  HAZE


RELATIVE HUMIDITY (PERCENT)
 HIGHEST    80           900 PM
 LOWEST     32          1200 AM
 AVERAGE    56

..........................................................


THE LAGUARDIA NY CLIMATE NORMALS FOR TODAY
                         NORMAL    RECORD    YEAR
 MAXIMUM TEMPERATURE (F)   72        86      1989
                                             1986
                                             1977
 MINIMUM TEMPERATURE (F)   54        44      2002
                                             1973


SUNRISE AND SUNSET
MAY 18 2016...........SUNRISE   535 AM EDT   SUNSET   809 PM EDT
MAY 19 2016...........SUNRISE   534 AM EDT   SUNSET   810 PM EDT


-  INDICATES NEGATIVE NUMBERS.
R  INDICATES RECORD WAS SET OR TIED.
MM INDICATES DATA IS MISSING.
T  INDICATES TRACE AMOUNT.




$$
