000
CDUS41 KOKX 132031
CLILGA


CLIMATE REPORT
NATIONAL WEATHER SERVICE NEW YORK NY
431 PM EDT MON OCT 13 2014


...................................

...THE LAGUARDIA NY CLIMATE SUMMARY FOR OCTOBER 13 2014...
VALID TODAY AS OF 0400 PM LOCAL TIME.

CLIMATE NORMAL PERIOD 1981 TO 2010
CLIMATE RECORD PERIOD 1945 TO 2014


WEATHER ITEM   OBSERVED TIME   RECORD YEAR NORMAL DEPARTURE LAST
                VALUE   (LST)  VALUE       VALUE  FROM      YEAR
                                                  NORMAL
..................................................................
TEMPERATURE (F)
 TODAY
  MAXIMUM         65    259 PM  86    1995  66     -1       64
                                      1954
  MINIMUM         53    213 AM  39    1988  52      1       56
  AVERAGE         59                        59      0       60

PRECIPITATION (IN)
  TODAY            T             1.63 2005   0.12  -0.12     0.00
  MONTH TO DATE    1.44                      1.62  -0.18     0.37
  SINCE SEP 1      2.68                      5.35  -2.67     3.66
  SINCE JAN 1     37.74                     35.60   2.14    31.00

SNOWFALL (IN)
  TODAY            0.0          MM      MM   0.0    0.0      0.0
  MONTH TO DATE    0.0                       0.0    0.0      0.0
  SINCE OCT 1      0.0                       0.0    0.0      0.0
  SINCE JUL 1      0.0                       0.0    0.0      0.0
  SNOW DEPTH       0

DEGREE DAYS
 HEATING
  TODAY            6                         7     -1        5
  MONTH TO DATE   54                        67    -13       20
  SINCE SEP 1     67                       101    -34       51
  SINCE JUL 1     67                       102    -35       51

 COOLING
  TODAY            0                         1     -1        0
  MONTH TO DATE    7                        18    -11       49
  SINCE SEP 1    188                       175     13      181
  SINCE JAN 1   1175                      1208    -33     1400
..................................................................


WIND (MPH)
  HIGHEST WIND SPEED    14   HIGHEST WIND DIRECTION     S (160)
  HIGHEST GUST SPEED    17   HIGHEST GUST DIRECTION     S (160)
  AVERAGE WIND SPEED     4.5


SKY COVER
  AVERAGE SKY COVER 0.8


WEATHER CONDITIONS
 THE FOLLOWING WEATHER WAS RECORDED TODAY.
  NO SIGNIFICANT WEATHER WAS OBSERVED.


RELATIVE HUMIDITY (PERCENT)
 HIGHEST    72           800 AM
 LOWEST     60          1000 AM
 AVERAGE    66

..........................................................


THE LAGUARDIA NY CLIMATE NORMALS FOR TOMORROW
                         NORMAL    RECORD    YEAR
 MAXIMUM TEMPERATURE (F)   66        82      1975
 MINIMUM TEMPERATURE (F)   52        40      1993
                                             1988
                                             1958


SUNRISE AND SUNSET
OCTOBER 13 2014.......SUNRISE   705 AM EDT   SUNSET   618 PM EDT
OCTOBER 14 2014.......SUNRISE   706 AM EDT   SUNSET   617 PM EDT


-  INDICATES NEGATIVE NUMBERS.
R  INDICATES RECORD WAS SET OR TIED.
MM INDICATES DATA IS MISSING.
T  INDICATES TRACE AMOUNT.




$$
