000
CDUS41 KOKX 110616
CLILGA


CLIMATE REPORT
NATIONAL WEATHER SERVICE NEW YORK NY
216 AM EDT FRI APR 11 2014


...................................

...THE LAGUARDIA NY CLIMATE SUMMARY FOR APRIL 10 2014...

CLIMATE NORMAL PERIOD 1981 TO 2010
CLIMATE RECORD PERIOD 1948 TO 2014


WEATHER ITEM   OBSERVED TIME   RECORD YEAR NORMAL DEPARTURE LAST
                VALUE   (LST)  VALUE       VALUE  FROM      YEAR
                                                  NORMAL
..................................................................
TEMPERATURE (F)
 YESTERDAY
  MAXIMUM         58    228 PM  82    1955  59     -1       71
  MINIMUM         42    423 AM  29    1985  43     -1       52
                                      1974
  AVERAGE         50                        51     -1       62

PRECIPITATION (IN)
  YESTERDAY        0.00          2.85 1983   0.14  -0.14     0.41
  MONTH TO DATE    1.26                      1.40  -0.14     0.43
  SINCE MAR 1      4.92                      5.37  -0.45     2.86
  SINCE JAN 1     12.21                     11.30   0.91     8.70

SNOWFALL (IN)
  YESTERDAY        0.0           0.3  1974   0.0    0.0      0.0
  MONTH TO DATE    0.0                       0.3   -0.3      0.0
  SINCE OCT 1     52.1                      26.7   25.4     22.2
  SINCE JUL 1     52.1                      26.7   25.4     22.2
  SNOW DEPTH       0

DEGREE DAYS
 HEATING
  YESTERDAY       15                        14      1        3
  MONTH TO DATE  160                       160      0      146
  SINCE MAR 1   1018                       867    151      898
  SINCE JUL 1   4675                      4296    379     4093

 COOLING
  YESTERDAY        0                         0      0        0
  MONTH TO DATE    0                         0      0        0
  SINCE MAR 1      0                         0      0        0
  SINCE JAN 1      0                         0      0        0
..................................................................


WIND (MPH)
  HIGHEST WIND SPEED    25   HIGHEST WIND DIRECTION     S (170)
  HIGHEST GUST SPEED    33   HIGHEST GUST DIRECTION     S (170)
  AVERAGE WIND SPEED    11.4


SKY COVER
  AVERAGE SKY COVER 0.2


WEATHER CONDITIONS
 THE FOLLOWING WEATHER WAS RECORDED YESTERDAY.
  NO SIGNIFICANT WEATHER WAS OBSERVED.


RELATIVE HUMIDITY (PERCENT)
 HIGHEST    50          1000 PM
 LOWEST     21           900 AM
 AVERAGE    36

..........................................................


THE LAGUARDIA NY CLIMATE NORMALS FOR TODAY
                         NORMAL    RECORD    YEAR
 MAXIMUM TEMPERATURE (F)   59        82      1955
 MINIMUM TEMPERATURE (F)   43        32      1943


SUNRISE AND SUNSET
APRIL 11 2014.........SUNRISE   623 AM EDT   SUNSET   731 PM EDT
APRIL 12 2014.........SUNRISE   622 AM EDT   SUNSET   732 PM EDT


-  INDICATES NEGATIVE NUMBERS.
R  INDICATES RECORD WAS SET OR TIED.
MM INDICATES DATA IS MISSING.
T  INDICATES TRACE AMOUNT.




$$
