000
CDUS41 KOKX 162033
CLILGA


CLIMATE REPORT
NATIONAL WEATHER SERVICE NEW YORK NY
433 PM EDT SAT MAY 16 2015


...................................

...THE LAGUARDIA NY CLIMATE SUMMARY FOR MAY 16 2015...
VALID TODAY AS OF 0400 PM LOCAL TIME.

CLIMATE NORMAL PERIOD 1981 TO 2010
CLIMATE RECORD PERIOD 1945 TO 2015


WEATHER ITEM   OBSERVED TIME   RECORD YEAR NORMAL DEPARTURE LAST
                VALUE   (LST)  VALUE       VALUE  FROM      YEAR
                                                  NORMAL
..................................................................
TEMPERATURE (F)
 TODAY
  MAXIMUM         75   1142 AM  90    1951  71      4       71
  MINIMUM         57    818 AM  41    1983  54      3       60
  AVERAGE         66                        62      4       66

PRECIPITATION (IN)
  TODAY            0.08          2.57 1990   0.12  -0.04     1.61
  MONTH TO DATE    0.09                      1.81  -1.72     3.27
  SINCE MAR 1      6.45                      9.78  -3.33    15.16
  SINCE JAN 1     13.53                     15.71  -2.18    22.45

SNOWFALL (IN)
  TODAY            0.0          MM      MM   0.0    0.0      0.0
  MONTH TO DATE    0.0                       0.0    0.0      0.0
  SINCE OCT 1     53.8                      26.9   26.9     52.4
  SINCE JUL 1     53.8                      26.9   26.9     52.4
  SNOW DEPTH       0

DEGREE DAYS
 HEATING
  TODAY            0                         4     -4        0
  MONTH TO DATE   33                        92    -59       52
  SINCE MAR 1   1211                      1177     34     1323
  SINCE JUL 1   4933                      4606    327     4980

 COOLING
  TODAY            1                         2     -1        1
  MONTH TO DATE   39                        17     22       20
  SINCE MAR 1     41                        25     16       20
  SINCE JAN 1     41                        25     16       20
..................................................................


WIND (MPH)
  HIGHEST WIND SPEED    12   HIGHEST WIND DIRECTION     S (170)
  HIGHEST GUST SPEED    14   HIGHEST GUST DIRECTION     S (170)
  AVERAGE WIND SPEED     6.4


SKY COVER
  AVERAGE SKY COVER 1.0


WEATHER CONDITIONS
 THE FOLLOWING WEATHER WAS RECORDED TODAY.
  LIGHT RAIN


RELATIVE HUMIDITY (PERCENT)
 HIGHEST    84           900 AM
 LOWEST     43          1200 AM
 AVERAGE    64

..........................................................


THE LAGUARDIA NY CLIMATE NORMALS FOR TOMORROW
                         NORMAL    RECORD    YEAR
 MAXIMUM TEMPERATURE (F)   72        90      1974
 MINIMUM TEMPERATURE (F)   54        38      1983


SUNRISE AND SUNSET
MAY 16 2015...........SUNRISE   538 AM EDT   SUNSET   807 PM EDT
MAY 17 2015...........SUNRISE   537 AM EDT   SUNSET   808 PM EDT


-  INDICATES NEGATIVE NUMBERS.
R  INDICATES RECORD WAS SET OR TIED.
MM INDICATES DATA IS MISSING.
T  INDICATES TRACE AMOUNT.




$$
