000
CDUS41 KOKX 162042
CLILGA


CLIMATE REPORT
NATIONAL WEATHER SERVICE NEW YORK NY
442 PM EDT SAT APR 16 2016


...................................

...THE LAGUARDIA NY CLIMATE SUMMARY FOR APRIL 16 2016...
VALID TODAY AS OF 0400 PM LOCAL TIME.

CLIMATE NORMAL PERIOD 1981 TO 2010
CLIMATE RECORD PERIOD 1945 TO 2016


WEATHER ITEM   OBSERVED TIME   RECORD YEAR NORMAL DEPARTURE LAST
                VALUE   (LST)  VALUE       VALUE  FROM      YEAR
                                                  NORMAL
..................................................................
TEMPERATURE (F)
 TODAY
  MAXIMUM         64    259 PM  89    2002  61      3       62
  MINIMUM         45    607 AM  31    1943  45      0       47
  AVERAGE         55                        53      2       55

PRECIPITATION (IN)
  TODAY            0.00          2.45 1983   0.13  -0.13     0.00
  MONTH TO DATE    1.20                      2.24  -1.04     0.46
  SINCE MAR 1      2.46                      6.21  -3.75     5.00
  SINCE JAN 1     10.99                     12.14  -1.15    12.08

SNOWFALL (IN)
  TODAY            0.0           0.2  2014   0.0    0.0      0.0
  MONTH TO DATE    T                         0.4   -0.4      0.0
  SINCE OCT 1     36.2                      26.8    9.4     53.8
  SINCE JUL 1     36.2                      26.8    9.4     53.8
  SNOW DEPTH       0

DEGREE DAYS
 HEATING
  TODAY           10                        12     -2       10
  MONTH TO DATE  265                       239     26      215
  SINCE MAR 1    760                       946   -186     1049
  SINCE JUL 1   3422                      4375   -953     4771

 COOLING
  TODAY            0                         0      0        0
  MONTH TO DATE    3                         0      3        0
  SINCE MAR 1      8                         0      8        0
  SINCE JAN 1      8                         0      8        0
..................................................................


WIND (MPH)
  HIGHEST WIND SPEED    16   HIGHEST WIND DIRECTION    NE (40)
  HIGHEST GUST SPEED    24   HIGHEST GUST DIRECTION    NE (60)
  AVERAGE WIND SPEED     7.0


SKY COVER
  AVERAGE SKY COVER 0.3


WEATHER CONDITIONS
 THE FOLLOWING WEATHER WAS RECORDED TODAY.
  NO SIGNIFICANT WEATHER WAS OBSERVED.


RELATIVE HUMIDITY (PERCENT)
 HIGHEST    76           600 AM
 LOWEST     19           200 PM
 AVERAGE    48

..........................................................


THE LAGUARDIA NY CLIMATE NORMALS FOR TOMORROW
                         NORMAL    RECORD    YEAR
 MAXIMUM TEMPERATURE (F)   62        94      2002
 MINIMUM TEMPERATURE (F)   45        32      1980


SUNRISE AND SUNSET
APRIL 16 2016.........SUNRISE   615 AM EDT   SUNSET   737 PM EDT
APRIL 17 2016.........SUNRISE   613 AM EDT   SUNSET   738 PM EDT


-  INDICATES NEGATIVE NUMBERS.
R  INDICATES RECORD WAS SET OR TIED.
MM INDICATES DATA IS MISSING.
T  INDICATES TRACE AMOUNT.




$$
