000
CDUS41 KOKX 170617
CLILGA


CLIMATE REPORT
NATIONAL WEATHER SERVICE NEW YORK NY
117 AM EST WED DEC 17 2014


...................................

...THE LAGUARDIA NY CLIMATE SUMMARY FOR DECEMBER 16 2014...

CLIMATE NORMAL PERIOD 1981 TO 2010
CLIMATE RECORD PERIOD 1945 TO 2014


WEATHER ITEM   OBSERVED TIME   RECORD YEAR NORMAL DEPARTURE LAST
                VALUE   (LST)  VALUE       VALUE  FROM      YEAR
                                                  NORMAL
..................................................................
TEMPERATURE (F)
 YESTERDAY
  MAXIMUM         49    514 PM  62    1971  44      5       34
  MINIMUM         36    552 AM  13    1951  32      4       26
                                      1945
  AVERAGE         43                        38      5       30

PRECIPITATION (IN)
  YESTERDAY        0.16          2.39 1974   0.11   0.05     0.00
  MONTH TO DATE    5.11                      1.94   3.17     2.56
  SINCE DEC 1      5.11                      1.94   3.17     2.56
  SINCE JAN 1     49.22                     43.11   6.11    36.39

SNOWFALL (IN)
  YESTERDAY        0.0           1.3  2008   0.2   -0.2      0.0
  MONTH TO DATE    1.3                       1.9   -0.6      6.5
  SINCE OCT 1      1.7                       2.2   -0.5      6.7
  SINCE JUL 1      1.7                       2.2   -0.5      6.7
  SNOW DEPTH       0

DEGREE DAYS
 HEATING
  YESTERDAY       22                        27     -5       35
  MONTH TO DATE  395                       392      3      443
  SINCE DEC 1    395                       392      3      443
  SINCE JUL 1   1149                      1167    -18     1225

 COOLING
  YESTERDAY        0                         0      0        0
  MONTH TO DATE    0                         0      0        0
  SINCE DEC 1      0                         0      0        0
  SINCE JAN 1   1192                      1214    -22     1402
..................................................................


WIND (MPH)
  HIGHEST WIND SPEED    14   HIGHEST WIND DIRECTION    NE (40)
  HIGHEST GUST SPEED    20   HIGHEST GUST DIRECTION    NE (60)
  AVERAGE WIND SPEED     7.0


SKY COVER
  AVERAGE SKY COVER 0.9


WEATHER CONDITIONS
 THE FOLLOWING WEATHER WAS RECORDED YESTERDAY.
  LIGHT RAIN
  FOG
  HAZE


RELATIVE HUMIDITY (PERCENT)
 HIGHEST    92           600 AM
 LOWEST     71           500 PM
 AVERAGE    82

..........................................................


THE LAGUARDIA NY CLIMATE NORMALS FOR TODAY
                         NORMAL    RECORD    YEAR
 MAXIMUM TEMPERATURE (F)   44        61      2000
 MINIMUM TEMPERATURE (F)   32         9      1951


SUNRISE AND SUNSET
DECEMBER 17 2014......SUNRISE   714 AM EST   SUNSET   430 PM EST
DECEMBER 18 2014......SUNRISE   715 AM EST   SUNSET   430 PM EST


-  INDICATES NEGATIVE NUMBERS.
R  INDICATES RECORD WAS SET OR TIED.
MM INDICATES DATA IS MISSING.
T  INDICATES TRACE AMOUNT.




$$
