000
CDUS41 KOKX 240616
CLILGA


CLIMATE REPORT
NATIONAL WEATHER SERVICE NEW YORK NY
116 AM EST SAT JAN 24 2015


...................................

...THE LAGUARDIA NY CLIMATE SUMMARY FOR JANUARY 23 2015...

CLIMATE NORMAL PERIOD 1981 TO 2010
CLIMATE RECORD PERIOD 1945 TO 2015


WEATHER ITEM   OBSERVED TIME   RECORD YEAR NORMAL DEPARTURE LAST
                VALUE   (LST)  VALUE       VALUE  FROM      YEAR
                                                  NORMAL
..................................................................
TEMPERATURE (F)
 YESTERDAY
  MAXIMUM         39    337 PM  62    1967  39      0       21
                                      1957
  MINIMUM         28    843 AM   3    1976  26      2        8
  AVERAGE         34                        33      1       15

PRECIPITATION (IN)
  YESTERDAY        0.00          2.60 1998   0.10  -0.10     0.00
  MONTH TO DATE    3.52                      2.38   1.14     2.29
  SINCE DEC 1      9.72                      5.94   3.78     6.75
  SINCE JAN 1      3.52                      2.38   1.14     2.29

SNOWFALL (IN)
  YESTERDAY        0.0           2.5  1982   0.2   -0.2      0.0
  MONTH TO DATE    2.8                       5.4   -2.6     16.1
  SINCE OCT 1      4.5                      10.9   -6.4     23.9
  SINCE JUL 1      4.5                      10.9   -6.4     23.9
  SNOW DEPTH       0

DEGREE DAYS
 HEATING
  YESTERDAY       31                        32     -1       50
  MONTH TO DATE  789                       732     57      786
  SINCE DEC 1   1538                      1563    -25     1611
  SINCE JUL 1   2292                      2338    -46     2393

 COOLING
  YESTERDAY        0                         0      0        0
  MONTH TO DATE    0                         0      0        0
  SINCE DEC 1      0                         0      0        0
  SINCE JAN 1      0                         0      0        0
..................................................................


WIND (MPH)
  HIGHEST WIND SPEED    23   HIGHEST WIND DIRECTION    NW (320)
  HIGHEST GUST SPEED    28   HIGHEST GUST DIRECTION    NW (320)
  AVERAGE WIND SPEED     9.9


SKY COVER
  AVERAGE SKY COVER 0.4


WEATHER CONDITIONS
 THE FOLLOWING WEATHER WAS RECORDED YESTERDAY.
  LIGHT SNOW


RELATIVE HUMIDITY (PERCENT)
 HIGHEST    64          1100 PM
 LOWEST     44           100 PM
 AVERAGE    54

..........................................................


THE LAGUARDIA NY CLIMATE NORMALS FOR TODAY
                         NORMAL    RECORD    YEAR
 MAXIMUM TEMPERATURE (F)   39        68      1967
 MINIMUM TEMPERATURE (F)   26         3      1963


SUNRISE AND SUNSET
JANUARY 24 2015.......SUNRISE   713 AM EST   SUNSET   503 PM EST
JANUARY 25 2015.......SUNRISE   712 AM EST   SUNSET   504 PM EST


-  INDICATES NEGATIVE NUMBERS.
R  INDICATES RECORD WAS SET OR TIED.
MM INDICATES DATA IS MISSING.
T  INDICATES TRACE AMOUNT.




$$
