000
CDUS41 KOKX 142031
CLILGA


CLIMATE REPORT
NATIONAL WEATHER SERVICE NEW YORK NY
431 PM EDT TUE OCT 14 2014


...................................

...THE LAGUARDIA NY CLIMATE SUMMARY FOR OCTOBER 14 2014...
VALID TODAY AS OF 0400 PM LOCAL TIME.

CLIMATE NORMAL PERIOD 1981 TO 2010
CLIMATE RECORD PERIOD 1945 TO 2014


WEATHER ITEM   OBSERVED TIME   RECORD YEAR NORMAL DEPARTURE LAST
                VALUE   (LST)  VALUE       VALUE  FROM      YEAR
                                                  NORMAL
..................................................................
TEMPERATURE (F)
 TODAY
  MAXIMUM         76    126 PM  82    1975  66     10       65
  MINIMUM         64    509 AM  40    1993  52     12       53
                                      1988
                                      1958
  AVERAGE         70                        59     11       59

PRECIPITATION (IN)
  TODAY            0.00          1.66 1955   0.13  -0.13     0.00
  MONTH TO DATE    1.47                      1.75  -0.28     0.37
  SINCE SEP 1      2.71                      5.48  -2.77     3.66
  SINCE JAN 1     37.77                     35.73   2.04    31.00

SNOWFALL (IN)
  TODAY            0.0          MM      MM   0.0    0.0      0.0
  MONTH TO DATE    0.0                       0.0    0.0      0.0
  SINCE OCT 1      0.0                       0.0    0.0      0.0
  SINCE JUL 1      0.0                       0.0    0.0      0.0
  SNOW DEPTH       0

DEGREE DAYS
 HEATING
  TODAY            0                         7     -7        6
  MONTH TO DATE   53                        74    -21       26
  SINCE SEP 1     66                       108    -42       57
  SINCE JUL 1     66                       109    -43       57

 COOLING
  TODAY            5                         1      4        0
  MONTH TO DATE   12                        19     -7       49
  SINCE SEP 1    193                       176     17      181
  SINCE JAN 1   1180                      1209    -29     1400
..................................................................


WIND (MPH)
  HIGHEST WIND SPEED    25   HIGHEST WIND DIRECTION     S (170)
  HIGHEST GUST SPEED    32   HIGHEST GUST DIRECTION     S (180)
  AVERAGE WIND SPEED    10.2


SKY COVER
  AVERAGE SKY COVER 0.7


WEATHER CONDITIONS
 THE FOLLOWING WEATHER WAS RECORDED TODAY.
  NO SIGNIFICANT WEATHER WAS OBSERVED.


RELATIVE HUMIDITY (PERCENT)
 HIGHEST    93           100 AM
 LOWEST     64           100 PM
 AVERAGE    79

..........................................................


THE LAGUARDIA NY CLIMATE NORMALS FOR TOMORROW
                         NORMAL    RECORD    YEAR
 MAXIMUM TEMPERATURE (F)   66        83      1956
 MINIMUM TEMPERATURE (F)   51        39      2009


SUNRISE AND SUNSET
OCTOBER 14 2014.......SUNRISE   706 AM EDT   SUNSET   617 PM EDT
OCTOBER 15 2014.......SUNRISE   707 AM EDT   SUNSET   615 PM EDT


-  INDICATES NEGATIVE NUMBERS.
R  INDICATES RECORD WAS SET OR TIED.
MM INDICATES DATA IS MISSING.
T  INDICATES TRACE AMOUNT.




$$
