000
CDUS41 KOKX 240635
CLILGA


CLIMATE REPORT
NATIONAL WEATHER SERVICE NEW YORK NY
221 AM EDT WED SEP 24 2014


...................................

...THE LAGUARDIA NY CLIMATE SUMMARY FOR SEPTEMBER 23 2014...

CLIMATE NORMAL PERIOD 1981 TO 2010
CLIMATE RECORD PERIOD 1945 TO 2014


WEATHER ITEM   OBSERVED TIME   RECORD YEAR NORMAL DEPARTURE LAST
                VALUE   (LST)  VALUE       VALUE  FROM      YEAR
                                                  NORMAL
..................................................................
TEMPERATURE (F)
 YESTERDAY
  MAXIMUM         73    435 PM  93    1970  74     -1       66
  MINIMUM         54    639 AM  42    1947  59     -5       52
  AVERAGE         64                        66     -2       59

PRECIPITATION (IN)
  YESTERDAY        0.00          2.14 2011   0.12  -0.12     0.00
  MONTH TO DATE    1.03                      2.81  -1.78     3.29
  SINCE SEP 1      1.03                      2.81  -1.78     3.29
  SINCE JAN 1     36.09                     33.06   3.03    30.63

SNOWFALL (IN)
  YESTERDAY        0.0          MM      MM   0.0    0.0      0.0
  MONTH TO DATE    0.0                       0.0    0.0      0.0
  SINCE OCT 1     52.4                      26.9   25.5     22.2
  SINCE JUL 1      0.0                       0.0    0.0      0.0
  SNOW DEPTH       0

DEGREE DAYS
 HEATING
  YESTERDAY        1                         2     -1        6
  MONTH TO DATE    9                        14     -5       24
  SINCE SEP 1      9                        14     -5       24
  SINCE JUL 1      9                        15     -6       24

 COOLING
  YESTERDAY        0                         3     -3        0
  MONTH TO DATE  147                       141      6      130
  SINCE SEP 1    147                       141      6      130
  SINCE JAN 1   1134                      1174    -40     1349
..................................................................


WIND (MPH)
  HIGHEST WIND SPEED    16   HIGHEST WIND DIRECTION    NW (310)
  HIGHEST GUST SPEED    20   HIGHEST GUST DIRECTION    NW (310)
  AVERAGE WIND SPEED     5.7


SKY COVER
  AVERAGE SKY COVER 0.3


WEATHER CONDITIONS
 THE FOLLOWING WEATHER WAS RECORDED YESTERDAY.
  NO SIGNIFICANT WEATHER WAS OBSERVED.


RELATIVE HUMIDITY (PERCENT)
 HIGHEST    67           800 PM
 LOWEST     33           200 PM
 AVERAGE    50

..........................................................


THE LAGUARDIA NY CLIMATE NORMALS FOR TODAY
                         NORMAL    RECORD    YEAR
 MAXIMUM TEMPERATURE (F)   73        89      1959
 MINIMUM TEMPERATURE (F)   59        44      1974
                                             1963
                                             1950


SUNRISE AND SUNSET
SEPTEMBER 24 2014.....SUNRISE   645 AM EDT   SUNSET   649 PM EDT
SEPTEMBER 25 2014.....SUNRISE   646 AM EDT   SUNSET   648 PM EDT


-  INDICATES NEGATIVE NUMBERS.
R  INDICATES RECORD WAS SET OR TIED.
MM INDICATES DATA IS MISSING.
T  INDICATES TRACE AMOUNT.




$$
