000
CDUS41 KOKX 130622
CLILGA


CLIMATE REPORT
NATIONAL WEATHER SERVICE NEW YORK NY
222 AM EDT FRI OCT 13 2017


...................................

...THE LAGUARDIA NY CLIMATE SUMMARY FOR OCTOBER 12 2017...

CLIMATE NORMAL PERIOD 1981 TO 2010
CLIMATE RECORD PERIOD 1939 TO 2017


WEATHER ITEM   OBSERVED TIME   RECORD YEAR NORMAL DEPARTURE LAST
                VALUE   (LST)  VALUE       VALUE  FROM      YEAR
                                                  NORMAL
..................................................................
TEMPERATURE (F)
 YESTERDAY
  MAXIMUM         65    437 PM  86    1954  67     -2       69
  MINIMUM         56   1159 PM  41    1964  52      4       56
  AVERAGE         61                        59      2       63

PRECIPITATION (IN)
  YESTERDAY        0.03          4.39 2005   0.12  -0.09     0.00
  MONTH TO DATE    0.67                      1.50  -0.83     0.62
  SINCE SEP 1      2.51                      5.23  -2.72     3.15
  SINCE JAN 1     35.50                     35.48   0.02    26.87

SNOWFALL (IN)
  YESTERDAY        0.0          MM      MM   0.0    0.0      0.0
  MONTH TO DATE    0.0                       0.0    0.0      0.0
  SINCE OCT 1      0.0                       0.0    0.0      0.0
  SINCE JUL 1      0.0                       0.0    0.0      0.0
  SNOW DEPTH       0

DEGREE DAYS
 HEATING
  YESTERDAY        4                         6     -2        2
  MONTH TO DATE    8                        60    -52       31
  SINCE SEP 1     18                        94    -76       36
  SINCE JUL 1     18                        95    -77       36

 COOLING
  YESTERDAY        0                         1     -1        0
  MONTH TO DATE   68                        17     51       11
  SINCE SEP 1    280                       174    106      287
  SINCE JAN 1   1411                      1207    204     1704
..................................................................


WIND (MPH)
  HIGHEST WIND SPEED    25   HIGHEST WIND DIRECTION    NE (50)
  HIGHEST GUST SPEED    30   HIGHEST GUST DIRECTION    NE (50)
  AVERAGE WIND SPEED    16.8


SKY COVER
  AVERAGE SKY COVER 0.7


WEATHER CONDITIONS
 THE FOLLOWING WEATHER WAS RECORDED YESTERDAY.
  LIGHT RAIN


RELATIVE HUMIDITY (PERCENT)
 HIGHEST    84           400 AM
 LOWEST     48           400 PM
 AVERAGE    66

..........................................................


THE LAGUARDIA NY CLIMATE NORMALS FOR TODAY
                         NORMAL    RECORD    YEAR
 MAXIMUM TEMPERATURE (F)   66        86      1995
                                             1954
 MINIMUM TEMPERATURE (F)   52        39      1988


SUNRISE AND SUNSET
OCTOBER 13 2017.......SUNRISE   705 AM EDT   SUNSET   618 PM EDT
OCTOBER 14 2017.......SUNRISE   706 AM EDT   SUNSET   616 PM EDT


-  INDICATES NEGATIVE NUMBERS.
R  INDICATES RECORD WAS SET OR TIED.
MM INDICATES DATA IS MISSING.
T  INDICATES TRACE AMOUNT.




$$
