000
CDUS41 KOKX 220618
CLILGA


CLIMATE REPORT
NATIONAL WEATHER SERVICE NEW YORK NY
217 AM EDT SUN MAY 22 2016


...................................

...THE LAGUARDIA NY CLIMATE SUMMARY FOR MAY 21 2016...

CLIMATE NORMAL PERIOD 1981 TO 2010
CLIMATE RECORD PERIOD 1945 TO 2016


WEATHER ITEM   OBSERVED TIME   RECORD YEAR NORMAL DEPARTURE LAST
                VALUE   (LST)  VALUE       VALUE  FROM      YEAR
                                                  NORMAL
..................................................................
TEMPERATURE (F)
 YESTERDAY
  MAXIMUM         67   1201 PM  93    1996  73     -6       62
  MINIMUM         56   1159 PM  45    2002  55      1       53
  AVERAGE         62                        64     -2       58

PRECIPITATION (IN)
  YESTERDAY        0.07          1.60 1985   0.14  -0.07      T
  MONTH TO DATE    2.00                      2.43  -0.43     0.31
  SINCE MAR 1      4.92                     10.40  -5.48     6.67
  SINCE JAN 1     13.45                     16.33  -2.88    13.75

SNOWFALL (IN)
  YESTERDAY        0.0          MM      MM   0.0    0.0      0.0
  MONTH TO DATE    0.0                       0.0    0.0      0.0
  SINCE OCT 1     36.2                      26.9    9.3     53.8
  SINCE JUL 1     36.2                      26.9    9.3     53.8
  SNOW DEPTH       0

DEGREE DAYS
 HEATING
  YESTERDAY        3                         3      0        7
  MONTH TO DATE  139                       110     29       45
  SINCE MAR 1    988                      1195   -207     1223
  SINCE JUL 1   3650                      4624   -974     4945

 COOLING
  YESTERDAY        0                         2     -2        0
  MONTH TO DATE    6                        27    -21       50
  SINCE MAR 1     19                        35    -16       52
  SINCE JAN 1     19                        35    -16       52
..................................................................


WIND (MPH)
  HIGHEST WIND SPEED    16   HIGHEST WIND DIRECTION    SE (120)
  HIGHEST GUST SPEED    20   HIGHEST GUST DIRECTION    SE (120)
  AVERAGE WIND SPEED     7.2


SKY COVER
  AVERAGE SKY COVER 0.9


WEATHER CONDITIONS
 THE FOLLOWING WEATHER WAS RECORDED YESTERDAY.
  LIGHT RAIN
  FOG


RELATIVE HUMIDITY (PERCENT)
 HIGHEST   100          1100 PM
 LOWEST     42           100 PM
 AVERAGE    71

..........................................................


THE LAGUARDIA NY CLIMATE NORMALS FOR TODAY
                         NORMAL    RECORD    YEAR
 MAXIMUM TEMPERATURE (F)   73        94      1992
 MINIMUM TEMPERATURE (F)   56        47      1950
                                             1948


SUNRISE AND SUNSET
MAY 22 2016...........SUNRISE   532 AM EDT   SUNSET   813 PM EDT
MAY 23 2016...........SUNRISE   531 AM EDT   SUNSET   814 PM EDT


-  INDICATES NEGATIVE NUMBERS.
R  INDICATES RECORD WAS SET OR TIED.
MM INDICATES DATA IS MISSING.
T  INDICATES TRACE AMOUNT.




$$
