000
CDUS41 KOKX 260618
CLILGA


CLIMATE REPORT
NATIONAL WEATHER SERVICE NEW YORK NY
117 AM EST SAT NOV 26 2016


...................................

...THE LAGUARDIA NY CLIMATE SUMMARY FOR NOVEMBER 25 2016...

CLIMATE NORMAL PERIOD 1981 TO 2010
CLIMATE RECORD PERIOD 1939 TO 2016


WEATHER ITEM   OBSERVED TIME   RECORD YEAR NORMAL DEPARTURE LAST
                VALUE   (LST)  VALUE       VALUE  FROM      YEAR
                                                  NORMAL
..................................................................
TEMPERATURE (F)
 YESTERDAY
  MAXIMUM         56    229 PM  68    1979  51      5       49
  MINIMUM         47    650 AM  23    2005  39      8       40
  AVERAGE         52                        45      7       45

PRECIPITATION (IN)
  YESTERDAY        0.01          2.08 1950   0.12  -0.11     0.00
  MONTH TO DATE    2.18                      2.81  -0.63     1.67
  SINCE SEP 1      9.53                     10.32  -0.79     7.57
  SINCE JAN 1     33.25                     40.57  -7.32    32.84

SNOWFALL (IN)
  YESTERDAY        0.0          MM      MM   0.1   -0.1      0.0
  MONTH TO DATE    T                         0.2   -0.2      0.0
  SINCE OCT 1      T                         0.2   -0.2      0.0
  SINCE JUL 1      T                         0.2   -0.2      0.0
  SNOW DEPTH       0

DEGREE DAYS
 HEATING
  YESTERDAY       13                        20     -7       20
  MONTH TO DATE  305                       401    -96      267
  SINCE SEP 1    470                       672   -202      481
  SINCE JUL 1    470                       673   -203      481

 COOLING
  YESTERDAY        0                         0      0        0
  MONTH TO DATE    2                         0      2        5
  SINCE SEP 1    328                       180    148      305
  SINCE JAN 1   1745                      1213    532     1554
..................................................................


WIND (MPH)
  HIGHEST WIND SPEED     9   HIGHEST WIND DIRECTION    NW (320)
  HIGHEST GUST SPEED    12   HIGHEST GUST DIRECTION     E (100)
  AVERAGE WIND SPEED     4.2


SKY COVER
  AVERAGE SKY COVER 1.0


WEATHER CONDITIONS
 THE FOLLOWING WEATHER WAS RECORDED YESTERDAY.
  LIGHT RAIN
  FOG
  HAZE


RELATIVE HUMIDITY (PERCENT)
 HIGHEST    86          1200 AM
 LOWEST     61           200 PM
 AVERAGE    74

..........................................................


THE LAGUARDIA NY CLIMATE NORMALS FOR TODAY
                         NORMAL    RECORD    YEAR
 MAXIMUM TEMPERATURE (F)   51        67      1946
 MINIMUM TEMPERATURE (F)   39        24      1940


SUNRISE AND SUNSET
NOVEMBER 26 2016......SUNRISE   656 AM EST   SUNSET   430 PM EST
NOVEMBER 27 2016......SUNRISE   657 AM EST   SUNSET   430 PM EST


-  INDICATES NEGATIVE NUMBERS.
R  INDICATES RECORD WAS SET OR TIED.
MM INDICATES DATA IS MISSING.
T  INDICATES TRACE AMOUNT.




$$
