000
CDUS41 KOKX 122046
CLILGA


CLIMATE REPORT
NATIONAL WEATHER SERVICE NEW YORK NY
445 PM EDT TUE JUL 12 2016


...................................

...THE LAGUARDIA NY CLIMATE SUMMARY FOR JULY 12 2016...
VALID TODAY AS OF 0400 PM LOCAL TIME.

CLIMATE NORMAL PERIOD 1981 TO 2010
CLIMATE RECORD PERIOD 1939 TO 2016


WEATHER ITEM   OBSERVED TIME   RECORD YEAR NORMAL DEPARTURE LAST
                VALUE   (LST)  VALUE       VALUE  FROM      YEAR
                                                  NORMAL
..................................................................
TEMPERATURE (F)
 TODAY
  MAXIMUM         84   1201 PM  98    1966  85     -1       89
  MINIMUM         71    452 AM  58    1940  70      1       73
  AVERAGE         78                        77      1       81

PRECIPITATION (IN)
  TODAY            0.00          1.84 2006   0.15  -0.15     0.00
  MONTH TO DATE    1.80                      1.59   0.21     0.73
  SINCE JUN 1      4.04                      5.53  -1.49     5.53
  SINCE JAN 1     19.41                     23.22  -3.81    20.58

SNOWFALL (IN)
  TODAY            0.0          MM      MM   0.0    0.0      0.0
  MONTH TO DATE    0.0                       0.0    0.0      0.0
  SINCE OCT 1     36.2                      26.9    9.3     53.8
  SINCE JUL 1      0.0                       0.0    0.0      0.0
  SNOW DEPTH       0

DEGREE DAYS
 HEATING
  TODAY            0                         0      0        0
  MONTH TO DATE    0                         0      0        0
  SINCE JUN 1      2                        16    -14       34
  SINCE JUL 1      0                         0      0        0

 COOLING
  TODAY           13                        12      1       16
  MONTH TO DATE  149                       141      8      152
  SINCE JUN 1    419                       372     47      380
  SINCE JAN 1    538                       438    100      502
..................................................................


WIND (MPH)
  HIGHEST WIND SPEED    18   HIGHEST WIND DIRECTION     S (170)
  HIGHEST GUST SPEED    24   HIGHEST GUST DIRECTION     S (190)
  AVERAGE WIND SPEED     8.3


SKY COVER
  AVERAGE SKY COVER 0.5


WEATHER CONDITIONS
 THE FOLLOWING WEATHER WAS RECORDED TODAY.
  NO SIGNIFICANT WEATHER WAS OBSERVED.


RELATIVE HUMIDITY (PERCENT)
 HIGHEST    79           300 AM
 LOWEST     47          1200 PM
 AVERAGE    63

..........................................................


THE LAGUARDIA NY CLIMATE NORMALS FOR TOMORROW
                         NORMAL    RECORD    YEAR
 MAXIMUM TEMPERATURE (F)   86        99      1966
 MINIMUM TEMPERATURE (F)   70        58      1990


SUNRISE AND SUNSET
JULY 12 2016..........SUNRISE   535 AM EDT   SUNSET   827 PM EDT
JULY 13 2016..........SUNRISE   536 AM EDT   SUNSET   827 PM EDT


-  INDICATES NEGATIVE NUMBERS.
R  INDICATES RECORD WAS SET OR TIED.
MM INDICATES DATA IS MISSING.
T  INDICATES TRACE AMOUNT.




$$
