509
CDUS41 KOKX 090625
CLILGA


CLIMATE REPORT
NATIONAL WEATHER SERVICE NEW YORK NY
125 AM EST TUE JAN 9 2018


...................................

...THE LAGUARDIA NY CLIMATE SUMMARY FOR JANUARY 8 2018...

CLIMATE NORMAL PERIOD 1981 TO 2010
CLIMATE RECORD PERIOD 1939 TO 2018


WEATHER ITEM   OBSERVED TIME   RECORD YEAR NORMAL DEPARTURE LAST
                VALUE   (LST)  VALUE       VALUE  FROM      YEAR
                                                  NORMAL
..................................................................
TEMPERATURE (F)
 YESTERDAY
  MAXIMUM         33   1111 PM  64    2008  39     -6       27
  MINIMUM         18    134 AM   3    1968  27     -9       19
  AVERAGE         26                        33     -7       23

PRECIPITATION (IN)
  YESTERDAY        T             1.19 2007   0.10  -0.10     0.00
  MONTH TO DATE    0.51                      0.82  -0.31     0.95
  SINCE DEC 1      2.57                      4.38  -1.81     3.90
  SINCE JAN 1      0.51                      0.82  -0.31     0.95

SNOWFALL (IN)
  YESTERDAY        T             6.9  1988   0.3   -0.3      0.0
  MONTH TO DATE    7.4                       1.9    5.5      8.3
  SINCE OCT 1     15.4                       7.4    8.0     11.3
  SINCE JUL 1     15.4                       7.4    8.0     11.3
  SNOW DEPTH       7

DEGREE DAYS
 HEATING
  YESTERDAY       39                        32      7       42
  MONTH TO DATE  372                       252    120      235
  SINCE DEC 1   1257                      1083    174      993
  SINCE JUL 1   1848                      1858    -10     1531

 COOLING
  YESTERDAY        0                         0      0        0
  MONTH TO DATE    0                         0      0        0
  SINCE DEC 1      0                         0      0        0
  SINCE JAN 1      0                         0      0        0
..................................................................


WIND (MPH)
  HIGHEST WIND SPEED    18   HIGHEST WIND DIRECTION    SW (230)
  HIGHEST GUST SPEED    23   HIGHEST GUST DIRECTION     W (270)
  AVERAGE WIND SPEED    11.4


SKY COVER
  AVERAGE SKY COVER 0.9


WEATHER CONDITIONS
 THE FOLLOWING WEATHER WAS RECORDED YESTERDAY.
  LT FREEZING RAIN
  LIGHT SNOW
  SLEET


RELATIVE HUMIDITY (PERCENT)
 HIGHEST    69           700 PM
 LOWEST     43           300 PM
 AVERAGE    56

..........................................................


THE LAGUARDIA NY CLIMATE NORMALS FOR TODAY
                         NORMAL    RECORD    YEAR
 MAXIMUM TEMPERATURE (F)   39        66      2008
 MINIMUM TEMPERATURE (F)   27         1      1968


SUNRISE AND SUNSET
JANUARY  9 2018.......SUNRISE   719 AM EST   SUNSET   446 PM EST
JANUARY 10 2018.......SUNRISE   719 AM EST   SUNSET   447 PM EST


-  INDICATES NEGATIVE NUMBERS.
R  INDICATES RECORD WAS SET OR TIED.
MM INDICATES DATA IS MISSING.
T  INDICATES TRACE AMOUNT.




$$
