000
CDUS41 KOKX 030652
CLILGA


CLIMATE REPORT
NATIONAL WEATHER SERVICE NEW YORK NY
252 AM EDT THU SEP 3 2015


...................................

...THE LAGUARDIA NY CLIMATE SUMMARY FOR SEPTEMBER 2 2015...

CLIMATE NORMAL PERIOD 1981 TO 2010
CLIMATE RECORD PERIOD 1945 TO 2015


WEATHER ITEM   OBSERVED TIME   RECORD YEAR NORMAL DEPARTURE LAST
                VALUE   (LST)  VALUE       VALUE  FROM      YEAR
                                                  NORMAL
..................................................................
TEMPERATURE (F)
 YESTERDAY
  MAXIMUM         88    143 PM 102    1953  81      7       93
  MINIMUM         75    604 AM  56    1967  66      9       79
  AVERAGE         82                        74      8       86

PRECIPITATION (IN)
  YESTERDAY        0.00          2.88 2002   0.12  -0.12     0.00
  MONTH TO DATE    0.00                      0.23  -0.23      T
  SINCE SEP 1      0.00                      0.23  -0.23      T
  SINCE JAN 1     25.27                     30.48  -5.21    35.06

SNOWFALL (IN)
  YESTERDAY        0.0          MM      MM   0.0    0.0      0.0
  MONTH TO DATE    0.0                       0.0    0.0      0.0
  SINCE OCT 1     53.8                      26.9   26.9     52.4
  SINCE JUL 1      0.0                       0.0    0.0      0.0
  SNOW DEPTH       0

DEGREE DAYS
 HEATING
  YESTERDAY        0                         0      0        0
  MONTH TO DATE    0                         0      0        0
  SINCE SEP 1      0                         0      0        0
  SINCE JUL 1      0                         1     -1        0

 COOLING
  YESTERDAY       17                         9      8       21
  MONTH TO DATE   34                        18     16       38
  SINCE SEP 1     34                        18     16       38
  SINCE JAN 1   1280                      1051    229     1025
..................................................................


WIND (MPH)
  HIGHEST WIND SPEED    18   HIGHEST WIND DIRECTION     S (160)
  HIGHEST GUST SPEED    21   HIGHEST GUST DIRECTION     S (170)
  AVERAGE WIND SPEED     6.7


SKY COVER
  AVERAGE SKY COVER 0.4


WEATHER CONDITIONS
 THE FOLLOWING WEATHER WAS RECORDED YESTERDAY.
  NO SIGNIFICANT WEATHER WAS OBSERVED.


RELATIVE HUMIDITY (PERCENT)
 HIGHEST    79           100 AM
 LOWEST     46          1100 AM
 AVERAGE    63

..........................................................


THE LAGUARDIA NY CLIMATE NORMALS FOR TODAY
                         NORMAL    RECORD    YEAR
 MAXIMUM TEMPERATURE (F)   80        96      1944
 MINIMUM TEMPERATURE (F)   66        51      1941


SUNRISE AND SUNSET
SEPTEMBER  3 2015.....SUNRISE   624 AM EDT   SUNSET   725 PM EDT
SEPTEMBER  4 2015.....SUNRISE   625 AM EDT   SUNSET   723 PM EDT


-  INDICATES NEGATIVE NUMBERS.
R  INDICATES RECORD WAS SET OR TIED.
MM INDICATES DATA IS MISSING.
T  INDICATES TRACE AMOUNT.




$$
