000
CDUS41 KOKX 230616
CLILGA


CLIMATE REPORT
NATIONAL WEATHER SERVICE NEW YORK NY
215 AM EDT TUE MAY 23 2017


...................................

...THE LAGUARDIA NY CLIMATE SUMMARY FOR MAY 22 2017...

CLIMATE NORMAL PERIOD 1981 TO 2010
CLIMATE RECORD PERIOD 1939 TO 2017


WEATHER ITEM   OBSERVED TIME   RECORD YEAR NORMAL DEPARTURE LAST
                VALUE   (LST)  VALUE       VALUE  FROM      YEAR
                                                  NORMAL
..................................................................
TEMPERATURE (F)
 YESTERDAY
  MAXIMUM         63    744 PM  94    1992  73    -10       71
  MINIMUM         57    955 AM  47    1950  56      1       54
                                      1948
  AVERAGE         60                        64     -4       63

PRECIPITATION (IN)
  YESTERDAY        0.64          0.95 1949   0.13   0.51     0.11
  MONTH TO DATE    4.73                      2.56   2.17     2.11
  SINCE MAR 1     13.51                     10.53   2.98     5.03
  SINCE JAN 1     19.51                     16.46   3.05    13.56

SNOWFALL (IN)
  YESTERDAY        0.0          MM      MM   0.0    0.0      0.0
  MONTH TO DATE    0.0                       0.0    0.0      0.0
  SINCE OCT 1     33.2                      26.9    6.3     36.2
  SINCE JUL 1     33.2                      26.9    6.3     36.2
  SNOW DEPTH       0

DEGREE DAYS
 HEATING
  YESTERDAY        5                         3      2        2
  MONTH TO DATE  102                       113    -11      141
  SINCE MAR 1   1083                      1198   -115      990
  SINCE JUL 1   3770                      4627   -857     3652

 COOLING
  YESTERDAY        0                         2     -2        0
  MONTH TO DATE   67                        29     38        6
  SINCE MAR 1     98                        37     61       19
  SINCE JAN 1     98                        37     61       19
..................................................................


WIND (MPH)
  HIGHEST WIND SPEED    15   HIGHEST WIND DIRECTION    SE (130)
  HIGHEST GUST SPEED    20   HIGHEST GUST DIRECTION     E (100)
  AVERAGE WIND SPEED     7.7


SKY COVER
  AVERAGE SKY COVER 1.0


WEATHER CONDITIONS
 THE FOLLOWING WEATHER WAS RECORDED YESTERDAY.
  HEAVY RAIN
  RAIN
  LIGHT RAIN
  FOG
  HAZE


RELATIVE HUMIDITY (PERCENT)
 HIGHEST   100           800 PM
 LOWEST     55          1200 AM
 AVERAGE    78

..........................................................


THE LAGUARDIA NY CLIMATE NORMALS FOR TODAY
                         NORMAL    RECORD    YEAR
 MAXIMUM TEMPERATURE (F)   73        94      1964
 MINIMUM TEMPERATURE (F)   56        45      1963


SUNRISE AND SUNSET
MAY 23 2017...........SUNRISE   532 AM EDT   SUNSET   814 PM EDT
MAY 24 2017...........SUNRISE   531 AM EDT   SUNSET   815 PM EDT


-  INDICATES NEGATIVE NUMBERS.
R  INDICATES RECORD WAS SET OR TIED.
MM INDICATES DATA IS MISSING.
T  INDICATES TRACE AMOUNT.




$$
