000
CDUS41 KOKX 200706
CLILGA


CLIMATE REPORT
NATIONAL WEATHER SERVICE NEW YORK NY
306 AM EDT FRI OCT 20 2017


...................................

...THE LAGUARDIA NY CLIMATE SUMMARY FOR OCTOBER 19 2017...

CLIMATE NORMAL PERIOD 1981 TO 2010
CLIMATE RECORD PERIOD 1939 TO 2017


WEATHER ITEM   OBSERVED TIME   RECORD YEAR NORMAL DEPARTURE LAST
                VALUE   (LST)  VALUE       VALUE  FROM      YEAR
                                                  NORMAL
..................................................................
TEMPERATURE (F)
 YESTERDAY
  MAXIMUM         72    411 PM  86    2016  64      8       86
  MINIMUM         58    652 AM  32    1940  50      8       68
  AVERAGE         65                        57      8       77

PRECIPITATION (IN)
  YESTERDAY        0.00          3.62 1996   0.12  -0.12     0.00
  MONTH TO DATE    0.71                      2.36  -1.65     0.62
  SINCE SEP 1      2.55                      6.09  -3.54     3.15
  SINCE JAN 1     35.54                     36.34  -0.80    26.87

SNOWFALL (IN)
  YESTERDAY        0.0          MM      MM   0.0    0.0      0.0
  MONTH TO DATE    0.0                       0.0    0.0      0.0
  SINCE OCT 1      0.0                       0.0    0.0      0.0
  SINCE JUL 1      0.0                       0.0    0.0      0.0
  SNOW DEPTH       0

DEGREE DAYS
 HEATING
  YESTERDAY        0                         8     -8        0
  MONTH TO DATE   31                       113    -82       48
  SINCE SEP 1     41                       147   -106       53
  SINCE JUL 1     41                       148   -107       53

 COOLING
  YESTERDAY        0                         0      0       12
  MONTH TO DATE   77                        20     57       43
  SINCE SEP 1    289                       177    112      319
  SINCE JAN 1   1420                      1210    210     1736
..................................................................


WIND (MPH)
  HIGHEST WIND SPEED    18   HIGHEST WIND DIRECTION    SW (220)
  HIGHEST GUST SPEED    23   HIGHEST GUST DIRECTION    SW (240)
  AVERAGE WIND SPEED     9.8


SKY COVER
  AVERAGE SKY COVER 0.3


WEATHER CONDITIONS
 THE FOLLOWING WEATHER WAS RECORDED YESTERDAY.
  NO SIGNIFICANT WEATHER WAS OBSERVED.


RELATIVE HUMIDITY (PERCENT)
 HIGHEST    67           500 AM
 LOWEST     29           400 PM
 AVERAGE    48

..........................................................


THE LAGUARDIA NY CLIMATE NORMALS FOR TODAY
                         NORMAL    RECORD    YEAR
 MAXIMUM TEMPERATURE (F)   64        79      1984
                                             1953
 MINIMUM TEMPERATURE (F)   50        32      1972


SUNRISE AND SUNSET
OCTOBER 20 2017.......SUNRISE   713 AM EDT   SUNSET   608 PM EDT
OCTOBER 21 2017.......SUNRISE   714 AM EDT   SUNSET   606 PM EDT


-  INDICATES NEGATIVE NUMBERS.
R  INDICATES RECORD WAS SET OR TIED.
MM INDICATES DATA IS MISSING.
T  INDICATES TRACE AMOUNT.




$$
