000
CDUS41 KOKX 122034
CLILGA


CLIMATE REPORT
NATIONAL WEATHER SERVICE NEW YORK NY
434 PM EDT TUE SEP 12 2017


...................................

...THE LAGUARDIA NY CLIMATE SUMMARY FOR SEPTEMBER 12 2017...
VALID TODAY AS OF 0400 PM LOCAL TIME.

CLIMATE NORMAL PERIOD 1981 TO 2010
CLIMATE RECORD PERIOD 1939 TO 2017


WEATHER ITEM   OBSERVED TIME   RECORD YEAR NORMAL DEPARTURE LAST
                VALUE   (LST)  VALUE       VALUE  FROM      YEAR
                                                  NORMAL
..................................................................
TEMPERATURE (F)
 TODAY
  MAXIMUM         82    253 PM  94    1961  78      4       78
  MINIMUM         63    543 AM  52    1967  63      0       64
  AVERAGE         73                        70      3       71

PRECIPITATION (IN)
  TODAY            0.00          3.63 1960   0.12  -0.12     0.00
  MONTH TO DATE    1.63                      1.42   0.21     0.40
  SINCE SEP 1      1.63                      1.42   0.21     0.40
  SINCE JAN 1     34.62                     31.67   2.95    24.12

SNOWFALL (IN)
  TODAY            0.0          MM      MM   0.0    0.0      0.0
  MONTH TO DATE    0.0                       0.0    0.0      0.0
  SINCE OCT 1     33.2                      26.9    6.3     36.2
  SINCE JUL 1      0.0                       0.0    0.0      0.0
  SNOW DEPTH       0

DEGREE DAYS
 HEATING
  TODAY            0                         1     -1        0
  MONTH TO DATE    5                         1      4        0
  SINCE SEP 1      5                         1      4        0
  SINCE JUL 1      5                         2      3        0

 COOLING
  TODAY            8                         6      2        6
  MONTH TO DATE   43                        90    -47      150
  SINCE SEP 1     43                        90    -47      150
  SINCE JAN 1   1174                      1123     51     1567
..................................................................


WIND (MPH)
  HIGHEST WIND SPEED     8   HIGHEST WIND DIRECTION     W (270)
  HIGHEST GUST SPEED    11   HIGHEST GUST DIRECTION     W (260)
  AVERAGE WIND SPEED     3.2


SKY COVER
  AVERAGE SKY COVER 0.8


WEATHER CONDITIONS
 THE FOLLOWING WEATHER WAS RECORDED TODAY.
  NO SIGNIFICANT WEATHER WAS OBSERVED.


RELATIVE HUMIDITY (PERCENT)
 HIGHEST    78           500 AM
 LOWEST     34           300 PM
 AVERAGE    56

..........................................................


THE LAGUARDIA NY CLIMATE NORMALS FOR TOMORROW
                         NORMAL    RECORD    YEAR
 MAXIMUM TEMPERATURE (F)   77        93      1952
 MINIMUM TEMPERATURE (F)   63        50      1985
                                             1963


SUNRISE AND SUNSET
SEPTEMBER 12 2017.....SUNRISE   633 AM EDT   SUNSET   709 PM EDT
SEPTEMBER 13 2017.....SUNRISE   634 AM EDT   SUNSET   708 PM EDT


-  INDICATES NEGATIVE NUMBERS.
R  INDICATES RECORD WAS SET OR TIED.
MM INDICATES DATA IS MISSING.
T  INDICATES TRACE AMOUNT.




$$
