000
CDUS41 KOKX 170630
CLILGA


CLIMATE REPORT
NATIONAL WEATHER SERVICE NEW YORK NY
230 AM EDT TUE MAY 17 2016


...................................

...THE LAGUARDIA NY CLIMATE SUMMARY FOR MAY 16 2016...

CLIMATE NORMAL PERIOD 1981 TO 2010
CLIMATE RECORD PERIOD 1945 TO 2016


WEATHER ITEM   OBSERVED TIME   RECORD YEAR NORMAL DEPARTURE LAST
                VALUE   (LST)  VALUE       VALUE  FROM      YEAR
                                                  NORMAL
..................................................................
TEMPERATURE (F)
 YESTERDAY
  MAXIMUM         68    527 PM  90    1951  71     -3       75
  MINIMUM         44    548 AM  41    1983  54    -10       57
  AVERAGE         56                        62     -6       66

PRECIPITATION (IN)
  YESTERDAY        0.00          2.57 1990   0.12  -0.12     0.27
  MONTH TO DATE    1.93                      1.81   0.12     0.28
  SINCE MAR 1      4.85                      9.78  -4.93     6.64
  SINCE JAN 1     13.38                     15.71  -2.33    13.72

SNOWFALL (IN)
  YESTERDAY        0.0          MM      MM   0.0    0.0      0.0
  MONTH TO DATE    0.0                       0.0    0.0      0.0
  SINCE OCT 1     36.2                      26.9    9.3     53.8
  SINCE JUL 1     36.2                      26.9    9.3     53.8
  SNOW DEPTH       0

DEGREE DAYS
 HEATING
  YESTERDAY        9                         4      5        0
  MONTH TO DATE  133                        92     41       33
  SINCE MAR 1    982                      1177   -195     1211
  SINCE JUL 1   3644                      4606   -962     4933

 COOLING
  YESTERDAY        0                         2     -2        1
  MONTH TO DATE    2                        17    -15       39
  SINCE MAR 1     15                        25    -10       41
  SINCE JAN 1     15                        25    -10       41
..................................................................


WIND (MPH)
  HIGHEST WIND SPEED    33   HIGHEST WIND DIRECTION     W (290)
  HIGHEST GUST SPEED    41   HIGHEST GUST DIRECTION    NW (300)
  AVERAGE WIND SPEED    17.4


SKY COVER
  AVERAGE SKY COVER 0.3


WEATHER CONDITIONS
 THE FOLLOWING WEATHER WAS RECORDED YESTERDAY.
  HAZE


RELATIVE HUMIDITY (PERCENT)
 HIGHEST    58           600 AM
 LOWEST     22           200 PM
 AVERAGE    40

..........................................................


THE LAGUARDIA NY CLIMATE NORMALS FOR TODAY
                         NORMAL    RECORD    YEAR
 MAXIMUM TEMPERATURE (F)   72        90      1974
 MINIMUM TEMPERATURE (F)   54        38      1983


SUNRISE AND SUNSET
MAY 17 2016...........SUNRISE   536 AM EDT   SUNSET   808 PM EDT
MAY 18 2016...........SUNRISE   535 AM EDT   SUNSET   809 PM EDT


-  INDICATES NEGATIVE NUMBERS.
R  INDICATES RECORD WAS SET OR TIED.
MM INDICATES DATA IS MISSING.
T  INDICATES TRACE AMOUNT.




$$
