389
CDUS41 KOKX 152135
CLILGA


CLIMATE REPORT
NATIONAL WEATHER SERVICE NEW YORK NY
435 PM EST THU FEB 15 2018


...................................

...THE LAGUARDIA NY CLIMATE SUMMARY FOR FEBRUARY 15 2018...
VALID TODAY AS OF 0400 PM LOCAL TIME.

CLIMATE NORMAL PERIOD 1981 TO 2010
CLIMATE RECORD PERIOD 1939 TO 2018


WEATHER ITEM   OBSERVED TIME   RECORD YEAR NORMAL DEPARTURE LAST
                VALUE   (LST)  VALUE       VALUE  FROM      YEAR
                                                  NORMAL
..................................................................
TEMPERATURE (F)
 TODAY
  MAXIMUM         58    359 PM  74    1949  42     16       50
  MINIMUM         47    645 AM  -7    1943  29     18       36
  AVERAGE         53                        35     18       43

PRECIPITATION (IN)
  TODAY            0.04          1.57 1984   0.10  -0.06      T
  MONTH TO DATE    4.04                      1.42   2.62     1.55
  SINCE DEC 1      8.22                      8.15   0.07     8.63
  SINCE JAN 1      6.16                      4.59   1.57     5.68

SNOWFALL (IN)
  TODAY            0.0           3.4  1958   0.3   -0.3      0.0
  MONTH TO DATE    0.6                       4.9   -4.3     10.3
  SINCE OCT 1     17.3                      17.8   -0.5     23.4
  SINCE JUL 1     17.3                      17.8   -0.5     23.4
  SNOW DEPTH       0

DEGREE DAYS
 HEATING
  TODAY           12                        30    -18       22
  MONTH TO DATE  396                       461    -65      403
  SINCE DEC 1   2314                      2285     29     1939
  SINCE JUL 1   2905                      3060   -155     2477

 COOLING
  TODAY            0                         0      0        0
  MONTH TO DATE    0                         0      0        0
  SINCE DEC 1      0                         0      0        0
  SINCE JAN 1      0                         0      0        0
..................................................................


WIND (MPH)
  HIGHEST WIND SPEED    15   HIGHEST WIND DIRECTION     S (200)
  HIGHEST GUST SPEED    18   HIGHEST GUST DIRECTION     S (200)
  AVERAGE WIND SPEED     8.1


SKY COVER
  AVERAGE SKY COVER 1.0


WEATHER CONDITIONS
 THE FOLLOWING WEATHER WAS RECORDED TODAY.
  LIGHT RAIN
  FOG
  HAZE


RELATIVE HUMIDITY (PERCENT)
 HIGHEST    86           300 AM
 LOWEST     72           300 PM
 AVERAGE    79

..........................................................


THE LAGUARDIA NY CLIMATE NORMALS FOR TOMORROW
                         NORMAL    RECORD    YEAR
 MAXIMUM TEMPERATURE (F)   42        69      1954
 MINIMUM TEMPERATURE (F)   29         2      1943


SUNRISE AND SUNSET
FEBRUARY 15 2018......SUNRISE   650 AM EST   SUNSET   530 PM EST
FEBRUARY 16 2018......SUNRISE   648 AM EST   SUNSET   532 PM EST


-  INDICATES NEGATIVE NUMBERS.
R  INDICATES RECORD WAS SET OR TIED.
MM INDICATES DATA IS MISSING.
T  INDICATES TRACE AMOUNT.




$$
