000
CDUS41 KOKX 090616
CLILGA


CLIMATE REPORT
NATIONAL WEATHER SERVICE NEW YORK NY
216 AM EDT TUE SEP 9 2014


...................................

...THE LAGUARDIA NY CLIMATE SUMMARY FOR SEPTEMBER 8 2014...

CLIMATE NORMAL PERIOD 1981 TO 2010
CLIMATE RECORD PERIOD 1945 TO 2014


WEATHER ITEM   OBSERVED TIME   RECORD YEAR NORMAL DEPARTURE LAST
                VALUE   (LST)  VALUE       VALUE  FROM      YEAR
                                                  NORMAL
..................................................................
TEMPERATURE (F)
 YESTERDAY
  MAXIMUM         77    146 PM  91    1945  79     -2       80
  MINIMUM         65    616 AM  54    1984  65      0       63
  AVERAGE         71                        72     -1       72

PRECIPITATION (IN)
  YESTERDAY        0.00          3.85 2004   0.12  -0.12      T
  MONTH TO DATE    0.21                      0.95  -0.74     0.99
  SINCE SEP 1      0.21                      0.95  -0.74     0.99
  SINCE JAN 1     35.27                     31.20   4.07    28.33

SNOWFALL (IN)
  YESTERDAY        0.0          MM      MM   0.0    0.0      0.0
  MONTH TO DATE    0.0                       0.0    0.0      0.0
  SINCE OCT 1     52.4                      26.9   25.5     22.2
  SINCE JUL 1      0.0                       0.0    0.0      0.0
  SNOW DEPTH       0

DEGREE DAYS
 HEATING
  YESTERDAY        0                         0      0        0
  MONTH TO DATE    0                         0      0        0
  SINCE SEP 1      0                         0      0        0
  SINCE JUL 1      0                         1     -1        0

 COOLING
  YESTERDAY        6                         7     -1        7
  MONTH TO DATE  110                        64     46       65
  SINCE SEP 1    110                        64     46       65
  SINCE JAN 1   1097                      1097      0     1284
..................................................................


WIND (MPH)
  HIGHEST WIND SPEED    18   HIGHEST WIND DIRECTION     E (90)
  HIGHEST GUST SPEED    23   HIGHEST GUST DIRECTION     E (90)
  AVERAGE WIND SPEED    12.0


SKY COVER
  AVERAGE SKY COVER 0.7


WEATHER CONDITIONS
 THE FOLLOWING WEATHER WAS RECORDED YESTERDAY.
  NO SIGNIFICANT WEATHER WAS OBSERVED.


RELATIVE HUMIDITY (PERCENT)
 HIGHEST    73           700 AM
 LOWEST     43           200 PM
 AVERAGE    58

..........................................................


THE LAGUARDIA NY CLIMATE NORMALS FOR TODAY
                         NORMAL    RECORD    YEAR
 MAXIMUM TEMPERATURE (F)   79        91      2002
                                             1971
                                             1964
 MINIMUM TEMPERATURE (F)   64        53      1956
                                             1949


SUNRISE AND SUNSET
SEPTEMBER  9 2014.....SUNRISE   630 AM EDT   SUNSET   715 PM EDT
SEPTEMBER 10 2014.....SUNRISE   631 AM EDT   SUNSET   713 PM EDT


-  INDICATES NEGATIVE NUMBERS.
R  INDICATES RECORD WAS SET OR TIED.
MM INDICATES DATA IS MISSING.
T  INDICATES TRACE AMOUNT.




$$
