000
CDUS41 KOKX 232035
CLILGA


CLIMATE REPORT
NATIONAL WEATHER SERVICE NEW YORK NY
435 PM EDT MON MAR 23 2015


...................................

...THE LAGUARDIA NY CLIMATE SUMMARY FOR MARCH 23 2015...
VALID TODAY AS OF 0400 PM LOCAL TIME.

CLIMATE NORMAL PERIOD 1981 TO 2010
CLIMATE RECORD PERIOD 1945 TO 2015


WEATHER ITEM   OBSERVED TIME   RECORD YEAR NORMAL DEPARTURE LAST
                VALUE   (LST)  VALUE       VALUE  FROM      YEAR
                                                  NORMAL
..................................................................
TEMPERATURE (F)
 TODAY
  MAXIMUM         37    259 PM  74    2012  52    -15       42
  MINIMUM         24    725 AM  20    1959  37    -13       27
  AVERAGE         31                        44    -13       35

PRECIPITATION (IN)
  TODAY            0.00          1.06 1961   0.14  -0.14     0.00
  MONTH TO DATE    3.83                      2.88   0.95     1.35
  SINCE MAR 1      3.83                      2.88   0.95     1.35
  SINCE JAN 1     10.91                      8.81   2.10     8.64

SNOWFALL (IN)
  TODAY            0.0           1.5  1961   0.1   -0.1      0.0
  MONTH TO DATE   17.3                       3.8   13.5      0.4
  SINCE OCT 1     53.8                      25.8   28.0     52.1
  SINCE JUL 1     53.8                      25.8   28.0     52.1
  SNOW DEPTH       0

DEGREE DAYS
 HEATING
  TODAY           34                        21     13       30
  MONTH TO DATE  638                       553     85      646
  SINCE MAR 1    638                       553     85      646
  SINCE JUL 1   4360                      3982    378     4303

 COOLING
  TODAY            0                         0      0        0
  MONTH TO DATE    0                         0      0        0
  SINCE MAR 1      0                         0      0        0
  SINCE JAN 1      0                         0      0        0
..................................................................


WIND (MPH)
  HIGHEST WIND SPEED    24   HIGHEST WIND DIRECTION    NW (320)
  HIGHEST GUST SPEED    30   HIGHEST GUST DIRECTION    NW (320)
  AVERAGE WIND SPEED    14.2


SKY COVER
  AVERAGE SKY COVER 0.2


WEATHER CONDITIONS
 THE FOLLOWING WEATHER WAS RECORDED TODAY.
  NO SIGNIFICANT WEATHER WAS OBSERVED.


RELATIVE HUMIDITY (PERCENT)
 HIGHEST    50           400 AM
 LOWEST     21           300 PM
 AVERAGE    36

..........................................................


THE LAGUARDIA NY CLIMATE NORMALS FOR TOMORROW
                         NORMAL    RECORD    YEAR
 MAXIMUM TEMPERATURE (F)   52        74      1988
 MINIMUM TEMPERATURE (F)   37        22      2014


SUNRISE AND SUNSET
MARCH 23 2015.........SUNRISE   655 AM EDT   SUNSET   711 PM EDT
MARCH 24 2015.........SUNRISE   653 AM EDT   SUNSET   712 PM EDT


-  INDICATES NEGATIVE NUMBERS.
R  INDICATES RECORD WAS SET OR TIED.
MM INDICATES DATA IS MISSING.
T  INDICATES TRACE AMOUNT.




$$
