000
CDUS41 KOKX 170616
CLILGA


CLIMATE REPORT
NATIONAL WEATHER SERVICE NEW YORK NY
216 AM EDT FRI MAR 17 2017


...................................

...THE LAGUARDIA NY CLIMATE SUMMARY FOR MARCH 16 2017...

CLIMATE NORMAL PERIOD 1981 TO 2010
CLIMATE RECORD PERIOD 1939 TO 2017


WEATHER ITEM   OBSERVED TIME   RECORD YEAR NORMAL DEPARTURE LAST
                VALUE   (LST)  VALUE       VALUE  FROM      YEAR
                                                  NORMAL
..................................................................
TEMPERATURE (F)
 YESTERDAY
  MAXIMUM         41    552 PM  77    1990  50     -9       65
  MINIMUM         27    717 AM  19    1992  34     -7       45
                                      1979
  AVERAGE         34                        42     -8       55

PRECIPITATION (IN)
  YESTERDAY        0.00          1.12 2007   0.13  -0.13     0.02
  MONTH TO DATE    1.55                      1.93  -0.38     0.50
  SINCE MAR 1      1.55                      1.93  -0.38     0.50
  SINCE JAN 1      7.55                      7.86  -0.31     9.03

SNOWFALL (IN)
  YESTERDAY        0.0           7.3  1956   0.1   -0.1      0.0
  MONTH TO DATE    9.8                       3.0    6.8      1.2
  SINCE OCT 1     33.2                      25.0    8.2     35.6
  SINCE JUL 1     33.2                      25.0    8.2     35.6
  SNOW DEPTH       6

DEGREE DAYS
 HEATING
  YESTERDAY       31                        23      8       10
  MONTH TO DATE  428                       401     27      263
  SINCE MAR 1    428                       401     27      263
  SINCE JUL 1   3115                      3830   -715     2925

 COOLING
  YESTERDAY        0                         0      0        0
  MONTH TO DATE    0                         0      0        5
  SINCE MAR 1      0                         0      0        5
  SINCE JAN 1      0                         0      0        5
..................................................................


WIND (MPH)
  HIGHEST WIND SPEED    28   HIGHEST WIND DIRECTION    NW (300)
  HIGHEST GUST SPEED    35   HIGHEST GUST DIRECTION     W (290)
  AVERAGE WIND SPEED    17.5


SKY COVER
  AVERAGE SKY COVER 0.4


WEATHER CONDITIONS
 THE FOLLOWING WEATHER WAS RECORDED YESTERDAY.
  HAZE


RELATIVE HUMIDITY (PERCENT)
 HIGHEST    53          1200 AM
 LOWEST     28           500 PM
 AVERAGE    41

..........................................................


THE LAGUARDIA NY CLIMATE NORMALS FOR TODAY
                         NORMAL    RECORD    YEAR
 MAXIMUM TEMPERATURE (F)   50        74      1945
 MINIMUM TEMPERATURE (F)   35        15      1967


SUNRISE AND SUNSET
MARCH 17 2017.........SUNRISE   704 AM EDT   SUNSET   705 PM EDT
MARCH 18 2017.........SUNRISE   702 AM EDT   SUNSET   706 PM EDT


-  INDICATES NEGATIVE NUMBERS.
R  INDICATES RECORD WAS SET OR TIED.
MM INDICATES DATA IS MISSING.
T  INDICATES TRACE AMOUNT.




$$
