000
CDUS41 KOKX 062033
CLILGA


CLIMATE REPORT
NATIONAL WEATHER SERVICE NEW YORK NY
433 PM EDT SUN APR 6 2014


...................................

...THE LAGUARDIA NY CLIMATE SUMMARY FOR APRIL 6 2014...
VALID TODAY AS OF 0400 PM LOCAL TIME.

CLIMATE NORMAL PERIOD 1981 TO 2010
CLIMATE RECORD PERIOD 1948 TO 2014


WEATHER ITEM   OBSERVED TIME   RECORD YEAR NORMAL DEPARTURE LAST
                VALUE   (LST)  VALUE       VALUE  FROM      YEAR
                                                  NORMAL
..................................................................
TEMPERATURE (F)
 TODAY
  MAXIMUM         57    259 PM  80    1947  57      0       52
  MINIMUM         37    654 AM  22    1982  41     -4       37
  AVERAGE         47                        49     -2       45

PRECIPITATION (IN)
  TODAY            0.00          2.45 1958   0.14  -0.14     0.00
  MONTH TO DATE    0.26                      0.84  -0.58     0.01
  SINCE MAR 1      3.92                      4.81  -0.89     2.44
  SINCE JAN 1     11.21                     10.74   0.47     8.28

SNOWFALL (IN)
  TODAY            0.0           8.2  1982   0.0    0.0      0.0
  MONTH TO DATE    0.0                       0.2   -0.2      0.0
  SINCE OCT 1     52.1                      26.6   25.5     22.2
  SINCE JUL 1     52.1                      26.6   25.5     22.2
  SNOW DEPTH       0

DEGREE DAYS
 HEATING
  TODAY           18                        16      2       20
  MONTH TO DATE  104                       101      3      119
  SINCE MAR 1    962                       808    154      871
  SINCE JUL 1   4619                      4237    382     4066

 COOLING
  TODAY            0                         0      0        0
  MONTH TO DATE    0                         0      0        0
  SINCE MAR 1      0                         0      0        0
  SINCE JAN 1      0                         0      0        0
..................................................................


WIND (MPH)
  HIGHEST WIND SPEED    21   HIGHEST WIND DIRECTION    NW (320)
  HIGHEST GUST SPEED    26   HIGHEST GUST DIRECTION    NW (310)
  AVERAGE WIND SPEED    10.0


SKY COVER
  AVERAGE SKY COVER 0.0


WEATHER CONDITIONS
 THE FOLLOWING WEATHER WAS RECORDED TODAY.
  NO SIGNIFICANT WEATHER WAS OBSERVED.


RELATIVE HUMIDITY (PERCENT)
 HIGHEST    52           500 AM
 LOWEST     19           200 PM
 AVERAGE    36

..........................................................


THE LAGUARDIA NY CLIMATE NORMALS FOR TOMORROW
                         NORMAL    RECORD    YEAR
 MAXIMUM TEMPERATURE (F)   58        91      2010
 MINIMUM TEMPERATURE (F)   42        22      1982


SUNRISE AND SUNSET
APRIL  6 2014.........SUNRISE   631 AM EDT   SUNSET   726 PM EDT
APRIL  7 2014.........SUNRISE   629 AM EDT   SUNSET   727 PM EDT


-  INDICATES NEGATIVE NUMBERS.
R  INDICATES RECORD WAS SET OR TIED.
MM INDICATES DATA IS MISSING.
T  INDICATES TRACE AMOUNT.




$$
