000
CDUS41 KOKX 082037
CLILGA


CLIMATE REPORT
NATIONAL WEATHER SERVICE NEW YORK NY
437 PM EDT FRI SEP 8 2017


...................................

...THE LAGUARDIA NY CLIMATE SUMMARY FOR SEPTEMBER 8 2017...
VALID TODAY AS OF 0400 PM LOCAL TIME.

CLIMATE NORMAL PERIOD 1981 TO 2010
CLIMATE RECORD PERIOD 1939 TO 2017


WEATHER ITEM   OBSERVED TIME   RECORD YEAR NORMAL DEPARTURE LAST
                VALUE   (LST)  VALUE       VALUE  FROM      YEAR
                                                  NORMAL
..................................................................
TEMPERATURE (F)
 TODAY
  MAXIMUM         73    256 PM  95    2015  79     -6       88
  MINIMUM         62    558 AM  54    1984  65     -3       73
  AVERAGE         68                        72     -4       81

PRECIPITATION (IN)
  TODAY            0.00          3.85 2004   0.12  -0.12     0.00
  MONTH TO DATE    1.63                      0.95   0.68     0.35
  SINCE SEP 1      1.63                      0.95   0.68     0.35
  SINCE JAN 1     34.62                     31.20   3.42    24.07

SNOWFALL (IN)
  TODAY            0.0          MM      MM   0.0    0.0      0.0
  MONTH TO DATE    0.0                       0.0    0.0      0.0
  SINCE OCT 1     33.2                      26.9    6.3     36.2
  SINCE JUL 1      0.0                       0.0    0.0      0.0
  SNOW DEPTH       0

DEGREE DAYS
 HEATING
  TODAY            0                         0      0        0
  MONTH TO DATE    4                         0      4        0
  SINCE SEP 1      4                         0      4        0
  SINCE JUL 1      4                         1      3        0

 COOLING
  TODAY            3                         7     -4       16
  MONTH TO DATE   31                        64    -33       93
  SINCE SEP 1     31                        64    -33       93
  SINCE JAN 1   1162                      1097     65     1510
..................................................................


WIND (MPH)
  HIGHEST WIND SPEED    20   HIGHEST WIND DIRECTION     W (270)
  HIGHEST GUST SPEED    23   HIGHEST GUST DIRECTION    NW (310)
  AVERAGE WIND SPEED    11.9


SKY COVER
  AVERAGE SKY COVER 0.3


WEATHER CONDITIONS
 THE FOLLOWING WEATHER WAS RECORDED TODAY.
  NO SIGNIFICANT WEATHER WAS OBSERVED.


RELATIVE HUMIDITY (PERCENT)
 HIGHEST    67           300 AM
 LOWEST     38           300 PM
 AVERAGE    53

..........................................................


THE LAGUARDIA NY CLIMATE NORMALS FOR TOMORROW
                         NORMAL    RECORD    YEAR
 MAXIMUM TEMPERATURE (F)   79        93      2016
 MINIMUM TEMPERATURE (F)   64        53      1956
                                             1949


SUNRISE AND SUNSET
SEPTEMBER  8 2017.....SUNRISE   630 AM EDT   SUNSET   716 PM EDT
SEPTEMBER  9 2017.....SUNRISE   631 AM EDT   SUNSET   714 PM EDT


-  INDICATES NEGATIVE NUMBERS.
R  INDICATES RECORD WAS SET OR TIED.
MM INDICATES DATA IS MISSING.
T  INDICATES TRACE AMOUNT.




$$
