000
CDUS41 KOKX 062150
CLILGA


CLIMATE REPORT
NATIONAL WEATHER SERVICE NEW YORK NY
450 PM EST FRI JAN 6 2017


...................................

...THE LAGUARDIA NY CLIMATE SUMMARY FOR JANUARY 6 2017...
VALID TODAY AS OF 0400 PM LOCAL TIME.

CLIMATE NORMAL PERIOD 1981 TO 2010
CLIMATE RECORD PERIOD 1939 TO 2017


WEATHER ITEM   OBSERVED TIME   RECORD YEAR NORMAL DEPARTURE LAST
                VALUE   (LST)  VALUE       VALUE  FROM      YEAR
                                                  NORMAL
..................................................................
TEMPERATURE (F)
 TODAY
  MAXIMUM         35    226 PM  72    2007  40     -5       43
  MINIMUM         29    742 AM   8    1996  27      2       26
  AVERAGE         32                        33     -1       35

PRECIPITATION (IN)
  TODAY            0.04          1.56 1962   0.11  -0.07     0.00
  MONTH TO DATE    0.67                      0.62   0.05     0.00
  SINCE DEC 1      3.62                      4.18  -0.56     4.33
  SINCE JAN 1      0.67                      0.62   0.05     0.00

SNOWFALL (IN)
  TODAY            1.3           6.4  1989   0.2    1.1      0.0
  MONTH TO DATE    1.3                       1.4   -0.1      0.0
  SINCE OCT 1      4.3                       6.9   -2.6       T
  SINCE JUL 1      4.3                       6.9   -2.6       T
  SNOW DEPTH       1

DEGREE DAYS
 HEATING
  TODAY           33                        32      1       30
  MONTH TO DATE  153                       188    -35      186
  SINCE DEC 1    911                      1019   -108      619
  SINCE JUL 1   1449                      1794   -345     1181

 COOLING
  TODAY            0                         0      0        0
  MONTH TO DATE    0                         0      0        0
  SINCE DEC 1      0                         0      0        1
  SINCE JAN 1      0                         0      0        0
..................................................................


WIND (MPH)
  HIGHEST WIND SPEED    15   HIGHEST WIND DIRECTION     W (290)
  HIGHEST GUST SPEED    18   HIGHEST GUST DIRECTION    NW (310)
  AVERAGE WIND SPEED     9.2


SKY COVER
  AVERAGE SKY COVER 0.9


WEATHER CONDITIONS
 THE FOLLOWING WEATHER WAS RECORDED TODAY.
  LIGHT SNOW
  FOG
  HAZE


RELATIVE HUMIDITY (PERCENT)
 HIGHEST    85           200 AM
 LOWEST     41           300 PM
 AVERAGE    63

..........................................................


THE LAGUARDIA NY CLIMATE NORMALS FOR TOMORROW
                         NORMAL    RECORD    YEAR
 MAXIMUM TEMPERATURE (F)   39        62      2012
                                             1946
 MINIMUM TEMPERATURE (F)   27         4      2014


SUNRISE AND SUNSET
JANUARY  6 2017.......SUNRISE   720 AM EST   SUNSET   444 PM EST
JANUARY  7 2017.......SUNRISE   720 AM EST   SUNSET   445 PM EST


-  INDICATES NEGATIVE NUMBERS.
R  INDICATES RECORD WAS SET OR TIED.
MM INDICATES DATA IS MISSING.
T  INDICATES TRACE AMOUNT.




$$
