000
CDUS41 KOKX 172032
CLILGA


CLIMATE REPORT
NATIONAL WEATHER SERVICE NEW YORK NY
431 PM EDT SUN MAY 17 2015


...................................

...THE LAGUARDIA NY CLIMATE SUMMARY FOR MAY 17 2015...
VALID TODAY AS OF 0400 PM LOCAL TIME.

CLIMATE NORMAL PERIOD 1981 TO 2010
CLIMATE RECORD PERIOD 1945 TO 2015


WEATHER ITEM   OBSERVED TIME   RECORD YEAR NORMAL DEPARTURE LAST
                VALUE   (LST)  VALUE       VALUE  FROM      YEAR
                                                  NORMAL
..................................................................
TEMPERATURE (F)
 TODAY
  MAXIMUM         83    242 PM  90    1974  72     11       70
  MINIMUM         61   1205 AM  38    1983  54      7       54
  AVERAGE         72                        63      9       62

PRECIPITATION (IN)
  TODAY            0.02          1.03 2011   0.12  -0.10      T
  MONTH TO DATE    0.30                      1.93  -1.63     3.27
  SINCE MAR 1      6.66                      9.90  -3.24    15.16
  SINCE JAN 1     13.74                     15.83  -2.09    22.45

SNOWFALL (IN)
  TODAY            0.0          MM      MM   0.0    0.0      0.0
  MONTH TO DATE    0.0                       0.0    0.0      0.0
  SINCE OCT 1     53.8                      26.9   26.9     52.4
  SINCE JUL 1     53.8                      26.9   26.9     52.4
  SNOW DEPTH       0

DEGREE DAYS
 HEATING
  TODAY            0                         4     -4        3
  MONTH TO DATE   33                        96    -63       55
  SINCE MAR 1   1211                      1181     30     1326
  SINCE JUL 1   4933                      4610    323     4983

 COOLING
  TODAY            7                         2      5        0
  MONTH TO DATE   46                        19     27       20
  SINCE MAR 1     48                        27     21       20
  SINCE JAN 1     48                        27     21       20
..................................................................


WIND (MPH)
  HIGHEST WIND SPEED     8   HIGHEST WIND DIRECTION     S (200)
  HIGHEST GUST SPEED    13   HIGHEST GUST DIRECTION     E (70)
  AVERAGE WIND SPEED     1.2


SKY COVER
  AVERAGE SKY COVER 0.9


WEATHER CONDITIONS
 THE FOLLOWING WEATHER WAS RECORDED TODAY.
  LIGHT RAIN
  FOG
  HAZE


RELATIVE HUMIDITY (PERCENT)
 HIGHEST    97          1200 AM
 LOWEST     47           300 PM
 AVERAGE    72

..........................................................


THE LAGUARDIA NY CLIMATE NORMALS FOR TOMORROW
                         NORMAL    RECORD    YEAR
 MAXIMUM TEMPERATURE (F)   72        86      1989
                                             1986
                                             1977
 MINIMUM TEMPERATURE (F)   54        44      2002
                                             1973


SUNRISE AND SUNSET
MAY 17 2015...........SUNRISE   537 AM EDT   SUNSET   808 PM EDT
MAY 18 2015...........SUNRISE   536 AM EDT   SUNSET   809 PM EDT


-  INDICATES NEGATIVE NUMBERS.
R  INDICATES RECORD WAS SET OR TIED.
MM INDICATES DATA IS MISSING.
T  INDICATES TRACE AMOUNT.




$$
