000
CDUS41 KOKX 130624
CLILGA


CLIMATE REPORT
NATIONAL WEATHER SERVICE NEW YORK NY
124 AM EST SAT DEC 13 2014


...................................

...THE LAGUARDIA NY CLIMATE SUMMARY FOR DECEMBER 12 2014...

CLIMATE NORMAL PERIOD 1981 TO 2010
CLIMATE RECORD PERIOD 1945 TO 2014


WEATHER ITEM   OBSERVED TIME   RECORD YEAR NORMAL DEPARTURE LAST
                VALUE   (LST)  VALUE       VALUE  FROM      YEAR
                                                  NORMAL
..................................................................
TEMPERATURE (F)
 YESTERDAY
  MAXIMUM         38    303 PM  62    1983  45     -7       30
  MINIMUM         32    844 AM   8    1988  33     -1       23
  AVERAGE         35                        39     -4       27

PRECIPITATION (IN)
  YESTERDAY        0.00          1.32 1967   0.12  -0.12     0.00
  MONTH TO DATE    4.95                      1.48   3.47     1.35
  SINCE DEC 1      4.95                      1.48   3.47     1.35
  SINCE JAN 1     49.06                     42.65   6.41    35.18

SNOWFALL (IN)
  YESTERDAY        0.0           7.5  1960   0.2   -0.2      0.0
  MONTH TO DATE    1.3                       1.3    0.0      1.8
  SINCE OCT 1      1.7                       1.6    0.1      2.0
  SINCE JUL 1      1.7                       1.6    0.1      2.0
  SNOW DEPTH       0

DEGREE DAYS
 HEATING
  YESTERDAY       30                        26      4       38
  MONTH TO DATE  303                       286     17      308
  SINCE DEC 1    303                       286     17      308
  SINCE JUL 1   1057                      1061     -4     1090

 COOLING
  YESTERDAY        0                         0      0        0
  MONTH TO DATE    0                         0      0        0
  SINCE DEC 1      0                         0      0        0
  SINCE JAN 1   1192                      1214    -22     1402
..................................................................


WIND (MPH)
  HIGHEST WIND SPEED    23   HIGHEST WIND DIRECTION    NW (310)
  HIGHEST GUST SPEED    30   HIGHEST GUST DIRECTION    NW (310)
  AVERAGE WIND SPEED    16.7


SKY COVER
  AVERAGE SKY COVER 0.8


WEATHER CONDITIONS
 THE FOLLOWING WEATHER WAS RECORDED YESTERDAY.
  NO SIGNIFICANT WEATHER WAS OBSERVED.


RELATIVE HUMIDITY (PERCENT)
 HIGHEST    64          1200 AM
 LOWEST     54           100 PM
 AVERAGE    59

..........................................................


THE LAGUARDIA NY CLIMATE NORMALS FOR TODAY
                         NORMAL    RECORD    YEAR
 MAXIMUM TEMPERATURE (F)   45        63      1946
 MINIMUM TEMPERATURE (F)   33         8      1960


SUNRISE AND SUNSET
DECEMBER 13 2014......SUNRISE   711 AM EST   SUNSET   428 PM EST
DECEMBER 14 2014......SUNRISE   712 AM EST   SUNSET   429 PM EST


-  INDICATES NEGATIVE NUMBERS.
R  INDICATES RECORD WAS SET OR TIED.
MM INDICATES DATA IS MISSING.
T  INDICATES TRACE AMOUNT.




$$
