000
CDUS41 KOKX 132034
CLILGA


CLIMATE REPORT
NATIONAL WEATHER SERVICE NEW YORK NY
434 PM EDT TUE SEP 13 2016


...................................

...THE LAGUARDIA NY CLIMATE SUMMARY FOR SEPTEMBER 13 2016...
VALID TODAY AS OF 0400 PM LOCAL TIME.

CLIMATE NORMAL PERIOD 1981 TO 2010
CLIMATE RECORD PERIOD 1939 TO 2016


WEATHER ITEM   OBSERVED TIME   RECORD YEAR NORMAL DEPARTURE LAST
                VALUE   (LST)  VALUE       VALUE  FROM      YEAR
                                                  NORMAL
..................................................................
TEMPERATURE (F)
 TODAY
  MAXIMUM         82    116 PM  93    1952  77      5       79
  MINIMUM         68    615 AM  50    1985  63      5       62
                                      1963
  AVERAGE         75                        70      5       71

PRECIPITATION (IN)
  TODAY            0.00          2.93 1944   0.12  -0.12     0.05
  MONTH TO DATE    0.40                      1.54  -1.14     1.40
  SINCE SEP 1      0.40                      1.54  -1.14     1.40
  SINCE JAN 1     24.12                     31.79  -7.67    26.67

SNOWFALL (IN)
  TODAY            0.0          MM      MM   0.0    0.0      0.0
  MONTH TO DATE    0.0                       0.0    0.0      0.0
  SINCE OCT 1     36.2                      26.9    9.3     53.8
  SINCE JUL 1      0.0                       0.0    0.0      0.0
  SNOW DEPTH       0

DEGREE DAYS
 HEATING
  TODAY            0                         1     -1        0
  MONTH TO DATE    0                         2     -2        0
  SINCE SEP 1      0                         2     -2        0
  SINCE JUL 1      0                         3     -3        0

 COOLING
  TODAY           10                         6      4        6
  MONTH TO DATE  160                        96     64      176
  SINCE SEP 1    160                        96     64      176
  SINCE JAN 1   1577                      1129    448     1425
..................................................................


WIND (MPH)
  HIGHEST WIND SPEED    18   HIGHEST WIND DIRECTION     S (180)
  HIGHEST GUST SPEED    22   HIGHEST GUST DIRECTION     S (180)
  AVERAGE WIND SPEED     8.0


SKY COVER
  AVERAGE SKY COVER 0.1


WEATHER CONDITIONS
 THE FOLLOWING WEATHER WAS RECORDED TODAY.
  NO SIGNIFICANT WEATHER WAS OBSERVED.


RELATIVE HUMIDITY (PERCENT)
 HIGHEST    73           300 AM
 LOWEST     45          1200 PM
 AVERAGE    59

..........................................................


THE LAGUARDIA NY CLIMATE NORMALS FOR TOMORROW
                         NORMAL    RECORD    YEAR
 MAXIMUM TEMPERATURE (F)   77        89      2008
                                             1995
 MINIMUM TEMPERATURE (F)   63        48      1975


SUNRISE AND SUNSET
SEPTEMBER 13 2016.....SUNRISE   635 AM EDT   SUNSET   707 PM EDT
SEPTEMBER 14 2016.....SUNRISE   636 AM EDT   SUNSET   705 PM EDT


-  INDICATES NEGATIVE NUMBERS.
R  INDICATES RECORD WAS SET OR TIED.
MM INDICATES DATA IS MISSING.
T  INDICATES TRACE AMOUNT.




$$
