393
CDUS41 KOKX 202041
CLILGA


CLIMATE REPORT
NATIONAL WEATHER SERVICE NEW YORK NY
441 PM EDT SAT MAY 20 2017


...................................

...THE LAGUARDIA NY CLIMATE SUMMARY FOR MAY 20 2017...
VALID TODAY AS OF 0400 PM LOCAL TIME.

CLIMATE NORMAL PERIOD 1981 TO 2010
CLIMATE RECORD PERIOD 1939 TO 2017


WEATHER ITEM   OBSERVED TIME   RECORD YEAR NORMAL DEPARTURE LAST
                VALUE   (LST)  VALUE       VALUE  FROM      YEAR
                                                  NORMAL
..................................................................
TEMPERATURE (F)
 TODAY
  MAXIMUM         68   1202 AM  97    1996  72     -4       78
  MINIMUM         61    647 AM  44    2002  55      6       57
  AVERAGE         65                        64      1       68

PRECIPITATION (IN)
  TODAY            0.01          1.79 1972   0.12  -0.11     0.00
  MONTH TO DATE    4.09                      2.29   1.80     1.93
  SINCE MAR 1     12.87                     10.26   2.61     4.85
  SINCE JAN 1     18.87                     16.19   2.68    13.38

SNOWFALL (IN)
  TODAY            0.0          MM      MM   0.0    0.0      0.0
  MONTH TO DATE    0.0                       0.0    0.0      0.0
  SINCE OCT 1     33.2                      26.9    6.3     36.2
  SINCE JUL 1     33.2                      26.9    6.3     36.2
  SNOW DEPTH       0

DEGREE DAYS
 HEATING
  TODAY            0                         3     -3        0
  MONTH TO DATE   94                       107    -13      136
  SINCE MAR 1   1075                      1192   -117      985
  SINCE JUL 1   3762                      4621   -859     3647

 COOLING
  TODAY            0                         2     -2        3
  MONTH TO DATE   67                        25     42        6
  SINCE MAR 1     98                        33     65       19
  SINCE JAN 1     98                        33     65       19
..................................................................


WIND (MPH)
  HIGHEST WIND SPEED    22   HIGHEST WIND DIRECTION    NE (50)
  HIGHEST GUST SPEED    27   HIGHEST GUST DIRECTION    NE (50)
  AVERAGE WIND SPEED    11.9


SKY COVER
  AVERAGE SKY COVER 0.9


WEATHER CONDITIONS
 THE FOLLOWING WEATHER WAS RECORDED TODAY.
  LIGHT RAIN


RELATIVE HUMIDITY (PERCENT)
 HIGHEST    60           400 AM
 LOWEST     37           100 PM
 AVERAGE    49

..........................................................


THE LAGUARDIA NY CLIMATE NORMALS FOR TOMORROW
                         NORMAL    RECORD    YEAR
 MAXIMUM TEMPERATURE (F)   73        93      1996
 MINIMUM TEMPERATURE (F)   55        45      2002


SUNRISE AND SUNSET
MAY 20 2017...........SUNRISE   534 AM EDT   SUNSET   811 PM EDT
MAY 21 2017...........SUNRISE   533 AM EDT   SUNSET   812 PM EDT


-  INDICATES NEGATIVE NUMBERS.
R  INDICATES RECORD WAS SET OR TIED.
MM INDICATES DATA IS MISSING.
T  INDICATES TRACE AMOUNT.




$$
