000
CDUS41 KOKX 080622
CLILGA


CLIMATE REPORT
NATIONAL WEATHER SERVICE NEW YORK NY
222 AM EDT SAT APR 8 2017


...................................

...THE LAGUARDIA NY CLIMATE SUMMARY FOR APRIL 7 2017...

CLIMATE NORMAL PERIOD 1981 TO 2010
CLIMATE RECORD PERIOD 1939 TO 2017


WEATHER ITEM   OBSERVED TIME   RECORD YEAR NORMAL DEPARTURE LAST
                VALUE   (LST)  VALUE       VALUE  FROM      YEAR
                                                  NORMAL
..................................................................
TEMPERATURE (F)
 YESTERDAY
  MAXIMUM         53    114 AM  91    2010  58     -5       60
  MINIMUM         43   1159 PM  22    1982  42      1       47
  AVERAGE         48                        50     -2       54

PRECIPITATION (IN)
  YESTERDAY        T             2.00 1953   0.13  -0.13     0.15
  MONTH TO DATE    2.49                      0.97   1.52     0.90
  SINCE MAR 1      7.18                      4.94   2.24     2.16
  SINCE JAN 1     13.18                     10.87   2.31    10.69

SNOWFALL (IN)
  YESTERDAY        0.0           5.6  2003   0.0    0.0      0.0
  MONTH TO DATE    0.0                       0.2   -0.2       T
  SINCE OCT 1     33.2                      26.6    6.6     36.2
  SINCE JUL 1     33.2                      26.6    6.6     36.2
  SNOW DEPTH       0

DEGREE DAYS
 HEATING
  YESTERDAY       17                        15      2       11
  MONTH TO DATE  101                       116    -15      125
  SINCE MAR 1    836                       823     13      620
  SINCE JUL 1   3523                      4252   -729     3282

 COOLING
  YESTERDAY        0                         0      0        0
  MONTH TO DATE    0                         0      0        3
  SINCE MAR 1      0                         0      0        8
  SINCE JAN 1      0                         0      0        8
..................................................................


WIND (MPH)
  HIGHEST WIND SPEED    32   HIGHEST WIND DIRECTION    NW (300)
  HIGHEST GUST SPEED    42   HIGHEST GUST DIRECTION    NW (300)
  AVERAGE WIND SPEED    16.8


SKY COVER
  AVERAGE SKY COVER 0.8


WEATHER CONDITIONS
 THE FOLLOWING WEATHER WAS RECORDED YESTERDAY.
  LIGHT RAIN


RELATIVE HUMIDITY (PERCENT)
 HIGHEST    71          1200 AM
 LOWEST     42           500 PM
 AVERAGE    57

..........................................................


THE LAGUARDIA NY CLIMATE NORMALS FOR TODAY
                         NORMAL    RECORD    YEAR
 MAXIMUM TEMPERATURE (F)   58        89      1991
 MINIMUM TEMPERATURE (F)   42        25      1982
                                             1972


SUNRISE AND SUNSET
APRIL  8 2017.........SUNRISE   627 AM EDT   SUNSET   728 PM EDT
APRIL  9 2017.........SUNRISE   626 AM EDT   SUNSET   729 PM EDT


-  INDICATES NEGATIVE NUMBERS.
R  INDICATES RECORD WAS SET OR TIED.
MM INDICATES DATA IS MISSING.
T  INDICATES TRACE AMOUNT.




$$
