000
CDUS41 KOKX 200709
CLILGA


CLIMATE REPORT
NATIONAL WEATHER SERVICE NEW YORK NY
209 AM EST SUN NOV 20 2016


...................................

...THE LAGUARDIA NY CLIMATE SUMMARY FOR NOVEMBER 19 2016...

CLIMATE NORMAL PERIOD 1981 TO 2010
CLIMATE RECORD PERIOD 1939 TO 2016


WEATHER ITEM   OBSERVED TIME   RECORD YEAR NORMAL DEPARTURE LAST
                VALUE   (LST)  VALUE       VALUE  FROM      YEAR
                                                  NORMAL
..................................................................
TEMPERATURE (F)
 YESTERDAY
  MAXIMUM         62    148 PM  70    1953  54      8       64
  MINIMUM         42   1159 PM  22    2014  41      1       55
  AVERAGE         52                        47      5       60

PRECIPITATION (IN)
  YESTERDAY        0.18          1.62 2003   0.12   0.06     1.16
  MONTH TO DATE    1.81                      2.10  -0.29     1.67
  SINCE SEP 1      9.16                      9.61  -0.45     7.57
  SINCE JAN 1     32.88                     39.86  -6.98    32.84

SNOWFALL (IN)
  YESTERDAY        0.0           0.6  1955   0.1   -0.1      0.0
  MONTH TO DATE    0.0                       0.1   -0.1      0.0
  SINCE OCT 1      0.0                       0.1   -0.1      0.0
  SINCE JUL 1      0.0                       0.1   -0.1      0.0
  SNOW DEPTH       0

DEGREE DAYS
 HEATING
  YESTERDAY       13                        18     -5        5
  MONTH TO DATE  179                       286   -107      157
  SINCE SEP 1    344                       557   -213      371
  SINCE JUL 1    344                       558   -214      371

 COOLING
  YESTERDAY        0                         0      0        0
  MONTH TO DATE    2                         0      2        5
  SINCE SEP 1    328                       180    148      305
  SINCE JAN 1   1745                      1213    532     1554
..................................................................


WIND (MPH)
  HIGHEST WIND SPEED    31   HIGHEST WIND DIRECTION     W (290)
  HIGHEST GUST SPEED    41   HIGHEST GUST DIRECTION     W (270)
  AVERAGE WIND SPEED     8.3


SKY COVER
  AVERAGE SKY COVER 0.4


WEATHER CONDITIONS
 THE FOLLOWING WEATHER WAS RECORDED YESTERDAY.
  HEAVY RAIN
  LIGHT RAIN
  FOG


RELATIVE HUMIDITY (PERCENT)
 HIGHEST    83           700 PM
 LOWEST     55          1200 AM
 AVERAGE    69

..........................................................


THE LAGUARDIA NY CLIMATE NORMALS FOR TODAY
                         NORMAL    RECORD    YEAR
 MAXIMUM TEMPERATURE (F)   53        75      1985
 MINIMUM TEMPERATURE (F)   41        23      1984


SUNRISE AND SUNSET
NOVEMBER 20 2016......SUNRISE   649 AM EST   SUNSET   433 PM EST
NOVEMBER 21 2016......SUNRISE   650 AM EST   SUNSET   433 PM EST


-  INDICATES NEGATIVE NUMBERS.
R  INDICATES RECORD WAS SET OR TIED.
MM INDICATES DATA IS MISSING.
T  INDICATES TRACE AMOUNT.




$$
