000
CDUS41 KOKX 142038
CLILGA


CLIMATE REPORT
NATIONAL WEATHER SERVICE NEW YORK NY
438 PM EDT SAT MAY 14 2016


...................................

...THE LAGUARDIA NY CLIMATE SUMMARY FOR MAY 14 2016...
VALID TODAY AS OF 0400 PM LOCAL TIME.

CLIMATE NORMAL PERIOD 1981 TO 2010
CLIMATE RECORD PERIOD 1945 TO 2016


WEATHER ITEM   OBSERVED TIME   RECORD YEAR NORMAL DEPARTURE LAST
                VALUE   (LST)  VALUE       VALUE  FROM      YEAR
                                                  NORMAL
..................................................................
TEMPERATURE (F)
 TODAY
  MAXIMUM         73   1128 AM  84    1991  71      2       72
  MINIMUM         49    205 AM  45    2013  53     -4       52
                                      1987
                                      1947
  AVERAGE         61                        62     -1       62

PRECIPITATION (IN)
  TODAY            0.00          2.82 1978   0.11  -0.11     0.00
  MONTH TO DATE    1.93                      1.58   0.35     0.01
  SINCE MAR 1      4.85                      9.55  -4.70     6.37
  SINCE JAN 1     13.38                     15.48  -2.10    13.45

SNOWFALL (IN)
  TODAY            0.0          MM      MM   0.0    0.0      0.0
  MONTH TO DATE    0.0                       0.0    0.0      0.0
  SINCE OCT 1     36.2                      26.9    9.3     53.8
  SINCE JUL 1     36.2                      26.9    9.3     53.8
  SNOW DEPTH       0

DEGREE DAYS
 HEATING
  TODAY            4                         4      0        3
  MONTH TO DATE  112                        84     28       33
  SINCE MAR 1    961                      1169   -208     1211
  SINCE JUL 1   3623                      4598   -975     4933

 COOLING
  TODAY            0                         1     -1        0
  MONTH TO DATE    2                        14    -12       38
  SINCE MAR 1     15                        22     -7       40
  SINCE JAN 1     15                        22     -7       40
..................................................................


WIND (MPH)
  HIGHEST WIND SPEED    22   HIGHEST WIND DIRECTION     S (160)
  HIGHEST GUST SPEED    26   HIGHEST GUST DIRECTION     S (160)
  AVERAGE WIND SPEED     7.3


SKY COVER
  AVERAGE SKY COVER 0.4


WEATHER CONDITIONS
 THE FOLLOWING WEATHER WAS RECORDED TODAY.
  NO SIGNIFICANT WEATHER WAS OBSERVED.


RELATIVE HUMIDITY (PERCENT)
 HIGHEST    93          1200 AM
 LOWEST     34           200 AM
 AVERAGE    64

..........................................................


THE LAGUARDIA NY CLIMATE NORMALS FOR TOMORROW
                         NORMAL    RECORD    YEAR
 MAXIMUM TEMPERATURE (F)   71        89      2004
 MINIMUM TEMPERATURE (F)   54        43      1947


SUNRISE AND SUNSET
MAY 14 2016...........SUNRISE   539 AM EDT   SUNSET   806 PM EDT
MAY 15 2016...........SUNRISE   538 AM EDT   SUNSET   806 PM EDT


-  INDICATES NEGATIVE NUMBERS.
R  INDICATES RECORD WAS SET OR TIED.
MM INDICATES DATA IS MISSING.
T  INDICATES TRACE AMOUNT.




$$
