000
CDUS41 KOKX 250624
CLILGA


CLIMATE REPORT
NATIONAL WEATHER SERVICE NEW YORK NY
223 AM EDT TUE AUG 25 2015


...................................

...THE LAGUARDIA NY CLIMATE SUMMARY FOR AUGUST 24 2015...

CLIMATE NORMAL PERIOD 1981 TO 2010
CLIMATE RECORD PERIOD 1945 TO 2015


WEATHER ITEM   OBSERVED TIME   RECORD YEAR NORMAL DEPARTURE LAST
                VALUE   (LST)  VALUE       VALUE  FROM      YEAR
                                                  NORMAL
..................................................................
TEMPERATURE (F)
 YESTERDAY
  MAXIMUM         86    309 PM  93    1998  83      3       80
  MINIMUM         73    523 AM  55    1971  68      5       65
                                      1940
  AVERAGE         80                        75      5       73

PRECIPITATION (IN)
  YESTERDAY        0.00          1.40 1975   0.13  -0.13     0.00
  MONTH TO DATE    1.80                      3.31  -1.51     2.71
  SINCE JUN 1     10.14                     11.75  -1.61    10.39
  SINCE JAN 1     25.19                     29.44  -4.25    34.27

SNOWFALL (IN)
  YESTERDAY        0.0          MM      MM   0.0    0.0      0.0
  MONTH TO DATE    0.0                       0.0    0.0      0.0
  SINCE OCT 1     53.8                      26.9   26.9     52.4
  SINCE JUL 1      0.0                       0.0    0.0      0.0
  SNOW DEPTH       0

DEGREE DAYS
 HEATING
  YESTERDAY        0                         0      0        0
  MONTH TO DATE    0                         0      0        0
  SINCE JUN 1     34                        16     18        0
  SINCE JUL 1      0                         0      0        0

 COOLING
  YESTERDAY       15                        10      5        8
  MONTH TO DATE  353                       283     70      240
  SINCE JUN 1   1028                       899    129      854
  SINCE JAN 1   1150                       965    185      904
..................................................................


WIND (MPH)
  HIGHEST WIND SPEED    16   HIGHEST WIND DIRECTION     S (180)
  HIGHEST GUST SPEED    21   HIGHEST GUST DIRECTION     S (180)
  AVERAGE WIND SPEED     7.1


SKY COVER
  AVERAGE SKY COVER 0.6


WEATHER CONDITIONS
 THE FOLLOWING WEATHER WAS RECORDED YESTERDAY.
  NO SIGNIFICANT WEATHER WAS OBSERVED.


RELATIVE HUMIDITY (PERCENT)
 HIGHEST    82          1200 AM
 LOWEST     40           100 PM
 AVERAGE    61

..........................................................


THE LAGUARDIA NY CLIMATE NORMALS FOR TODAY
                         NORMAL    RECORD    YEAR
 MAXIMUM TEMPERATURE (F)   83        96      1948
 MINIMUM TEMPERATURE (F)   68        53      1940


SUNRISE AND SUNSET
AUGUST 25 2015........SUNRISE   615 AM EDT   SUNSET   739 PM EDT
AUGUST 26 2015........SUNRISE   616 AM EDT   SUNSET   738 PM EDT


-  INDICATES NEGATIVE NUMBERS.
R  INDICATES RECORD WAS SET OR TIED.
MM INDICATES DATA IS MISSING.
T  INDICATES TRACE AMOUNT.




$$
