000
CDUS41 KOKX 192134
CLILGA


CLIMATE REPORT
NATIONAL WEATHER SERVICE NEW YORK NY
434 PM EST MON JAN 19 2015


...................................

...THE LAGUARDIA NY CLIMATE SUMMARY FOR JANUARY 19 2015...
VALID TODAY AS OF 0400 PM LOCAL TIME.

CLIMATE NORMAL PERIOD 1981 TO 2010
CLIMATE RECORD PERIOD 1945 TO 2015


WEATHER ITEM   OBSERVED TIME   RECORD YEAR NORMAL DEPARTURE LAST
                VALUE   (LST)  VALUE       VALUE  FROM      YEAR
                                                  NORMAL
..................................................................
TEMPERATURE (F)
 TODAY
  MAXIMUM         42   1239 PM  64    1951  39      3       38
  MINIMUM         37    846 AM  -3    1994  26     11       25
  AVERAGE         40                        33      7       32

PRECIPITATION (IN)
  TODAY            0.00          0.76 2001   0.10  -0.10     0.00
  MONTH TO DATE    3.52                      1.98   1.54     2.04
  SINCE DEC 1      9.72                      5.54   4.18     6.50
  SINCE JAN 1      3.52                      1.98   1.54     2.04

SNOWFALL (IN)
  TODAY            0.0           5.6  1961   0.2   -0.2      0.0
  MONTH TO DATE    2.8                       4.5   -1.7      8.0
  SINCE OCT 1      4.5                      10.0   -5.5     15.8
  SINCE JUL 1      4.5                      10.0   -5.5     15.8
  SNOW DEPTH       0

DEGREE DAYS
 HEATING
  TODAY           25                        32     -7       33
  MONTH TO DATE  664                       604     60      615
  SINCE DEC 1   1413                      1435    -22     1440
  SINCE JUL 1   2167                      2210    -43     2222

 COOLING
  TODAY            0                         0      0        0
  MONTH TO DATE    0                         0      0        0
  SINCE DEC 1      0                         0      0        0
  SINCE JAN 1      0                         0      0        0
..................................................................


WIND (MPH)
  HIGHEST WIND SPEED    28   HIGHEST WIND DIRECTION    NW (310)
  HIGHEST GUST SPEED    37   HIGHEST GUST DIRECTION    NW (300)
  AVERAGE WIND SPEED    16.1


SKY COVER
  AVERAGE SKY COVER 0.6


WEATHER CONDITIONS
 THE FOLLOWING WEATHER WAS RECORDED TODAY.
  NO SIGNIFICANT WEATHER WAS OBSERVED.


RELATIVE HUMIDITY (PERCENT)
 HIGHEST    82           200 AM
 LOWEST     44           400 PM
 AVERAGE    63

..........................................................


THE LAGUARDIA NY CLIMATE NORMALS FOR TOMORROW
                         NORMAL    RECORD    YEAR
 MAXIMUM TEMPERATURE (F)   39        61      2006
                                             1951
 MINIMUM TEMPERATURE (F)   26         0      1994


SUNRISE AND SUNSET
JANUARY 19 2015.......SUNRISE   716 AM EST   SUNSET   457 PM EST
JANUARY 20 2015.......SUNRISE   715 AM EST   SUNSET   458 PM EST


-  INDICATES NEGATIVE NUMBERS.
R  INDICATES RECORD WAS SET OR TIED.
MM INDICATES DATA IS MISSING.
T  INDICATES TRACE AMOUNT.




$$
