000
CDUS41 KOKX 080619
CLILGA


CLIMATE REPORT
NATIONAL WEATHER SERVICE NEW YORK NY
219 AM EDT THU JUN 8 2017


...................................

...THE LAGUARDIA NY CLIMATE SUMMARY FOR JUNE 7 2017...

CLIMATE NORMAL PERIOD 1981 TO 2010
CLIMATE RECORD PERIOD 1939 TO 2017


WEATHER ITEM   OBSERVED TIME   RECORD YEAR NORMAL DEPARTURE LAST
                VALUE   (LST)  VALUE       VALUE  FROM      YEAR
                                                  NORMAL
..................................................................
TEMPERATURE (F)
 YESTERDAY
  MAXIMUM         70    335 PM  97    1999  78     -8       87
  MINIMUM         52   1237 AM  50    2000  61     -9       66
  AVERAGE         61                        70     -9       77

PRECIPITATION (IN)
  YESTERDAY        0.00          3.33 2013   0.14  -0.14     0.01
  MONTH TO DATE    0.09                      0.98  -0.89     0.97
  SINCE JUN 1      0.09                      0.98  -0.89     0.97
  SINCE JAN 1     20.86                     18.67   2.19    16.34

SNOWFALL (IN)
  YESTERDAY        0.0          MM      MM   0.0    0.0      0.0
  MONTH TO DATE    0.0                       0.0    0.0      0.0
  SINCE OCT 1     33.2                      26.9    6.3     36.2
  SINCE JUL 1     33.2                      26.9    6.3     36.2
  SNOW DEPTH       0

DEGREE DAYS
 HEATING
  YESTERDAY        4                         1      3        0
  MONTH TO DATE   15                         9      6        0
  SINCE JUN 1     15                         9      6        0
  SINCE JUL 1   3805                      4657   -852     3652

 COOLING
  YESTERDAY        0                         6     -6       12
  MONTH TO DATE   13                        35    -22       56
  SINCE JUN 1     13                        35    -22       56
  SINCE JAN 1    118                       101     17      175
..................................................................


WIND (MPH)
  HIGHEST WIND SPEED    14   HIGHEST WIND DIRECTION    NE (30)
  HIGHEST GUST SPEED    19   HIGHEST GUST DIRECTION    NE (60)
  AVERAGE WIND SPEED     6.9


SKY COVER
  AVERAGE SKY COVER 0.6


WEATHER CONDITIONS
 THE FOLLOWING WEATHER WAS RECORDED YESTERDAY.
  NO SIGNIFICANT WEATHER WAS OBSERVED.


RELATIVE HUMIDITY (PERCENT)
 HIGHEST    77          1200 AM
 LOWEST     42           400 PM
 AVERAGE    60

..........................................................


THE LAGUARDIA NY CLIMATE NORMALS FOR TODAY
                         NORMAL    RECORD    YEAR
 MAXIMUM TEMPERATURE (F)   79        97      2011
 MINIMUM TEMPERATURE (F)   62        50      1977


SUNRISE AND SUNSET
JUNE  8 2017..........SUNRISE   524 AM EDT   SUNSET   825 PM EDT
JUNE  9 2017..........SUNRISE   524 AM EDT   SUNSET   826 PM EDT


-  INDICATES NEGATIVE NUMBERS.
R  INDICATES RECORD WAS SET OR TIED.
MM INDICATES DATA IS MISSING.
T  INDICATES TRACE AMOUNT.




$$
