978
CDUS41 KOKX 301527
CLILGA


CLIMATE REPORT
NATIONAL WEATHER SERVICE NEW YORK NY
1027 AM EST SAT JAN 30 2016


...................................

...THE LAGUARDIA NY CLIMATE SUMMARY FOR JANUARY 29 2016...

CLIMATE NORMAL PERIOD 1981 TO 2010
CLIMATE RECORD PERIOD 1945 TO 2016


WEATHER ITEM   OBSERVED TIME   RECORD YEAR NORMAL DEPARTURE LAST
                VALUE   (LST)  VALUE       VALUE  FROM      YEAR
                                                  NORMAL
..................................................................
TEMPERATURE (F)
 YESTERDAY
  MAXIMUM         42    334 PM  68    2002  40      2       36
  MINIMUM         32   1159 PM   2    1977  27      5       21
  AVERAGE         37                        33      4       29

PRECIPITATION (IN)
  YESTERDAY        0.00          0.80 1973   0.11  -0.11     0.03
  MONTH TO DATE    4.17                      2.97   1.20     4.83
  SINCE DEC 1      8.50                      6.53   1.97    11.03
  SINCE JAN 1      4.17                      2.97   1.20     4.83

SNOWFALL (IN)
  YESTERDAY        0.0           0.9  1973   0.2   -0.2      0.3
                                      1966
  MONTH TO DATE   28.8                       6.8   22.0     18.2
  SINCE OCT 1     28.8                      12.3   16.5     19.9
  SINCE JUL 1     28.8                      12.3   16.5     19.9
  SNOW DEPTH       4

DEGREE DAYS
 HEATING
  YESTERDAY       28                        32     -4       36
  MONTH TO DATE  854                       924    -70     1002
  SINCE DEC 1   1287                      1755   -468     1751
  SINCE JUL 1   1849                      2530   -681     2505

 COOLING
  YESTERDAY        0                         0      0        0
  MONTH TO DATE    0                         0      0        0
  SINCE DEC 1      1                         0      1        0
  SINCE JAN 1      0                         0      0        0
..................................................................


WIND (MPH)
  HIGHEST WIND SPEED    29   HIGHEST WIND DIRECTION    NW (310)
  HIGHEST GUST SPEED    41   HIGHEST GUST DIRECTION    NW (300)
  AVERAGE WIND SPEED    12.7


SKY COVER
  AVERAGE SKY COVER 0.8


WEATHER CONDITIONS
 THE FOLLOWING WEATHER WAS RECORDED YESTERDAY.
  NO SIGNIFICANT WEATHER WAS OBSERVED.


RELATIVE HUMIDITY (PERCENT)
 HIGHEST    60           100 PM
 LOWEST     48           500 PM
 AVERAGE    54

..........................................................


THE LAGUARDIA NY CLIMATE NORMALS FOR TODAY
                         NORMAL    RECORD    YEAR
 MAXIMUM TEMPERATURE (F)   40        63      2006
 MINIMUM TEMPERATURE (F)   27         4      1948


SUNRISE AND SUNSET
JANUARY 30 2016.......SUNRISE   708 AM EST   SUNSET   510 PM EST
JANUARY 31 2016.......SUNRISE   707 AM EST   SUNSET   511 PM EST


-  INDICATES NEGATIVE NUMBERS.
R  INDICATES RECORD WAS SET OR TIED.
MM INDICATES DATA IS MISSING.
T  INDICATES TRACE AMOUNT.




$$
