000
CDUS41 KOKX 050616
CLILGA


CLIMATE REPORT
NATIONAL WEATHER SERVICE NEW YORK NY
216 AM EDT SAT APR 5 2014


...................................

...THE LAGUARDIA NY CLIMATE SUMMARY FOR APRIL 4 2014...

CLIMATE NORMAL PERIOD 1981 TO 2010
CLIMATE RECORD PERIOD 1948 TO 2014


WEATHER ITEM   OBSERVED TIME   RECORD YEAR NORMAL DEPARTURE LAST
                VALUE   (LST)  VALUE       VALUE  FROM      YEAR
                                                  NORMAL
..................................................................
TEMPERATURE (F)
 YESTERDAY
  MAXIMUM         47    942 AM  76    2010  57    -10       50
  MINIMUM         39   1159 PM  24    1954  41     -2       35
  AVERAGE         43                        48     -5       43

PRECIPITATION (IN)
  YESTERDAY        0.19          1.74 1987   0.14   0.05     0.00
  MONTH TO DATE    0.26                      0.56  -0.30     0.01
  SINCE MAR 1      3.92                      4.53  -0.61     2.44
  SINCE JAN 1     11.21                     10.46   0.75     8.28

SNOWFALL (IN)
  YESTERDAY        0.0           5.4  1957   0.1   -0.1      0.0
  MONTH TO DATE    0.0                       0.2   -0.2      0.0
  SINCE OCT 1     52.1                      26.6   25.5     22.2
  SINCE JUL 1     52.1                      26.6   25.5     22.2
  SNOW DEPTH       0

DEGREE DAYS
 HEATING
  YESTERDAY       22                        17      5       22
  MONTH TO DATE   68                        69     -1       86
  SINCE MAR 1    926                       776    150      838
  SINCE JUL 1   4583                      4205    378     4033

 COOLING
  YESTERDAY        0                         0      0        0
  MONTH TO DATE    0                         0      0        0
  SINCE MAR 1      0                         0      0        0
  SINCE JAN 1      0                         0      0        0
..................................................................


WIND (MPH)
  HIGHEST WIND SPEED    22   HIGHEST WIND DIRECTION    NE (50)
  HIGHEST GUST SPEED    28   HIGHEST GUST DIRECTION     E (80)
  AVERAGE WIND SPEED    13.2


SKY COVER
  AVERAGE SKY COVER 1.0


WEATHER CONDITIONS
 THE FOLLOWING WEATHER WAS RECORDED YESTERDAY.
  HEAVY RAIN
  LIGHT RAIN
  FOG
  HAZE


RELATIVE HUMIDITY (PERCENT)
 HIGHEST    85          1100 PM
 LOWEST     62          1000 AM
 AVERAGE    74

..........................................................


THE LAGUARDIA NY CLIMATE NORMALS FOR TODAY
                         NORMAL    RECORD    YEAR
 MAXIMUM TEMPERATURE (F)   57        74      1989
 MINIMUM TEMPERATURE (F)   41        25      1995


SUNRISE AND SUNSET
APRIL  5 2014.........SUNRISE   633 AM EDT   SUNSET   725 PM EDT
APRIL  6 2014.........SUNRISE   631 AM EDT   SUNSET   726 PM EDT


-  INDICATES NEGATIVE NUMBERS.
R  INDICATES RECORD WAS SET OR TIED.
MM INDICATES DATA IS MISSING.
T  INDICATES TRACE AMOUNT.




$$
