000
CDUS41 KOKX 100626
CLILGA


CLIMATE REPORT
NATIONAL WEATHER SERVICE NEW YORK NY
126 AM EST WED DEC 10 2014


...................................

...THE LAGUARDIA NY CLIMATE SUMMARY FOR DECEMBER 9 2014...

CLIMATE NORMAL PERIOD 1981 TO 2010
CLIMATE RECORD PERIOD 1945 TO 2014


WEATHER ITEM   OBSERVED TIME   RECORD YEAR NORMAL DEPARTURE LAST
                VALUE   (LST)  VALUE       VALUE  FROM      YEAR
                                                  NORMAL
..................................................................
TEMPERATURE (F)
 YESTERDAY
  MAXIMUM         45   1031 AM  66    1966  46     -1       39
  MINIMUM         36    202 AM  13    1968  34      2       32
  AVERAGE         41                        40      1       36

PRECIPITATION (IN)
  YESTERDAY        2.68R         1.81 1973   0.13   2.55     0.21
  MONTH TO DATE    4.78                      1.12   3.66     1.13
  SINCE DEC 1      4.78                      1.12   3.66     1.13
  SINCE JAN 1     48.89                     42.29   6.60    34.96

SNOWFALL (IN)
  YESTERDAY        0.0           3.8  2005   0.1   -0.1       T
  MONTH TO DATE    0.0                       0.9   -0.9      0.7
  SINCE OCT 1      0.4                       1.2   -0.8      0.9
  SINCE JUL 1      0.4                       1.2   -0.8      0.9
  SNOW DEPTH       0

DEGREE DAYS
 HEATING
  YESTERDAY       24                        25     -1       29
  MONTH TO DATE  214                       210      4      206
  SINCE DEC 1    214                       210      4      206
  SINCE JUL 1    968                       985    -17      988

 COOLING
  YESTERDAY        0                         0      0        0
  MONTH TO DATE    0                         0      0        0
  SINCE DEC 1      0                         0      0        0
  SINCE JAN 1   1192                      1214    -22     1402
..................................................................


WIND (MPH)
  HIGHEST WIND SPEED    36   HIGHEST WIND DIRECTION    NE (40)
  HIGHEST GUST SPEED    44   HIGHEST GUST DIRECTION    NE (40)
  AVERAGE WIND SPEED    20.8


SKY COVER
  AVERAGE SKY COVER 1.0


WEATHER CONDITIONS
 THE FOLLOWING WEATHER WAS RECORDED YESTERDAY.
  HEAVY RAIN
  RAIN
  LIGHT RAIN
  FOG


RELATIVE HUMIDITY (PERCENT)
 HIGHEST    96          1100 AM
 LOWEST     76           800 PM
 AVERAGE    86

..........................................................


THE LAGUARDIA NY CLIMATE NORMALS FOR TODAY
                         NORMAL    RECORD    YEAR
 MAXIMUM TEMPERATURE (F)   46        70      1946
 MINIMUM TEMPERATURE (F)   34         9      1968


SUNRISE AND SUNSET
DECEMBER 10 2014......SUNRISE   709 AM EST   SUNSET   428 PM EST
DECEMBER 11 2014......SUNRISE   710 AM EST   SUNSET   428 PM EST


-  INDICATES NEGATIVE NUMBERS.
R  INDICATES RECORD WAS SET OR TIED.
MM INDICATES DATA IS MISSING.
T  INDICATES TRACE AMOUNT.




$$
