000
CDUS41 KOKX 160624
CLILGA


CLIMATE REPORT
NATIONAL WEATHER SERVICE NEW YORK NY
224 AM EDT MON OCT 16 2017


...................................

...THE LAGUARDIA NY CLIMATE SUMMARY FOR OCTOBER 15 2017...

CLIMATE NORMAL PERIOD 1981 TO 2010
CLIMATE RECORD PERIOD 1939 TO 2017


WEATHER ITEM   OBSERVED TIME   RECORD YEAR NORMAL DEPARTURE LAST
                VALUE   (LST)  VALUE       VALUE  FROM      YEAR
                                                  NORMAL
..................................................................
TEMPERATURE (F)
 YESTERDAY
  MAXIMUM         75    113 PM  83    1956  66      9       66
  MINIMUM         66    647 AM  39    2009  51     15       49
                                      1939
  AVERAGE         71                        58     13       58

PRECIPITATION (IN)
  YESTERDAY        T             2.55 1943   0.13  -0.13     0.00
  MONTH TO DATE    0.70                      1.88  -1.18     0.62
  SINCE SEP 1      2.54                      5.61  -3.07     3.15
  SINCE JAN 1     35.53                     35.86  -0.33    26.87

SNOWFALL (IN)
  YESTERDAY        0.0          MM      MM   0.0    0.0      0.0
  MONTH TO DATE    0.0                       0.0    0.0      0.0
  SINCE OCT 1      0.0                       0.0    0.0      0.0
  SINCE JUL 1      0.0                       0.0    0.0      0.0
  SNOW DEPTH       0

DEGREE DAYS
 HEATING
  YESTERDAY        0                         7     -7        7
  MONTH TO DATE   12                        81    -69       48
  SINCE SEP 1     22                       115    -93       53
  SINCE JUL 1     22                       116    -94       53

 COOLING
  YESTERDAY        6                         1      5        0
  MONTH TO DATE   77                        20     57       11
  SINCE SEP 1    289                       177    112      287
  SINCE JAN 1   1420                      1210    210     1704
..................................................................


WIND (MPH)
  HIGHEST WIND SPEED    21   HIGHEST WIND DIRECTION    SW (220)
  HIGHEST GUST SPEED    27   HIGHEST GUST DIRECTION    SW (220)
  AVERAGE WIND SPEED    10.1


SKY COVER
  AVERAGE SKY COVER 0.9


WEATHER CONDITIONS
 THE FOLLOWING WEATHER WAS RECORDED YESTERDAY.
  LIGHT RAIN
  FOG
  HAZE


RELATIVE HUMIDITY (PERCENT)
 HIGHEST    93           400 AM
 LOWEST     68           100 PM
 AVERAGE    81

..........................................................


THE LAGUARDIA NY CLIMATE NORMALS FOR TODAY
                         NORMAL    RECORD    YEAR
 MAXIMUM TEMPERATURE (F)   65        82      1958
 MINIMUM TEMPERATURE (F)   51        39      2009


SUNRISE AND SUNSET
OCTOBER 16 2017.......SUNRISE   708 AM EDT   SUNSET   613 PM EDT
OCTOBER 17 2017.......SUNRISE   709 AM EDT   SUNSET   612 PM EDT


-  INDICATES NEGATIVE NUMBERS.
R  INDICATES RECORD WAS SET OR TIED.
MM INDICATES DATA IS MISSING.
T  INDICATES TRACE AMOUNT.




$$
