876
CDUS41 KOKX 100639
CLILGA


CLIMATE REPORT
NATIONAL WEATHER SERVICE NEW YORK NY
138 AM EST FRI NOV 10 2017


...................................

...THE LAGUARDIA NY CLIMATE SUMMARY FOR NOVEMBER 9 2017...

CLIMATE NORMAL PERIOD 1981 TO 2010
CLIMATE RECORD PERIOD 1939 TO 2017


WEATHER ITEM   OBSERVED TIME   RECORD YEAR NORMAL DEPARTURE LAST
                VALUE   (LST)  VALUE       VALUE  FROM      YEAR
                                                  NORMAL
..................................................................
TEMPERATURE (F)
 YESTERDAY
  MAXIMUM         56    352 PM  72    1986  57     -1       63
                                      1945
  MINIMUM         42    730 AM  27    1971  44     -2       51
  AVERAGE         49                        50     -1       57

PRECIPITATION (IN)
  YESTERDAY        T             0.77 1997   0.10  -0.10     0.02
  MONTH TO DATE    0.70                      1.00  -0.30     0.02
  SINCE SEP 1      6.32                      8.51  -2.19     7.37
  SINCE JAN 1     39.31                     38.76   0.55    31.09

SNOWFALL (IN)
  YESTERDAY        0.0           T    1967   0.0    0.0      0.0
  MONTH TO DATE    0.0                       0.0    0.0      0.0
  SINCE OCT 1      0.0                       0.0    0.0      0.0
  SINCE JUL 1      0.0                       0.0    0.0      0.0
  SNOW DEPTH       0

DEGREE DAYS
 HEATING
  YESTERDAY       16                        15      1        8
  MONTH TO DATE   97                       121    -24       69
  SINCE SEP 1    182                       392   -210      234
  SINCE JUL 1    182                       393   -211      234

 COOLING
  YESTERDAY        0                         0      0        0
  MONTH TO DATE    0                         0      0        2
  SINCE SEP 1    308                       180    128      328
  SINCE JAN 1   1439                      1213    226     1745
..................................................................


WIND (MPH)
  HIGHEST WIND SPEED    20   HIGHEST WIND DIRECTION     W (250)
  HIGHEST GUST SPEED    24   HIGHEST GUST DIRECTION     W (260)
  AVERAGE WIND SPEED     8.0


SKY COVER
  AVERAGE SKY COVER 0.6


WEATHER CONDITIONS
 THE FOLLOWING WEATHER WAS RECORDED YESTERDAY.
  LIGHT RAIN


RELATIVE HUMIDITY (PERCENT)
 HIGHEST    82           300 AM
 LOWEST     54          1200 PM
 AVERAGE    68

..........................................................


THE LAGUARDIA NY CLIMATE NORMALS FOR TODAY
                         NORMAL    RECORD    YEAR
 MAXIMUM TEMPERATURE (F)   57        75      1999
 MINIMUM TEMPERATURE (F)   44        31      1956


SUNRISE AND SUNSET
NOVEMBER 10 2017......SUNRISE   637 AM EST   SUNSET   442 PM EST
NOVEMBER 11 2017......SUNRISE   638 AM EST   SUNSET   441 PM EST


-  INDICATES NEGATIVE NUMBERS.
R  INDICATES RECORD WAS SET OR TIED.
MM INDICATES DATA IS MISSING.
T  INDICATES TRACE AMOUNT.




$$
