000
CDUS41 KOKX 050630
CLILGA


CLIMATE REPORT
NATIONAL WEATHER SERVICE NEW YORK NY
130 AM EST FRI FEB 5 2016


...................................

...THE LAGUARDIA NY CLIMATE SUMMARY FOR FEBRUARY 4 2016...

CLIMATE NORMAL PERIOD 1981 TO 2010
CLIMATE RECORD PERIOD 1945 TO 2016


WEATHER ITEM   OBSERVED TIME   RECORD YEAR NORMAL DEPARTURE LAST
                VALUE   (LST)  VALUE       VALUE  FROM      YEAR
                                                  NORMAL
..................................................................
TEMPERATURE (F)
 YESTERDAY
  MAXIMUM         58    312 AM  68    1991  40     18       41
  MINIMUM         44   1159 PM  10    1996  27     17       23
                                      1978
                                      1963
  AVERAGE         51                        34     17       32

PRECIPITATION (IN)
  YESTERDAY        0.01          1.72 1961   0.10  -0.09     0.00
  MONTH TO DATE    0.70                      0.39   0.31     1.12
  SINCE DEC 1      9.20                      7.12   2.08    12.30
  SINCE JAN 1      4.87                      3.56   1.31     6.10

SNOWFALL (IN)
  YESTERDAY        T            11.9  1961   0.3   -0.3      0.0
  MONTH TO DATE    T                         1.3   -1.3      6.5
  SINCE OCT 1     28.8                      14.2   14.6     27.9
  SINCE JUL 1     28.8                      14.2   14.6     27.9
  SNOW DEPTH       0

DEGREE DAYS
 HEATING
  YESTERDAY       14                        31    -17       33
  MONTH TO DATE   63                       126    -63      155
  SINCE DEC 1   1398                      1950   -552     1987
  SINCE JUL 1   1960                      2725   -765     2741

 COOLING
  YESTERDAY        0                         0      0        0
  MONTH TO DATE    0                         0      0        0
  SINCE DEC 1      1                         0      1        0
  SINCE JAN 1      0                         0      0        0
..................................................................


WIND (MPH)
  HIGHEST WIND SPEED    24   HIGHEST WIND DIRECTION    NW (330)
  HIGHEST GUST SPEED    32   HIGHEST GUST DIRECTION     N (340)
  AVERAGE WIND SPEED    10.2


SKY COVER
  AVERAGE SKY COVER 1.0


WEATHER CONDITIONS
 THE FOLLOWING WEATHER WAS RECORDED YESTERDAY.
  RAIN
  LIGHT RAIN
  SLEET
  FOG


RELATIVE HUMIDITY (PERCENT)
 HIGHEST    93           500 AM
 LOWEST     46           500 PM
 AVERAGE    70

..........................................................


THE LAGUARDIA NY CLIMATE NORMALS FOR TODAY
                         NORMAL    RECORD    YEAR
 MAXIMUM TEMPERATURE (F)   40        70      1991
 MINIMUM TEMPERATURE (F)   27         6      1995


SUNRISE AND SUNSET
FEBRUARY  5 2016......SUNRISE   702 AM EST   SUNSET   517 PM EST
FEBRUARY  6 2016......SUNRISE   701 AM EST   SUNSET   519 PM EST


-  INDICATES NEGATIVE NUMBERS.
R  INDICATES RECORD WAS SET OR TIED.
MM INDICATES DATA IS MISSING.
T  INDICATES TRACE AMOUNT.




$$
