000
CDUS41 KOKX 202034
CLILGA


CLIMATE REPORT
NATIONAL WEATHER SERVICE NEW YORK NY
434 PM EDT SUN JUL 20 2014


...................................

...THE LAGUARDIA NY CLIMATE SUMMARY FOR JULY 20 2014...
VALID TODAY AS OF 0400 PM LOCAL TIME.

CLIMATE NORMAL PERIOD 1981 TO 2010
CLIMATE RECORD PERIOD 1945 TO 2014


WEATHER ITEM   OBSERVED TIME   RECORD YEAR NORMAL DEPARTURE LAST
                VALUE   (LST)  VALUE       VALUE  FROM      YEAR
                                                  NORMAL
..................................................................
TEMPERATURE (F)
 TODAY
  MAXIMUM         76    239 PM 101    1991  86    -10       95
  MINIMUM         67    654 AM  61    1997  70     -3       82
  AVERAGE         72                        78     -6       89

PRECIPITATION (IN)
  TODAY            T             2.61 1975   0.14  -0.14      T
  MONTH TO DATE    3.61                      2.81   0.80     2.07
  SINCE JUN 1      7.30                      6.75   0.55    10.23
  SINCE JAN 1     31.18                     24.44   6.74    24.64

SNOWFALL (IN)
  TODAY            0.0          MM      MM   0.0    0.0      0.0
  MONTH TO DATE    0.0                       0.0    0.0      0.0
  SINCE OCT 1     52.4                      26.9   25.5     22.2
  SINCE JUL 1      0.0                       0.0    0.0      0.0
  SNOW DEPTH       0

DEGREE DAYS
 HEATING
  TODAY            0                         0      0        0
  MONTH TO DATE    0                         0      0        0
  SINCE JUN 1      0                        16    -16        4
  SINCE JUL 1      0                         0      0        0

 COOLING
  TODAY            7                        13     -6       24
  MONTH TO DATE  253                       245      8      374
  SINCE JUN 1    485                       476      9      655
  SINCE JAN 1    535                       542     -7      743
..................................................................


WIND (MPH)
  HIGHEST WIND SPEED    17   HIGHEST WIND DIRECTION    NE (50)
  HIGHEST GUST SPEED    23   HIGHEST GUST DIRECTION    NE (50)
  AVERAGE WIND SPEED    11.5


SKY COVER
  AVERAGE SKY COVER 0.8


WEATHER CONDITIONS
 THE FOLLOWING WEATHER WAS RECORDED TODAY.
  LIGHT RAIN


RELATIVE HUMIDITY (PERCENT)
 HIGHEST    81           400 AM
 LOWEST     64           100 PM
 AVERAGE    73

..........................................................


THE LAGUARDIA NY CLIMATE NORMALS FOR TOMORROW
                         NORMAL    RECORD    YEAR
 MAXIMUM TEMPERATURE (F)   86       100      1991
 MINIMUM TEMPERATURE (F)   70        62      1974
                                             1956
                                             1950


SUNRISE AND SUNSET
JULY 20 2014..........SUNRISE   541 AM EDT   SUNSET   822 PM EDT
JULY 21 2014..........SUNRISE   542 AM EDT   SUNSET   822 PM EDT


-  INDICATES NEGATIVE NUMBERS.
R  INDICATES RECORD WAS SET OR TIED.
MM INDICATES DATA IS MISSING.
T  INDICATES TRACE AMOUNT.




$$
