000
CDUS41 KOKX 250616
CLILGA


CLIMATE REPORT
NATIONAL WEATHER SERVICE NEW YORK NY
115 AM EST FRI NOV 25 2016


...................................

...THE LAGUARDIA NY CLIMATE SUMMARY FOR NOVEMBER 24 2016...

CLIMATE NORMAL PERIOD 1981 TO 2010
CLIMATE RECORD PERIOD 1939 TO 2016


WEATHER ITEM   OBSERVED TIME   RECORD YEAR NORMAL DEPARTURE LAST
                VALUE   (LST)  VALUE       VALUE  FROM      YEAR
                                                  NORMAL
..................................................................
TEMPERATURE (F)
 YESTERDAY
  MAXIMUM         50    723 PM  68    1999  52     -2       47
  MINIMUM         41    754 AM  22    1956  39      2       33
  AVERAGE         46                        46      0       40

PRECIPITATION (IN)
  YESTERDAY        0.02          1.05 1959   0.12  -0.10     0.00
  MONTH TO DATE    2.17                      2.69  -0.52     1.67
  SINCE SEP 1      9.52                     10.20  -0.68     7.57
  SINCE JAN 1     33.24                     40.45  -7.21    32.84

SNOWFALL (IN)
  YESTERDAY        0.0          MM      MM   0.0    0.0      0.0
  MONTH TO DATE    T                         0.1   -0.1      0.0
  SINCE OCT 1      T                         0.1   -0.1      0.0
  SINCE JUL 1      T                         0.1   -0.1      0.0
  SNOW DEPTH       0

DEGREE DAYS
 HEATING
  YESTERDAY       19                        20     -1       25
  MONTH TO DATE  292                       381    -89      247
  SINCE SEP 1    457                       652   -195      461
  SINCE JUL 1    457                       653   -196      461

 COOLING
  YESTERDAY        0                         0      0        0
  MONTH TO DATE    2                         0      2        5
  SINCE SEP 1    328                       180    148      305
  SINCE JAN 1   1745                      1213    532     1554
..................................................................


WIND (MPH)
  HIGHEST WIND SPEED    15   HIGHEST WIND DIRECTION    NE (40)
  HIGHEST GUST SPEED    18   HIGHEST GUST DIRECTION    NE (60)
  AVERAGE WIND SPEED     8.0


SKY COVER
  AVERAGE SKY COVER 1.0


WEATHER CONDITIONS
 THE FOLLOWING WEATHER WAS RECORDED YESTERDAY.
  LIGHT RAIN


RELATIVE HUMIDITY (PERCENT)
 HIGHEST    86          1000 PM
 LOWEST     51          1200 AM
 AVERAGE    69

..........................................................


THE LAGUARDIA NY CLIMATE NORMALS FOR TODAY
                         NORMAL    RECORD    YEAR
 MAXIMUM TEMPERATURE (F)   51        68      1979
 MINIMUM TEMPERATURE (F)   39        23      2005


SUNRISE AND SUNSET
NOVEMBER 25 2016......SUNRISE   654 AM EST   SUNSET   431 PM EST
NOVEMBER 26 2016......SUNRISE   656 AM EST   SUNSET   430 PM EST


-  INDICATES NEGATIVE NUMBERS.
R  INDICATES RECORD WAS SET OR TIED.
MM INDICATES DATA IS MISSING.
T  INDICATES TRACE AMOUNT.




$$
