000
CDUS41 KOKX 190632
CLILGA


CLIMATE REPORT
NATIONAL WEATHER SERVICE NEW YORK NY
231 AM EDT TUE AUG 19 2014


...................................

...THE LAGUARDIA NY CLIMATE SUMMARY FOR AUGUST 18 2014...

CLIMATE NORMAL PERIOD 1981 TO 2010
CLIMATE RECORD PERIOD 1945 TO 2014


WEATHER ITEM   OBSERVED TIME   RECORD YEAR NORMAL DEPARTURE LAST
                VALUE   (LST)  VALUE       VALUE  FROM      YEAR
                                                  NORMAL
..................................................................
TEMPERATURE (F)
 YESTERDAY
  MAXIMUM         81    449 PM  95    2002  84     -3       76
  MINIMUM         64    551 AM  59    1941  69     -5       69
  AVERAGE         73                        76     -3       73

PRECIPITATION (IN)
  YESTERDAY        0.00          1.18 1955   0.13  -0.13      T
  MONTH TO DATE    1.40                      2.51  -1.11     1.62
  SINCE JUN 1      9.08                     10.95  -1.87    12.58
  SINCE JAN 1     32.96                     28.64   4.32    26.99

SNOWFALL (IN)
  YESTERDAY        0.0          MM      MM   0.0    0.0      0.0
  MONTH TO DATE    0.0                       0.0    0.0      0.0
  SINCE OCT 1     52.4                      26.9   25.5     22.2
  SINCE JUL 1      0.0                       0.0    0.0      0.0
  SNOW DEPTH       0

DEGREE DAYS
 HEATING
  YESTERDAY        0                         0      0        0
  MONTH TO DATE    0                         0      0        0
  SINCE JUN 1      0                        16    -16        4
  SINCE JUL 1      0                         0      0        0

 COOLING
  YESTERDAY        8                        11     -3        8
  MONTH TO DATE  190                       218    -28      181
  SINCE JUN 1    804                       834    -30      971
  SINCE JAN 1    854                       900    -46     1059
..................................................................


WIND (MPH)
  HIGHEST WIND SPEED    17   HIGHEST WIND DIRECTION    NW (310)
  HIGHEST GUST SPEED    21   HIGHEST GUST DIRECTION    NW (310)
  AVERAGE WIND SPEED     8.7


SKY COVER
  AVERAGE SKY COVER 0.3


WEATHER CONDITIONS
 THE FOLLOWING WEATHER WAS RECORDED YESTERDAY.
  NO SIGNIFICANT WEATHER WAS OBSERVED.


RELATIVE HUMIDITY (PERCENT)
 HIGHEST    68           400 AM
 LOWEST     36           400 PM
 AVERAGE    52

..........................................................


THE LAGUARDIA NY CLIMATE NORMALS FOR TODAY
                         NORMAL    RECORD    YEAR
 MAXIMUM TEMPERATURE (F)   84        94      1966
 MINIMUM TEMPERATURE (F)   69        59      1977


SUNRISE AND SUNSET
AUGUST 19 2014........SUNRISE   610 AM EDT   SUNSET   748 PM EDT
AUGUST 20 2014........SUNRISE   611 AM EDT   SUNSET   747 PM EDT


-  INDICATES NEGATIVE NUMBERS.
R  INDICATES RECORD WAS SET OR TIED.
MM INDICATES DATA IS MISSING.
T  INDICATES TRACE AMOUNT.




$$
