000
CDUS41 KOKX 092038
CLILGA


CLIMATE REPORT
NATIONAL WEATHER SERVICE NEW YORK NY
437 PM EDT SUN APR 9 2017


...................................

...THE LAGUARDIA NY CLIMATE SUMMARY FOR APRIL 9 2017...
VALID TODAY AS OF 0400 PM LOCAL TIME.

CLIMATE NORMAL PERIOD 1981 TO 2010
CLIMATE RECORD PERIOD 1939 TO 2017


WEATHER ITEM   OBSERVED TIME   RECORD YEAR NORMAL DEPARTURE LAST
                VALUE   (LST)  VALUE       VALUE  FROM      YEAR
                                                  NORMAL
..................................................................
TEMPERATURE (F)
 TODAY
  MAXIMUM         68    153 PM  84    1991  59      9       44
  MINIMUM         46    548 AM  26    1977  42      4       38
  AVERAGE         57                        50      7       41

PRECIPITATION (IN)
  TODAY            0.00          2.28 1980   0.15  -0.15     0.07
  MONTH TO DATE    2.49                      1.26   1.23     0.97
  SINCE MAR 1      7.18                      5.23   1.95     2.23
  SINCE JAN 1     13.18                     11.16   2.02    10.76

SNOWFALL (IN)
  TODAY            0.0           1.3  2000   0.0    0.0      0.0
  MONTH TO DATE    0.0                       0.3   -0.3       T
  SINCE OCT 1     33.2                      26.7    6.5     36.2
  SINCE JUL 1     33.2                      26.7    6.5     36.2
  SNOW DEPTH       0

DEGREE DAYS
 HEATING
  TODAY            8                        15     -7       24
  MONTH TO DATE  124                       146    -22      168
  SINCE MAR 1    859                       853      6      663
  SINCE JUL 1   3546                      4282   -736     3325

 COOLING
  TODAY            0                         0      0        0
  MONTH TO DATE    0                         0      0        3
  SINCE MAR 1      0                         0      0        8
  SINCE JAN 1      0                         0      0        8
..................................................................


WIND (MPH)
  HIGHEST WIND SPEED    21   HIGHEST WIND DIRECTION     S (160)
  HIGHEST GUST SPEED    24   HIGHEST GUST DIRECTION     S (190)
  AVERAGE WIND SPEED     8.0


SKY COVER
  AVERAGE SKY COVER 0.3


WEATHER CONDITIONS
 THE FOLLOWING WEATHER WAS RECORDED TODAY.
  NO SIGNIFICANT WEATHER WAS OBSERVED.


RELATIVE HUMIDITY (PERCENT)
 HIGHEST    45           400 AM
 LOWEST     20          1100 AM
 AVERAGE    33

..........................................................


THE LAGUARDIA NY CLIMATE NORMALS FOR TOMORROW
                         NORMAL    RECORD    YEAR
 MAXIMUM TEMPERATURE (F)   59        82      1955
 MINIMUM TEMPERATURE (F)   43        29      1985
                                             1974


SUNRISE AND SUNSET
APRIL  9 2017.........SUNRISE   626 AM EDT   SUNSET   729 PM EDT
APRIL 10 2017.........SUNRISE   624 AM EDT   SUNSET   730 PM EDT


-  INDICATES NEGATIVE NUMBERS.
R  INDICATES RECORD WAS SET OR TIED.
MM INDICATES DATA IS MISSING.
T  INDICATES TRACE AMOUNT.




$$
