000
CDUS41 KOKX 060618
CLILGA


CLIMATE REPORT
NATIONAL WEATHER SERVICE NEW YORK NY
218 AM EDT WED SEP 6 2017


...................................

...THE LAGUARDIA NY CLIMATE SUMMARY FOR SEPTEMBER 5 2017...

CLIMATE NORMAL PERIOD 1981 TO 2010
CLIMATE RECORD PERIOD 1939 TO 2017


WEATHER ITEM   OBSERVED TIME   RECORD YEAR NORMAL DEPARTURE LAST
                VALUE   (LST)  VALUE       VALUE  FROM      YEAR
                                                  NORMAL
..................................................................
TEMPERATURE (F)
 YESTERDAY
  MAXIMUM         85    314 PM  93    1985  80      5       84
  MINIMUM         71    618 AM  54    2000  66      5       67
  AVERAGE         78                        73      5       76

PRECIPITATION (IN)
  YESTERDAY        0.00          0.95 1986   0.12  -0.12     0.00
  MONTH TO DATE    1.19                      0.59   0.60     0.34
  SINCE SEP 1      1.19                      0.59   0.60     0.34
  SINCE JAN 1     34.18                     30.84   3.34    24.06

SNOWFALL (IN)
  YESTERDAY        0.0          MM      MM   0.0    0.0      0.0
  MONTH TO DATE    0.0                       0.0    0.0      0.0
  SINCE OCT 1     33.2                      26.9    6.3     36.2
  SINCE JUL 1      0.0                       0.0    0.0      0.0
  SNOW DEPTH       0

DEGREE DAYS
 HEATING
  YESTERDAY        0                         0      0        0
  MONTH TO DATE    4                         0      4        0
  SINCE SEP 1      4                         0      4        0
  SINCE JUL 1      4                         1      3        0

 COOLING
  YESTERDAY       13                         8      5       11
  MONTH TO DATE   22                        42    -20       51
  SINCE SEP 1     22                        42    -20       51
  SINCE JAN 1   1153                      1075     78     1468
..................................................................


WIND (MPH)
  HIGHEST WIND SPEED    26   HIGHEST WIND DIRECTION     W (290)
  HIGHEST GUST SPEED    34   HIGHEST GUST DIRECTION     W (290)
  AVERAGE WIND SPEED     8.8


SKY COVER
  AVERAGE SKY COVER 0.5


WEATHER CONDITIONS
 THE FOLLOWING WEATHER WAS RECORDED YESTERDAY.
  NO SIGNIFICANT WEATHER WAS OBSERVED.


RELATIVE HUMIDITY (PERCENT)
 HIGHEST    84           600 AM
 LOWEST     58          1100 AM
 AVERAGE    71

..........................................................


THE LAGUARDIA NY CLIMATE NORMALS FOR TODAY
                         NORMAL    RECORD    YEAR
 MAXIMUM TEMPERATURE (F)   80        94      1983
 MINIMUM TEMPERATURE (F)   65        53      1988
                                             1984


SUNRISE AND SUNSET
SEPTEMBER  6 2017.....SUNRISE   628 AM EDT   SUNSET   719 PM EDT
SEPTEMBER  7 2017.....SUNRISE   629 AM EDT   SUNSET   718 PM EDT


-  INDICATES NEGATIVE NUMBERS.
R  INDICATES RECORD WAS SET OR TIED.
MM INDICATES DATA IS MISSING.
T  INDICATES TRACE AMOUNT.




$$
