000
CDUS41 KOKX 152033
CLILGA


CLIMATE REPORT
NATIONAL WEATHER SERVICE NEW YORK NY
433 PM EDT WED OCT 15 2014


...................................

...THE LAGUARDIA NY CLIMATE SUMMARY FOR OCTOBER 15 2014...
VALID TODAY AS OF 0400 PM LOCAL TIME.

CLIMATE NORMAL PERIOD 1981 TO 2010
CLIMATE RECORD PERIOD 1945 TO 2014


WEATHER ITEM   OBSERVED TIME   RECORD YEAR NORMAL DEPARTURE LAST
                VALUE   (LST)  VALUE       VALUE  FROM      YEAR
                                                  NORMAL
..................................................................
TEMPERATURE (F)
 TODAY
  MAXIMUM         78    227 PM  83    1956  66     12       70
  MINIMUM         68    335 AM  39    2009  51     17       56
  AVERAGE         73                        58     15       63

PRECIPITATION (IN)
  TODAY            T             0.95 1955   0.13  -0.13     0.00
  MONTH TO DATE    1.47                      1.88  -0.41     0.37
  SINCE SEP 1      2.71                      5.61  -2.90     3.66
  SINCE JAN 1     37.77                     35.86   1.91    31.00

SNOWFALL (IN)
  TODAY            0.0          MM      MM   0.0    0.0      0.0
  MONTH TO DATE    0.0                       0.0    0.0      0.0
  SINCE OCT 1      0.0                       0.0    0.0      0.0
  SINCE JUL 1      0.0                       0.0    0.0      0.0
  SNOW DEPTH       0

DEGREE DAYS
 HEATING
  TODAY            0                         7     -7        2
  MONTH TO DATE   53                        81    -28       28
  SINCE SEP 1     66                       115    -49       59
  SINCE JUL 1     66                       116    -50       59

 COOLING
  TODAY            8                         1      7        0
  MONTH TO DATE   20                        20      0       49
  SINCE SEP 1    201                       177     24      181
  SINCE JAN 1   1188                      1210    -22     1400
..................................................................


WIND (MPH)
  HIGHEST WIND SPEED    25   HIGHEST WIND DIRECTION     S (160)
  HIGHEST GUST SPEED    32   HIGHEST GUST DIRECTION    SE (140)
  AVERAGE WIND SPEED    14.5


SKY COVER
  AVERAGE SKY COVER 0.8


WEATHER CONDITIONS
 THE FOLLOWING WEATHER WAS RECORDED TODAY.
  LIGHT RAIN


RELATIVE HUMIDITY (PERCENT)
 HIGHEST    84          1200 AM
 LOWEST     74          1100 AM
 AVERAGE    79

..........................................................


THE LAGUARDIA NY CLIMATE NORMALS FOR TOMORROW
                         NORMAL    RECORD    YEAR
 MAXIMUM TEMPERATURE (F)   65        82      1958
 MINIMUM TEMPERATURE (F)   51        39      2009


SUNRISE AND SUNSET
OCTOBER 15 2014.......SUNRISE   707 AM EDT   SUNSET   615 PM EDT
OCTOBER 16 2014.......SUNRISE   708 AM EDT   SUNSET   614 PM EDT


-  INDICATES NEGATIVE NUMBERS.
R  INDICATES RECORD WAS SET OR TIED.
MM INDICATES DATA IS MISSING.
T  INDICATES TRACE AMOUNT.




$$
