056
CDUS41 KOKX 190624
CLILGA


CLIMATE REPORT
NATIONAL WEATHER SERVICE NEW YORK NY
224 AM EDT FRI MAY 19 2017


...................................

...THE LAGUARDIA NY CLIMATE SUMMARY FOR MAY 18 2017...

CLIMATE NORMAL PERIOD 1981 TO 2010
CLIMATE RECORD PERIOD 1939 TO 2017


WEATHER ITEM   OBSERVED TIME   RECORD YEAR NORMAL DEPARTURE LAST
                VALUE   (LST)  VALUE       VALUE  FROM      YEAR
                                                  NORMAL
..................................................................
TEMPERATURE (F)
 YESTERDAY
  MAXIMUM         97R   432 PM  86    1989  72     25       69
                                      1986
                                      1977
  MINIMUM         80    621 AM  44    2002  54     26       55
                                      1973
  AVERAGE         89                        63     26       62

PRECIPITATION (IN)
  YESTERDAY        0.00          1.44 2002   0.12  -0.12      T
  MONTH TO DATE    4.08                      2.05   2.03     1.93
  SINCE MAR 1     12.86                     10.02   2.84     4.85
  SINCE JAN 1     18.86                     15.95   2.91    13.38

SNOWFALL (IN)
  YESTERDAY        0.0          MM      MM   0.0    0.0      0.0
  MONTH TO DATE    0.0                       0.0    0.0      0.0
  SINCE OCT 1     33.2                      26.9    6.3     36.2
  SINCE JUL 1     33.2                      26.9    6.3     36.2
  SNOW DEPTH       0

DEGREE DAYS
 HEATING
  YESTERDAY        0                         4     -4        3
  MONTH TO DATE   94                       100     -6      135
  SINCE MAR 1   1075                      1185   -110      984
  SINCE JUL 1   3762                      4614   -852     3646

 COOLING
  YESTERDAY       24                         2     22        0
  MONTH TO DATE   50                        21     29        3
  SINCE MAR 1     81                        29     52       16
  SINCE JAN 1     81                        29     52       16
..................................................................


WIND (MPH)
  HIGHEST WIND SPEED    23   HIGHEST WIND DIRECTION    SW (220)
  HIGHEST GUST SPEED    29   HIGHEST GUST DIRECTION    SW (210)
  AVERAGE WIND SPEED    11.8


SKY COVER
  AVERAGE SKY COVER 0.6


WEATHER CONDITIONS
 THE FOLLOWING WEATHER WAS RECORDED YESTERDAY.
  NO SIGNIFICANT WEATHER WAS OBSERVED.


RELATIVE HUMIDITY (PERCENT)
 HIGHEST    55           100 AM
 LOWEST     27           100 PM
 AVERAGE    41

..........................................................


THE LAGUARDIA NY CLIMATE NORMALS FOR TODAY
                         NORMAL    RECORD    YEAR
 MAXIMUM TEMPERATURE (F)   72        95      1962
 MINIMUM TEMPERATURE (F)   55        43      2002
                                             1976


SUNRISE AND SUNSET
MAY 19 2017...........SUNRISE   535 AM EDT   SUNSET   810 PM EDT
MAY 20 2017...........SUNRISE   534 AM EDT   SUNSET   811 PM EDT


-  INDICATES NEGATIVE NUMBERS.
R  INDICATES RECORD WAS SET OR TIED.
MM INDICATES DATA IS MISSING.
T  INDICATES TRACE AMOUNT.




$$
