000
CDUS41 KOKX 132048
CLILGA


CLIMATE REPORT
NATIONAL WEATHER SERVICE NEW YORK NY
448 PM EDT FRI MAY 13 2016


...................................

...THE LAGUARDIA NY CLIMATE SUMMARY FOR MAY 13 2016...
VALID TODAY AS OF 0400 PM LOCAL TIME.

CLIMATE NORMAL PERIOD 1981 TO 2010
CLIMATE RECORD PERIOD 1945 TO 2016


WEATHER ITEM   OBSERVED TIME   RECORD YEAR NORMAL DEPARTURE LAST
                VALUE   (LST)  VALUE       VALUE  FROM      YEAR
                                                  NORMAL
..................................................................
TEMPERATURE (F)
 TODAY
  MAXIMUM         67    830 AM  89    1956  70     -3       67
  MINIMUM         58    236 AM  45    1998  53      5       54
                                      1996
  AVERAGE         63                        62      1       61

PRECIPITATION (IN)
  TODAY            0.07          1.73 1975   0.11  -0.04     0.00
  MONTH TO DATE    1.75                      1.47   0.28     0.01
  SINCE MAR 1      4.67                      9.44  -4.77     6.37
  SINCE JAN 1     13.20                     15.37  -2.17    13.45

SNOWFALL (IN)
  TODAY            0.0           T    2000   0.0    0.0      0.0
  MONTH TO DATE    0.0                       0.0    0.0      0.0
  SINCE OCT 1     36.2                      26.9    9.3     53.8
  SINCE JUL 1     36.2                      26.9    9.3     53.8
  SNOW DEPTH       0

DEGREE DAYS
 HEATING
  TODAY            2                         5     -3        4
  MONTH TO DATE  108                        80     28       30
  SINCE MAR 1    957                      1165   -208     1208
  SINCE JUL 1   3619                      4594   -975     4930

 COOLING
  TODAY            0                         1     -1        0
  MONTH TO DATE    2                        13    -11       38
  SINCE MAR 1     15                        21     -6       40
  SINCE JAN 1     15                        21     -6       40
..................................................................


WIND (MPH)
  HIGHEST WIND SPEED    14   HIGHEST WIND DIRECTION     S (170)
  HIGHEST GUST SPEED    17   HIGHEST GUST DIRECTION     S (170)
  AVERAGE WIND SPEED     6.2


SKY COVER
  AVERAGE SKY COVER 0.8


WEATHER CONDITIONS
 THE FOLLOWING WEATHER WAS RECORDED TODAY.
  LIGHT RAIN
  FOG
  HAZE


RELATIVE HUMIDITY (PERCENT)
 HIGHEST   100           300 PM
 LOWEST     75          1200 AM
 AVERAGE    88

..........................................................


THE LAGUARDIA NY CLIMATE NORMALS FOR TOMORROW
                         NORMAL    RECORD    YEAR
 MAXIMUM TEMPERATURE (F)   71        84      1991
 MINIMUM TEMPERATURE (F)   53        45      2013
                                             1987
                                             1947


SUNRISE AND SUNSET
MAY 13 2016...........SUNRISE   540 AM EDT   SUNSET   805 PM EDT
MAY 14 2016...........SUNRISE   539 AM EDT   SUNSET   806 PM EDT


-  INDICATES NEGATIVE NUMBERS.
R  INDICATES RECORD WAS SET OR TIED.
MM INDICATES DATA IS MISSING.
T  INDICATES TRACE AMOUNT.




$$
