000
CDUS41 KOKX 080617
CLILGA


CLIMATE REPORT
NATIONAL WEATHER SERVICE NEW YORK NY
217 AM EDT TUE APR 8 2014


...................................

...THE LAGUARDIA NY CLIMATE SUMMARY FOR APRIL 7 2014...

CLIMATE NORMAL PERIOD 1981 TO 2010
CLIMATE RECORD PERIOD 1948 TO 2014


WEATHER ITEM   OBSERVED TIME   RECORD YEAR NORMAL DEPARTURE LAST
                VALUE   (LST)  VALUE       VALUE  FROM      YEAR
                                                  NORMAL
..................................................................
TEMPERATURE (F)
 YESTERDAY
  MAXIMUM         53    134 PM  91    2010  58     -5       54
  MINIMUM         41   1028 PM  22    1982  42     -1       40
  AVERAGE         47                        50     -3       47

PRECIPITATION (IN)
  YESTERDAY        0.66          2.00 1953   0.13   0.53      T
  MONTH TO DATE    0.92                      0.97  -0.05     0.01
  SINCE MAR 1      4.58                      4.94  -0.36     2.44
  SINCE JAN 1     11.87                     10.87   1.00     8.28

SNOWFALL (IN)
  YESTERDAY        0.0           5.6  2003   0.0    0.0      0.0
  MONTH TO DATE    0.0                       0.2   -0.2      0.0
  SINCE OCT 1     52.1                      26.6   25.5     22.2
  SINCE JUL 1     52.1                      26.6   25.5     22.2
  SNOW DEPTH       0

DEGREE DAYS
 HEATING
  YESTERDAY       18                        15      3       18
  MONTH TO DATE  121                       116      5      137
  SINCE MAR 1    979                       823    156      889
  SINCE JUL 1   4636                      4252    384     4084

 COOLING
  YESTERDAY        0                         0      0        0
  MONTH TO DATE    0                         0      0        0
  SINCE MAR 1      0                         0      0        0
  SINCE JAN 1      0                         0      0        0
..................................................................


WIND (MPH)
  HIGHEST WIND SPEED    22   HIGHEST WIND DIRECTION    NE (50)
  HIGHEST GUST SPEED    25   HIGHEST GUST DIRECTION    NE (50)
  AVERAGE WIND SPEED    10.3


SKY COVER
  AVERAGE SKY COVER 0.9


WEATHER CONDITIONS
 THE FOLLOWING WEATHER WAS RECORDED YESTERDAY.
  HEAVY RAIN
  RAIN
  LIGHT RAIN
  FOG
  HAZE


RELATIVE HUMIDITY (PERCENT)
 HIGHEST    93           900 PM
 LOWEST     26          1100 AM
 AVERAGE    60

..........................................................


THE LAGUARDIA NY CLIMATE NORMALS FOR TODAY
                         NORMAL    RECORD    YEAR
 MAXIMUM TEMPERATURE (F)   58        89      1991
 MINIMUM TEMPERATURE (F)   42        25      1982
                                             1972


SUNRISE AND SUNSET
APRIL  8 2014.........SUNRISE   628 AM EDT   SUNSET   728 PM EDT
APRIL  9 2014.........SUNRISE   626 AM EDT   SUNSET   729 PM EDT


-  INDICATES NEGATIVE NUMBERS.
R  INDICATES RECORD WAS SET OR TIED.
MM INDICATES DATA IS MISSING.
T  INDICATES TRACE AMOUNT.




$$
