499
CDUS41 KOKX 130627
CLILGA


CLIMATE REPORT
NATIONAL WEATHER SERVICE NEW YORK NY
227 AM EDT THU JUL 13 2017


...................................

...THE LAGUARDIA NY CLIMATE SUMMARY FOR JULY 12 2017...

CLIMATE NORMAL PERIOD 1981 TO 2010
CLIMATE RECORD PERIOD 1939 TO 2017


WEATHER ITEM   OBSERVED TIME   RECORD YEAR NORMAL DEPARTURE LAST
                VALUE   (LST)  VALUE       VALUE  FROM      YEAR
                                                  NORMAL
..................................................................
TEMPERATURE (F)
 YESTERDAY
  MAXIMUM         91    403 PM  98    1966  85      6       84
  MINIMUM         78    304 AM  58    1940  70      8       71
  AVERAGE         85                        77      8       78

PRECIPITATION (IN)
  YESTERDAY        T             1.84 2006   0.15  -0.15     0.00
  MONTH TO DATE    2.33                      1.59   0.74     1.80
  SINCE JUN 1      6.71                      5.53   1.18     4.04
  SINCE JAN 1     27.48                     23.22   4.26    19.41

SNOWFALL (IN)
  YESTERDAY        0.0          MM      MM   0.0    0.0      0.0
  MONTH TO DATE    0.0                       0.0    0.0      0.0
  SINCE OCT 1     33.2                      26.9    6.3     36.2
  SINCE JUL 1      0.0                       0.0    0.0      0.0
  SNOW DEPTH       0

DEGREE DAYS
 HEATING
  YESTERDAY        0                         0      0        0
  MONTH TO DATE    0                         0      0        0
  SINCE JUN 1     16                        16      0        2
  SINCE JUL 1      0                         0      0        0

 COOLING
  YESTERDAY       20                        12      8       13
  MONTH TO DATE  175                       141     34      149
  SINCE JUN 1    455                       372     83      419
  SINCE JAN 1    560                       438    122      538
..................................................................


WIND (MPH)
  HIGHEST WIND SPEED    24   HIGHEST WIND DIRECTION     W (270)
  HIGHEST GUST SPEED    31   HIGHEST GUST DIRECTION     W (260)
  AVERAGE WIND SPEED    11.3


SKY COVER
  AVERAGE SKY COVER 0.7


WEATHER CONDITIONS
 THE FOLLOWING WEATHER WAS RECORDED YESTERDAY.
  LIGHT RAIN


RELATIVE HUMIDITY (PERCENT)
 HIGHEST    79          1200 AM
 LOWEST     50           100 PM
 AVERAGE    65

..........................................................


THE LAGUARDIA NY CLIMATE NORMALS FOR TODAY
                         NORMAL    RECORD    YEAR
 MAXIMUM TEMPERATURE (F)   86        99      1966
 MINIMUM TEMPERATURE (F)   70        58      1990


SUNRISE AND SUNSET
JULY 13 2017..........SUNRISE   536 AM EDT   SUNSET   827 PM EDT
JULY 14 2017..........SUNRISE   537 AM EDT   SUNSET   826 PM EDT


-  INDICATES NEGATIVE NUMBERS.
R  INDICATES RECORD WAS SET OR TIED.
MM INDICATES DATA IS MISSING.
T  INDICATES TRACE AMOUNT.




$$
