000
CDUS41 KOKX 110621
CLILGA


CLIMATE REPORT
NATIONAL WEATHER SERVICE NEW YORK NY
121 AM EST THU DEC 11 2014


...................................

...THE LAGUARDIA NY CLIMATE SUMMARY FOR DECEMBER 10 2014...

CLIMATE NORMAL PERIOD 1981 TO 2010
CLIMATE RECORD PERIOD 1945 TO 2014


WEATHER ITEM   OBSERVED TIME   RECORD YEAR NORMAL DEPARTURE LAST
                VALUE   (LST)  VALUE       VALUE  FROM      YEAR
                                                  NORMAL
..................................................................
TEMPERATURE (F)
 YESTERDAY
  MAXIMUM         41   1222 AM  70    1946  46     -5       39
  MINIMUM         32    747 PM   9    1968  34     -2       30
  AVERAGE         37                        40     -3       35

PRECIPITATION (IN)
  YESTERDAY        0.05          0.96 1969   0.12  -0.07     0.22
  MONTH TO DATE    4.83                      1.24   3.59     1.35
  SINCE DEC 1      4.83                      1.24   3.59     1.35
  SINCE JAN 1     48.94                     42.41   6.53    35.18

SNOWFALL (IN)
  YESTERDAY        1.0           1.6  1961   0.1    0.9      1.1
  MONTH TO DATE    1.0                       1.0    0.0      1.8
  SINCE OCT 1      1.4                       1.3    0.1      2.0
  SINCE JUL 1      1.4                       1.3    0.1      2.0
  SNOW DEPTH       0

DEGREE DAYS
 HEATING
  YESTERDAY       28                        25      3       30
  MONTH TO DATE  242                       235      7      236
  SINCE DEC 1    242                       235      7      236
  SINCE JUL 1    996                      1010    -14     1018

 COOLING
  YESTERDAY        0                         0      0        0
  MONTH TO DATE    0                         0      0        0
  SINCE DEC 1      0                         0      0        0
  SINCE JAN 1   1192                      1214    -22     1402
..................................................................


WIND (MPH)
  HIGHEST WIND SPEED    24   HIGHEST WIND DIRECTION    NW (310)
  HIGHEST GUST SPEED    32   HIGHEST GUST DIRECTION    NW (300)
  AVERAGE WIND SPEED    16.5


SKY COVER
  AVERAGE SKY COVER 1.0


WEATHER CONDITIONS
 THE FOLLOWING WEATHER WAS RECORDED YESTERDAY.
  MIXED PRECIP
  RAIN
  LIGHT RAIN
  LIGHT SNOW
  FOG
  HAZE


RELATIVE HUMIDITY (PERCENT)
 HIGHEST    92           200 AM
 LOWEST     64          1100 PM
 AVERAGE    78

..........................................................


THE LAGUARDIA NY CLIMATE NORMALS FOR TODAY
                         NORMAL    RECORD    YEAR
 MAXIMUM TEMPERATURE (F)   46        62      1971
 MINIMUM TEMPERATURE (F)   34        14      1988
                                             1968


SUNRISE AND SUNSET
DECEMBER 11 2014......SUNRISE   710 AM EST   SUNSET   428 PM EST
DECEMBER 12 2014......SUNRISE   710 AM EST   SUNSET   428 PM EST


-  INDICATES NEGATIVE NUMBERS.
R  INDICATES RECORD WAS SET OR TIED.
MM INDICATES DATA IS MISSING.
T  INDICATES TRACE AMOUNT.




$$
