000
CDUS41 KOKX 272032
CLILGA


CLIMATE REPORT
NATIONAL WEATHER SERVICE NEW YORK NY
432 PM EDT SAT JUN 27 2015


...................................

...THE LAGUARDIA NY CLIMATE SUMMARY FOR JUNE 27 2015...
VALID TODAY AS OF 0400 PM LOCAL TIME.

CLIMATE NORMAL PERIOD 1981 TO 2010
CLIMATE RECORD PERIOD 1945 TO 2015


WEATHER ITEM   OBSERVED TIME   RECORD YEAR NORMAL DEPARTURE LAST
                VALUE   (LST)  VALUE       VALUE  FROM      YEAR
                                                  NORMAL
..................................................................
TEMPERATURE (F)
 TODAY
  MAXIMUM         74   1147 AM  97    2003  84    -10       82
  MINIMUM         67    259 PM  56    1972  67      0       68
  AVERAGE         71                        75     -4       75

PRECIPITATION (IN)
  TODAY            0.01          0.83 2007   0.12  -0.11     0.00
  MONTH TO DATE    3.49                      3.59  -0.10     3.69
  SINCE JUN 1      3.49                      3.59  -0.10     3.69
  SINCE JAN 1     18.54                     21.28  -2.74    27.57

SNOWFALL (IN)
  TODAY            0.0          MM      MM   0.0    0.0      0.0
  MONTH TO DATE    0.0                       0.0    0.0      0.0
  SINCE OCT 1     53.8                      26.9   26.9     52.4
  SINCE JUL 1     53.8                      26.9   26.9     52.4
  SNOW DEPTH       0

DEGREE DAYS
 HEATING
  TODAY            0                         0      0        0
  MONTH TO DATE   34                        15     19        0
  SINCE JUN 1     34                        15     19        0
  SINCE JUL 1   4984                      4663    321     5016

 COOLING
  TODAY            6                        10     -4       10
  MONTH TO DATE  213                       199     14      196
  SINCE JUN 1    213                       199     14      196
  SINCE JAN 1    335                       265     70      246
..................................................................


WIND (MPH)
  HIGHEST WIND SPEED    22   HIGHEST WIND DIRECTION     E (110)
  HIGHEST GUST SPEED    26   HIGHEST GUST DIRECTION     E (110)
  AVERAGE WIND SPEED     7.9


SKY COVER
  AVERAGE SKY COVER 0.9


WEATHER CONDITIONS
 THE FOLLOWING WEATHER WAS RECORDED TODAY.
  LIGHT RAIN


RELATIVE HUMIDITY (PERCENT)
 HIGHEST    81           400 AM
 LOWEST     41          1000 AM
 AVERAGE    61

..........................................................


THE LAGUARDIA NY CLIMATE NORMALS FOR TOMORROW
                         NORMAL    RECORD    YEAR
 MAXIMUM TEMPERATURE (F)   84        96      2010
 MINIMUM TEMPERATURE (F)   67        55      1995


SUNRISE AND SUNSET
JUNE 27 2015..........SUNRISE   526 AM EDT   SUNSET   831 PM EDT
JUNE 28 2015..........SUNRISE   526 AM EDT   SUNSET   831 PM EDT


-  INDICATES NEGATIVE NUMBERS.
R  INDICATES RECORD WAS SET OR TIED.
MM INDICATES DATA IS MISSING.
T  INDICATES TRACE AMOUNT.




$$
