130
CDUS41 KOKX 160615
CLILGA


CLIMATE REPORT
NATIONAL WEATHER SERVICE NEW YORK NY
215 AM EDT FRI JUN 16 2017


...................................

...THE LAGUARDIA NY CLIMATE SUMMARY FOR JUNE 15 2017...

CLIMATE NORMAL PERIOD 1981 TO 2010
CLIMATE RECORD PERIOD 1939 TO 2017


WEATHER ITEM   OBSERVED TIME   RECORD YEAR NORMAL DEPARTURE LAST
                VALUE   (LST)  VALUE       VALUE  FROM      YEAR
                                                  NORMAL
..................................................................
TEMPERATURE (F)
 YESTERDAY
  MAXIMUM         76    257 PM  96    1988  81     -5       87
                                      1956
  MINIMUM         64   1152 PM  54    1951  64      0       66
  AVERAGE         70                        72     -2       77

PRECIPITATION (IN)
  YESTERDAY        0.00          0.55 2015   0.14  -0.14     0.00
                                      1969
  MONTH TO DATE    0.59                      2.11  -1.52     1.51
  SINCE JUN 1      0.59                      2.11  -1.52     1.51
  SINCE JAN 1     21.36                     19.80   1.56    16.88

SNOWFALL (IN)
  YESTERDAY        0.0          MM      MM   0.0    0.0      0.0
  MONTH TO DATE    0.0                       0.0    0.0      0.0
  SINCE OCT 1     33.2                      26.9    6.3     36.2
  SINCE JUL 1     33.2                      26.9    6.3     36.2
  SNOW DEPTH       0

DEGREE DAYS
 HEATING
  YESTERDAY        0                         0      0        0
  MONTH TO DATE   16                        15      1        2
  SINCE JUN 1     16                        15      1        2
  SINCE JUL 1   3806                      4663   -857     3654

 COOLING
  YESTERDAY        5                         8     -3       12
  MONTH TO DATE  115                        89     26      102
  SINCE JUN 1    115                        89     26      102
  SINCE JAN 1    220                       155     65      221
..................................................................


WIND (MPH)
  HIGHEST WIND SPEED    21   HIGHEST WIND DIRECTION     S (160)
  HIGHEST GUST SPEED    26   HIGHEST GUST DIRECTION     S (170)
  AVERAGE WIND SPEED     9.8


SKY COVER
  AVERAGE SKY COVER 0.4


WEATHER CONDITIONS
 THE FOLLOWING WEATHER WAS RECORDED YESTERDAY.
  NO SIGNIFICANT WEATHER WAS OBSERVED.


RELATIVE HUMIDITY (PERCENT)
 HIGHEST    78           400 AM
 LOWEST     31           200 PM
 AVERAGE    55

..........................................................


THE LAGUARDIA NY CLIMATE NORMALS FOR TODAY
                         NORMAL    RECORD    YEAR
 MAXIMUM TEMPERATURE (F)   81        96      1991
 MINIMUM TEMPERATURE (F)   64        55      1961
                                             1946


SUNRISE AND SUNSET
JUNE 16 2017..........SUNRISE   524 AM EDT   SUNSET   829 PM EDT
JUNE 17 2017..........SUNRISE   524 AM EDT   SUNSET   829 PM EDT


-  INDICATES NEGATIVE NUMBERS.
R  INDICATES RECORD WAS SET OR TIED.
MM INDICATES DATA IS MISSING.
T  INDICATES TRACE AMOUNT.




$$
