000
CDUS41 KOKX 142035
CLILGA


CLIMATE REPORT
NATIONAL WEATHER SERVICE NEW YORK NY
435 PM EDT THU APR 14 2016


...................................

...THE LAGUARDIA NY CLIMATE SUMMARY FOR APRIL 14 2016...
VALID TODAY AS OF 0400 PM LOCAL TIME.

CLIMATE NORMAL PERIOD 1981 TO 2010
CLIMATE RECORD PERIOD 1945 TO 2016


WEATHER ITEM   OBSERVED TIME   RECORD YEAR NORMAL DEPARTURE LAST
                VALUE   (LST)  VALUE       VALUE  FROM      YEAR
                                                  NORMAL
..................................................................
TEMPERATURE (F)
 TODAY
  MAXIMUM         61    256 PM  84    1941  60      1       65
  MINIMUM         43    600 AM  27    1950  44     -1       53
  AVERAGE         52                        52      0       59

PRECIPITATION (IN)
  TODAY            0.00          0.93 1952   0.14  -0.14      T
  MONTH TO DATE    1.20                      1.97  -0.77     0.46
  SINCE MAR 1      2.46                      5.94  -3.48     5.00
  SINCE JAN 1     10.99                     11.87  -0.88    12.08

SNOWFALL (IN)
  TODAY            0.0           0.3  1950   0.0    0.0      0.0
  MONTH TO DATE    T                         0.4   -0.4      0.0
  SINCE OCT 1     36.2                      26.8    9.4     53.8
  SINCE JUL 1     36.2                      26.8    9.4     53.8
  SNOW DEPTH       0

DEGREE DAYS
 HEATING
  TODAY           13                        13      0        6
  MONTH TO DATE  244                       214     30      201
  SINCE MAR 1    739                       921   -182     1035
  SINCE JUL 1   3401                      4350   -949     4757

 COOLING
  TODAY            0                         0      0        0
  MONTH TO DATE    3                         0      3        0
  SINCE MAR 1      8                         0      8        0
  SINCE JAN 1      8                         0      8        0
..................................................................


WIND (MPH)
  HIGHEST WIND SPEED    15   HIGHEST WIND DIRECTION    NE (40)
  HIGHEST GUST SPEED    23   HIGHEST GUST DIRECTION    NE (60)
  AVERAGE WIND SPEED     7.3


SKY COVER
  AVERAGE SKY COVER 0.3


WEATHER CONDITIONS
 THE FOLLOWING WEATHER WAS RECORDED TODAY.
  NO SIGNIFICANT WEATHER WAS OBSERVED.


RELATIVE HUMIDITY (PERCENT)
 HIGHEST    76           500 AM
 LOWEST     22           300 PM
 AVERAGE    49

..........................................................


THE LAGUARDIA NY CLIMATE NORMALS FOR TOMORROW
                         NORMAL    RECORD    YEAR
 MAXIMUM TEMPERATURE (F)   61        86      1941
 MINIMUM TEMPERATURE (F)   44        28      1943


SUNRISE AND SUNSET
APRIL 14 2016.........SUNRISE   618 AM EDT   SUNSET   735 PM EDT
APRIL 15 2016.........SUNRISE   616 AM EDT   SUNSET   736 PM EDT


-  INDICATES NEGATIVE NUMBERS.
R  INDICATES RECORD WAS SET OR TIED.
MM INDICATES DATA IS MISSING.
T  INDICATES TRACE AMOUNT.




$$
