000
CDUS41 KOKX 022145
CLILGA


CLIMATE REPORT
NATIONAL WEATHER SERVICE NEW YORK NY
445 PM EST TUE FEB 2 2016


...................................

...THE LAGUARDIA NY CLIMATE SUMMARY FOR FEBRUARY 2 2016...
VALID TODAY AS OF 0400 PM LOCAL TIME.

CLIMATE NORMAL PERIOD 1981 TO 2010
CLIMATE RECORD PERIOD 1945 TO 2016


WEATHER ITEM   OBSERVED TIME   RECORD YEAR NORMAL DEPARTURE LAST
                VALUE   (LST)  VALUE       VALUE  FROM      YEAR
                                                  NORMAL
..................................................................
TEMPERATURE (F)
 TODAY
  MAXIMUM         52    310 PM  59    1988  40     12       33
                                      1967
  MINIMUM         38    700 AM  -1    1961  27     11       15
  AVERAGE         45                        34     11       24

PRECIPITATION (IN)
  TODAY            0.00          1.75 1973   0.09  -0.09     1.08
  MONTH TO DATE    T                         0.19  -0.19     1.12
  SINCE DEC 1      8.50                      6.92   1.58    12.30
  SINCE JAN 1      4.17                      3.36   0.81     6.10

SNOWFALL (IN)
  TODAY            0.0           6.2  2015   0.3   -0.3      6.1
  MONTH TO DATE    0.0                       0.6   -0.6      6.5
  SINCE OCT 1     28.8                      13.5   15.3     27.9
  SINCE JUL 1     28.8                      13.5   15.3     27.9
  SNOW DEPTH       0

DEGREE DAYS
 HEATING
  TODAY           20                        32    -12       41
  MONTH TO DATE   34                        64    -30       78
  SINCE DEC 1   1369                      1888   -519     1910
  SINCE JUL 1   1931                      2663   -732     2664

 COOLING
  TODAY            0                         0      0        0
  MONTH TO DATE    0                         0      0        0
  SINCE DEC 1      1                         0      1        0
  SINCE JAN 1      0                         0      0        0
..................................................................


WIND (MPH)
  HIGHEST WIND SPEED    12   HIGHEST WIND DIRECTION     N (20)
  HIGHEST GUST SPEED    14   HIGHEST GUST DIRECTION    NE (30)
  AVERAGE WIND SPEED     4.5


SKY COVER
  AVERAGE SKY COVER 0.1


WEATHER CONDITIONS
 THE FOLLOWING WEATHER WAS RECORDED TODAY.
  NO SIGNIFICANT WEATHER WAS OBSERVED.


RELATIVE HUMIDITY (PERCENT)
 HIGHEST    64           700 AM
 LOWEST     35           300 PM
 AVERAGE    50

..........................................................


THE LAGUARDIA NY CLIMATE NORMALS FOR TOMORROW
                         NORMAL    RECORD    YEAR
 MAXIMUM TEMPERATURE (F)   40        64      1991
 MINIMUM TEMPERATURE (F)   27         1      1955


SUNRISE AND SUNSET
FEBRUARY  2 2016......SUNRISE   705 AM EST   SUNSET   514 PM EST
FEBRUARY  3 2016......SUNRISE   704 AM EST   SUNSET   515 PM EST


-  INDICATES NEGATIVE NUMBERS.
R  INDICATES RECORD WAS SET OR TIED.
MM INDICATES DATA IS MISSING.
T  INDICATES TRACE AMOUNT.




$$
