000
CDUS41 KOKX 102032
CLILGA


CLIMATE REPORT
NATIONAL WEATHER SERVICE NEW YORK NY
432 PM EDT WED SEP 10 2014


...................................

...THE LAGUARDIA NY CLIMATE SUMMARY FOR SEPTEMBER 10 2014...
VALID TODAY AS OF 0400 PM LOCAL TIME.

CLIMATE NORMAL PERIOD 1981 TO 2010
CLIMATE RECORD PERIOD 1945 TO 2014


WEATHER ITEM   OBSERVED TIME   RECORD YEAR NORMAL DEPARTURE LAST
                VALUE   (LST)  VALUE       VALUE  FROM      YEAR
                                                  NORMAL
..................................................................
TEMPERATURE (F)
 TODAY
  MAXIMUM         77    156 PM  95    1983  78     -1       88
  MINIMUM         63    702 AM  50    1978  64     -1       69
  AVERAGE         70                        71     -1       79

PRECIPITATION (IN)
  TODAY            0.00          1.47 1945   0.11  -0.11      T
  MONTH TO DATE    0.21                      1.18  -0.97     0.99
  SINCE SEP 1      0.21                      1.18  -0.97     0.99
  SINCE JAN 1     35.27                     31.43   3.84    28.33

SNOWFALL (IN)
  TODAY            0.0          MM      MM   0.0    0.0      0.0
  MONTH TO DATE    0.0                       0.0    0.0      0.0
  SINCE OCT 1     52.4                      26.9   25.5     22.2
  SINCE JUL 1      0.0                       0.0    0.0      0.0
  SNOW DEPTH       0

DEGREE DAYS
 HEATING
  TODAY            0                         0      0        0
  MONTH TO DATE    0                         0      0        0
  SINCE SEP 1      0                         0      0        0
  SINCE JUL 1      0                         1     -1        0

 COOLING
  TODAY            5                         7     -2       14
  MONTH TO DATE  119                        78     41       80
  SINCE SEP 1    119                        78     41       80
  SINCE JAN 1   1106                      1111     -5     1299
..................................................................


WIND (MPH)
  HIGHEST WIND SPEED    16   HIGHEST WIND DIRECTION     E (70)
  HIGHEST GUST SPEED    21   HIGHEST GUST DIRECTION    NE (50)
  AVERAGE WIND SPEED    11.1


SKY COVER
  AVERAGE SKY COVER 0.7


WEATHER CONDITIONS
 THE FOLLOWING WEATHER WAS RECORDED TODAY.
  NO SIGNIFICANT WEATHER WAS OBSERVED.


RELATIVE HUMIDITY (PERCENT)
 HIGHEST    84           700 AM
 LOWEST     50           200 PM
 AVERAGE    67

..........................................................


THE LAGUARDIA NY CLIMATE NORMALS FOR TOMORROW
                         NORMAL    RECORD    YEAR
 MAXIMUM TEMPERATURE (F)   78        96      1983
 MINIMUM TEMPERATURE (F)   64        51      1967


SUNRISE AND SUNSET
SEPTEMBER 10 2014.....SUNRISE   631 AM EDT   SUNSET   713 PM EDT
SEPTEMBER 11 2014.....SUNRISE   632 AM EDT   SUNSET   711 PM EDT


-  INDICATES NEGATIVE NUMBERS.
R  INDICATES RECORD WAS SET OR TIED.
MM INDICATES DATA IS MISSING.
T  INDICATES TRACE AMOUNT.




$$
