000
CDUS41 KOKX 220636
CLILGA


CLIMATE REPORT
NATIONAL WEATHER SERVICE NEW YORK NY
135 AM EST THU JAN 22 2015


...................................

...THE LAGUARDIA NY CLIMATE SUMMARY FOR JANUARY 21 2015...

CLIMATE NORMAL PERIOD 1981 TO 2010
CLIMATE RECORD PERIOD 1945 TO 2015


WEATHER ITEM   OBSERVED TIME   RECORD YEAR NORMAL DEPARTURE LAST
                VALUE   (LST)  VALUE       VALUE  FROM      YEAR
                                                  NORMAL
..................................................................
TEMPERATURE (F)
 YESTERDAY
  MAXIMUM         35    855 PM  64    2006  39     -4       32
  MINIMUM         25    850 AM  -3    1985  26     -1       12
  AVERAGE         30                        33     -3       22

PRECIPITATION (IN)
  YESTERDAY        T             3.13 1979   0.10  -0.10     0.25
  MONTH TO DATE    3.52                      2.18   1.34     2.29
  SINCE DEC 1      9.72                      5.74   3.98     6.75
  SINCE JAN 1      3.52                      2.18   1.34     2.29

SNOWFALL (IN)
  YESTERDAY        T             8.1  2014   0.2   -0.2      8.1
  MONTH TO DATE    2.8                       5.0   -2.2     16.1
  SINCE OCT 1      4.5                      10.5   -6.0     23.9
  SINCE JUL 1      4.5                      10.5   -6.0     23.9
  SNOW DEPTH       0

DEGREE DAYS
 HEATING
  YESTERDAY       35                        32      3       43
  MONTH TO DATE  728                       668     60      684
  SINCE DEC 1   1477                      1499    -22     1509
  SINCE JUL 1   2231                      2274    -43     2291

 COOLING
  YESTERDAY        0                         0      0        0
  MONTH TO DATE    0                         0      0        0
  SINCE DEC 1      0                         0      0        0
  SINCE JAN 1      0                         0      0        0
..................................................................


WIND (MPH)
  HIGHEST WIND SPEED    12   HIGHEST WIND DIRECTION    NE (50)
  HIGHEST GUST SPEED    16   HIGHEST GUST DIRECTION    NE (50)
  AVERAGE WIND SPEED     6.9


SKY COVER
  AVERAGE SKY COVER 0.7


WEATHER CONDITIONS
 THE FOLLOWING WEATHER WAS RECORDED YESTERDAY.
  NO SIGNIFICANT WEATHER WAS OBSERVED.


RELATIVE HUMIDITY (PERCENT)
 HIGHEST    55           500 AM
 LOWEST     30           300 PM
 AVERAGE    43

..........................................................


THE LAGUARDIA NY CLIMATE NORMALS FOR TODAY
                         NORMAL    RECORD    YEAR
 MAXIMUM TEMPERATURE (F)   39        57      1973
                                             1967
                                             1959
 MINIMUM TEMPERATURE (F)   26         5      2005


SUNRISE AND SUNSET
JANUARY 22 2015.......SUNRISE   714 AM EST   SUNSET   501 PM EST
JANUARY 23 2015.......SUNRISE   713 AM EST   SUNSET   502 PM EST


-  INDICATES NEGATIVE NUMBERS.
R  INDICATES RECORD WAS SET OR TIED.
MM INDICATES DATA IS MISSING.
T  INDICATES TRACE AMOUNT.




$$
