313
CDUS41 KOKX 200619
CLILGA


CLIMATE REPORT
NATIONAL WEATHER SERVICE NEW YORK NY
219 AM EDT SAT MAY 20 2017


...................................

...THE LAGUARDIA NY CLIMATE SUMMARY FOR MAY 19 2017...

CLIMATE NORMAL PERIOD 1981 TO 2010
CLIMATE RECORD PERIOD 1939 TO 2017


WEATHER ITEM   OBSERVED TIME   RECORD YEAR NORMAL DEPARTURE LAST
                VALUE   (LST)  VALUE       VALUE  FROM      YEAR
                                                  NORMAL
..................................................................
TEMPERATURE (F)
 YESTERDAY
  MAXIMUM         96R   539 PM  95    1962  72     24       71
  MINIMUM         68   1159 PM  43    2002  55     13       56
                                      1976
  AVERAGE         82                        63     19       64

PRECIPITATION (IN)
  YESTERDAY        0.00          2.00 1999   0.12  -0.12     0.00
  MONTH TO DATE    4.08                      2.17   1.91     1.93
  SINCE MAR 1     12.86                     10.14   2.72     4.85
  SINCE JAN 1     18.86                     16.07   2.79    13.38

SNOWFALL (IN)
  YESTERDAY        0.0          MM      MM   0.0    0.0      0.0
  MONTH TO DATE    0.0                       0.0    0.0      0.0
  SINCE OCT 1     33.2                      26.9    6.3     36.2
  SINCE JUL 1     33.2                      26.9    6.3     36.2
  SNOW DEPTH       0

DEGREE DAYS
 HEATING
  YESTERDAY        0                         4     -4        1
  MONTH TO DATE   94                       104    -10      136
  SINCE MAR 1   1075                      1189   -114      985
  SINCE JUL 1   3762                      4618   -856     3647

 COOLING
  YESTERDAY       17                         2     15        0
  MONTH TO DATE   67                        23     44        3
  SINCE MAR 1     98                        31     67       16
  SINCE JAN 1     98                        31     67       16
..................................................................


WIND (MPH)
  HIGHEST WIND SPEED    24   HIGHEST WIND DIRECTION     N (360)
  HIGHEST GUST SPEED    31   HIGHEST GUST DIRECTION     N (350)
  AVERAGE WIND SPEED    13.1


SKY COVER
  AVERAGE SKY COVER 0.4


WEATHER CONDITIONS
 THE FOLLOWING WEATHER WAS RECORDED YESTERDAY.
  NO SIGNIFICANT WEATHER WAS OBSERVED.


RELATIVE HUMIDITY (PERCENT)
 HIGHEST    58           400 AM
 LOWEST     28           300 PM
 AVERAGE    43

..........................................................


THE LAGUARDIA NY CLIMATE NORMALS FOR TODAY
                         NORMAL    RECORD    YEAR
 MAXIMUM TEMPERATURE (F)   72        97      1996
 MINIMUM TEMPERATURE (F)   55        44      2002


SUNRISE AND SUNSET
MAY 20 2017...........SUNRISE   534 AM EDT   SUNSET   811 PM EDT
MAY 21 2017...........SUNRISE   533 AM EDT   SUNSET   812 PM EDT


-  INDICATES NEGATIVE NUMBERS.
R  INDICATES RECORD WAS SET OR TIED.
MM INDICATES DATA IS MISSING.
T  INDICATES TRACE AMOUNT.




$$
