000
CDUS41 KOKX 110618
CLILGA


CLIMATE REPORT
NATIONAL WEATHER SERVICE NEW YORK NY
217 AM EDT WED MAY 11 2016


...................................

...THE LAGUARDIA NY CLIMATE SUMMARY FOR MAY 10 2016...

CLIMATE NORMAL PERIOD 1981 TO 2010
CLIMATE RECORD PERIOD 1945 TO 2016


WEATHER ITEM   OBSERVED TIME   RECORD YEAR NORMAL DEPARTURE LAST
                VALUE   (LST)  VALUE       VALUE  FROM      YEAR
                                                  NORMAL
..................................................................
TEMPERATURE (F)
 YESTERDAY
  MAXIMUM         65   1201 PM  91    1979  69     -4       82
                                      1970
  MINIMUM         51    554 AM  38    1966  52     -1       57
  AVERAGE         58                        61     -3       70

PRECIPITATION (IN)
  YESTERDAY        0.00          1.44 1989   0.11  -0.11     0.00
  MONTH TO DATE    1.68                      1.14   0.54     0.01
  SINCE MAR 1      4.60                      9.11  -4.51     6.37
  SINCE JAN 1     13.13                     15.04  -1.91    13.45

SNOWFALL (IN)
  YESTERDAY        0.0          MM      MM   0.0    0.0      0.0
  MONTH TO DATE    0.0                       0.0    0.0      0.0
  SINCE OCT 1     36.2                      26.9    9.3     53.8
  SINCE JUL 1     36.2                      26.9    9.3     53.8
  SNOW DEPTH       0

DEGREE DAYS
 HEATING
  YESTERDAY        7                         5      2        0
  MONTH TO DATE  105                        65     40       26
  SINCE MAR 1    954                      1150   -196     1204
  SINCE JUL 1   3616                      4579   -963     4926

 COOLING
  YESTERDAY        0                         1     -1        5
  MONTH TO DATE    0                        10    -10       18
  SINCE MAR 1     13                        18     -5       20
  SINCE JAN 1     13                        18     -5       20
..................................................................


WIND (MPH)
  HIGHEST WIND SPEED    17   HIGHEST WIND DIRECTION    SW (230)
  HIGHEST GUST SPEED    20   HIGHEST GUST DIRECTION     W (250)
  AVERAGE WIND SPEED     6.9


SKY COVER
  AVERAGE SKY COVER 0.7


WEATHER CONDITIONS
 THE FOLLOWING WEATHER WAS RECORDED YESTERDAY.
  NO SIGNIFICANT WEATHER WAS OBSERVED.


RELATIVE HUMIDITY (PERCENT)
 HIGHEST    44           600 AM
 LOWEST     27          1100 AM
 AVERAGE    36

..........................................................


THE LAGUARDIA NY CLIMATE NORMALS FOR TODAY
                         NORMAL    RECORD    YEAR
 MAXIMUM TEMPERATURE (F)   70        96      1953
 MINIMUM TEMPERATURE (F)   52        42      1945


SUNRISE AND SUNSET
MAY 11 2016...........SUNRISE   542 AM EDT   SUNSET   803 PM EDT
MAY 12 2016...........SUNRISE   541 AM EDT   SUNSET   804 PM EDT


-  INDICATES NEGATIVE NUMBERS.
R  INDICATES RECORD WAS SET OR TIED.
MM INDICATES DATA IS MISSING.
T  INDICATES TRACE AMOUNT.




$$
