000
CDUS41 KOKX 140617
CLILGA


CLIMATE REPORT
NATIONAL WEATHER SERVICE NEW YORK NY
217 AM EDT SUN SEP 14 2014


...................................

...THE LAGUARDIA NY CLIMATE SUMMARY FOR SEPTEMBER 13 2014...

CLIMATE NORMAL PERIOD 1981 TO 2010
CLIMATE RECORD PERIOD 1945 TO 2014


WEATHER ITEM   OBSERVED TIME   RECORD YEAR NORMAL DEPARTURE LAST
                VALUE   (LST)  VALUE       VALUE  FROM      YEAR
                                                  NORMAL
..................................................................
TEMPERATURE (F)
 YESTERDAY
  MAXIMUM         70   1224 PM  93    1952  77     -7       77
  MINIMUM         61   1159 PM  50    1985  63     -2       60
                                      1963
  AVERAGE         66                        70     -4       69

PRECIPITATION (IN)
  YESTERDAY        0.19          2.93 1944   0.12   0.07     0.03
  MONTH TO DATE    0.40                      1.54  -1.14     2.29
  SINCE SEP 1      0.40                      1.54  -1.14     2.29
  SINCE JAN 1     35.46                     31.79   3.67    29.63

SNOWFALL (IN)
  YESTERDAY        0.0          MM      MM   0.0    0.0      0.0
  MONTH TO DATE    0.0                       0.0    0.0      0.0
  SINCE OCT 1     52.4                      26.9   25.5     22.2
  SINCE JUL 1      0.0                       0.0    0.0      0.0
  SNOW DEPTH       0

DEGREE DAYS
 HEATING
  YESTERDAY        0                         1     -1        0
  MONTH TO DATE    0                         2     -2        0
  SINCE SEP 1      0                         2     -2        0
  SINCE JUL 1      0                         3     -3        0

 COOLING
  YESTERDAY        1                         6     -5        4
  MONTH TO DATE  136                        96     40      119
  SINCE SEP 1    136                        96     40      119
  SINCE JAN 1   1123                      1129     -6     1338
..................................................................


WIND (MPH)
  HIGHEST WIND SPEED    21   HIGHEST WIND DIRECTION     E (110)
  HIGHEST GUST SPEED    24   HIGHEST GUST DIRECTION    NW (320)
  AVERAGE WIND SPEED    11.9


SKY COVER
  AVERAGE SKY COVER 0.8


WEATHER CONDITIONS
 THE FOLLOWING WEATHER WAS RECORDED YESTERDAY.
  RAIN
  LIGHT RAIN
  FOG


RELATIVE HUMIDITY (PERCENT)
 HIGHEST    93           600 PM
 LOWEST     57          1000 AM
 AVERAGE    75

..........................................................


THE LAGUARDIA NY CLIMATE NORMALS FOR TODAY
                         NORMAL    RECORD    YEAR
 MAXIMUM TEMPERATURE (F)   77        89      2008
                                             1995
 MINIMUM TEMPERATURE (F)   63        48      1975


SUNRISE AND SUNSET
SEPTEMBER 14 2014.....SUNRISE   635 AM EDT   SUNSET   706 PM EDT
SEPTEMBER 15 2014.....SUNRISE   636 AM EDT   SUNSET   705 PM EDT


-  INDICATES NEGATIVE NUMBERS.
R  INDICATES RECORD WAS SET OR TIED.
MM INDICATES DATA IS MISSING.
T  INDICATES TRACE AMOUNT.




$$
