018
CDUS41 KOKX 150615
CLILGA


CLIMATE REPORT
NATIONAL WEATHER SERVICE NEW YORK NY
115 AM EST MON JAN 15 2018


...................................

...THE LAGUARDIA NY CLIMATE SUMMARY FOR JANUARY 14 2018...

CLIMATE NORMAL PERIOD 1981 TO 2010
CLIMATE RECORD PERIOD 1939 TO 2018


WEATHER ITEM   OBSERVED TIME   RECORD YEAR NORMAL DEPARTURE LAST
                VALUE   (LST)  VALUE       VALUE  FROM      YEAR
                                                  NORMAL
..................................................................
TEMPERATURE (F)
 YESTERDAY
  MAXIMUM         24    338 PM  64    1995  39    -15       34
  MINIMUM         15    813 AM   7    1988  26    -11       29
  AVERAGE         20                        33    -13       32

PRECIPITATION (IN)
  YESTERDAY        0.00          2.04 1940   0.11  -0.11     0.10
  MONTH TO DATE    1.31                      1.46  -0.15     1.62
  SINCE DEC 1      3.37                      5.02  -1.65     4.57
  SINCE JAN 1      1.31                      1.46  -0.15     1.62

SNOWFALL (IN)
  YESTERDAY        0.0           4.7  1977   0.2   -0.2      0.6
  MONTH TO DATE    7.4                       3.4    4.0      8.9
  SINCE OCT 1     15.4                       8.9    6.5     11.9
  SINCE JUL 1     15.4                       8.9    6.5     11.9
  SNOW DEPTH       0

DEGREE DAYS
 HEATING
  YESTERDAY       45                        32     13       33
  MONTH TO DATE  545                       444    101      381
  SINCE DEC 1   1430                      1275    155     1139
  SINCE JUL 1   2021                      2050    -29     1677

 COOLING
  YESTERDAY        0                         0      0        0
  MONTH TO DATE    0                         0      0        0
  SINCE DEC 1      0                         0      0        0
  SINCE JAN 1      0                         0      0        0
..................................................................


WIND (MPH)
  HIGHEST WIND SPEED    22   HIGHEST WIND DIRECTION    NW (320)
  HIGHEST GUST SPEED    27   HIGHEST GUST DIRECTION    NW (300)
  AVERAGE WIND SPEED    14.2


SKY COVER
  AVERAGE SKY COVER 0.3


WEATHER CONDITIONS
 THE FOLLOWING WEATHER WAS RECORDED YESTERDAY.
  NO SIGNIFICANT WEATHER WAS OBSERVED.


RELATIVE HUMIDITY (PERCENT)
 HIGHEST    59           600 AM
 LOWEST     34           200 PM
 AVERAGE    47

..........................................................


THE LAGUARDIA NY CLIMATE NORMALS FOR TODAY
                         NORMAL    RECORD    YEAR
 MAXIMUM TEMPERATURE (F)   39        62      1995
 MINIMUM TEMPERATURE (F)   26         0      1957


SUNRISE AND SUNSET
JANUARY 15 2018.......SUNRISE   718 AM EST   SUNSET   453 PM EST
JANUARY 16 2018.......SUNRISE   717 AM EST   SUNSET   454 PM EST


-  INDICATES NEGATIVE NUMBERS.
R  INDICATES RECORD WAS SET OR TIED.
MM INDICATES DATA IS MISSING.
T  INDICATES TRACE AMOUNT.




$$
