000
CDUS41 KOKX 152036
CLILGA


CLIMATE REPORT
NATIONAL WEATHER SERVICE NEW YORK NY
436 PM EDT WED MAR 15 2017


...................................

...THE LAGUARDIA NY CLIMATE SUMMARY FOR MARCH 15 2017...
VALID TODAY AS OF 0400 PM LOCAL TIME.

CLIMATE NORMAL PERIOD 1981 TO 2010
CLIMATE RECORD PERIOD 1939 TO 2017


WEATHER ITEM   OBSERVED TIME   RECORD YEAR NORMAL DEPARTURE LAST
                VALUE   (LST)  VALUE       VALUE  FROM      YEAR
                                                  NORMAL
..................................................................
TEMPERATURE (F)
 TODAY
  MAXIMUM         30    121 PM  74    1990  49    -19       57
  MINIMUM         23    621 AM  14    1993  34    -11       44
  AVERAGE         27                        42    -15       51

PRECIPITATION (IN)
  TODAY            T             1.61 1946   0.13  -0.13      T
  MONTH TO DATE    1.55                      1.80  -0.25     0.48
  SINCE MAR 1      1.55                      1.80  -0.25     0.48
  SINCE JAN 1      7.55                      7.73  -0.18     9.01

SNOWFALL (IN)
  TODAY            T             2.5  1999   0.2   -0.2      0.0
  MONTH TO DATE    9.8                       2.9    6.9      1.2
  SINCE OCT 1     33.2                      24.9    8.3     35.6
  SINCE JUL 1     33.2                      24.9    8.3     35.6
  SNOW DEPTH       7

DEGREE DAYS
 HEATING
  TODAY           38                        23     15       14
  MONTH TO DATE  397                       378     19      253
  SINCE MAR 1    397                       378     19      253
  SINCE JUL 1   3084                      3807   -723     2915

 COOLING
  TODAY            0                         0      0        0
  MONTH TO DATE    0                         0      0        5
  SINCE MAR 1      0                         0      0        5
  SINCE JAN 1      0                         0      0        5
..................................................................


WIND (MPH)
  HIGHEST WIND SPEED    29   HIGHEST WIND DIRECTION     W (280)
  HIGHEST GUST SPEED    38   HIGHEST GUST DIRECTION    NW (300)
  AVERAGE WIND SPEED    18.9


SKY COVER
  AVERAGE SKY COVER 0.6


WEATHER CONDITIONS
 THE FOLLOWING WEATHER WAS RECORDED TODAY.
  LIGHT SNOW
  HAZE


RELATIVE HUMIDITY (PERCENT)
 HIGHEST    59           600 AM
 LOWEST     46          1000 AM
 AVERAGE    53

..........................................................


THE LAGUARDIA NY CLIMATE NORMALS FOR TOMORROW
                         NORMAL    RECORD    YEAR
 MAXIMUM TEMPERATURE (F)   50        77      1990
 MINIMUM TEMPERATURE (F)   34        19      1992
                                             1979


SUNRISE AND SUNSET
MARCH 15 2017.........SUNRISE   707 AM EDT   SUNSET   703 PM EDT
MARCH 16 2017.........SUNRISE   705 AM EDT   SUNSET   704 PM EDT


-  INDICATES NEGATIVE NUMBERS.
R  INDICATES RECORD WAS SET OR TIED.
MM INDICATES DATA IS MISSING.
T  INDICATES TRACE AMOUNT.




$$
