000
CDUS41 KOKX 150624
CLILGA


CLIMATE REPORT
NATIONAL WEATHER SERVICE NEW YORK NY
224 AM EDT MON AUG 15 2016


...................................

...THE LAGUARDIA NY CLIMATE SUMMARY FOR AUGUST 14 2016...

CLIMATE NORMAL PERIOD 1981 TO 2010
CLIMATE RECORD PERIOD 1939 TO 2016


WEATHER ITEM   OBSERVED TIME   RECORD YEAR NORMAL DEPARTURE LAST
                VALUE   (LST)  VALUE       VALUE  FROM      YEAR
                                                  NORMAL
..................................................................
TEMPERATURE (F)
 YESTERDAY
  MAXIMUM         98R   618 PM  97    1988  84     14       88
  MINIMUM         81    646 PM  59    1964  69     12       71
                                      1941
  AVERAGE         90                        77     13       80

PRECIPITATION (IN)
  YESTERDAY        0.01          6.60 2011   0.14  -0.13     0.00
  MONTH TO DATE    0.70                      1.98  -1.28     1.48
  SINCE JUN 1      7.92                     10.42  -2.50     9.82
  SINCE JAN 1     23.29                     28.11  -4.82    24.87

SNOWFALL (IN)
  YESTERDAY        0.0          MM      MM   0.0    0.0      0.0
  MONTH TO DATE    0.0                       0.0    0.0      0.0
  SINCE OCT 1     36.2                      26.9    9.3     53.8
  SINCE JUL 1      0.0                       0.0    0.0      0.0
  SNOW DEPTH       0

DEGREE DAYS
 HEATING
  YESTERDAY        0                         0      0        0
  MONTH TO DATE    0                         0      0        0
  SINCE JUN 1      2                        16    -14       34
  SINCE JUL 1      0                         0      0        0

 COOLING
  YESTERDAY       25                        12     13       15
  MONTH TO DATE  239                       172     67      192
  SINCE JUN 1   1015                       788    227      867
  SINCE JAN 1   1134                       854    280      989
..................................................................


WIND (MPH)
  HIGHEST WIND SPEED    32   HIGHEST WIND DIRECTION    NW (320)
  HIGHEST GUST SPEED    37   HIGHEST GUST DIRECTION    NW (320)
  AVERAGE WIND SPEED     9.1


SKY COVER
  AVERAGE SKY COVER 0.5


WEATHER CONDITIONS
 THE FOLLOWING WEATHER WAS RECORDED YESTERDAY.
  THUNDERSTORM
  LIGHT RAIN
  HAZE


RELATIVE HUMIDITY (PERCENT)
 HIGHEST    70           500 AM
 LOWEST     42           200 PM
 AVERAGE    56

..........................................................


THE LAGUARDIA NY CLIMATE NORMALS FOR TODAY
                         NORMAL    RECORD    YEAR
 MAXIMUM TEMPERATURE (F)   84        97      1985
 MINIMUM TEMPERATURE (F)   69        59      1964


SUNRISE AND SUNSET
AUGUST 15 2016........SUNRISE   606 AM EDT   SUNSET   753 PM EDT
AUGUST 16 2016........SUNRISE   607 AM EDT   SUNSET   752 PM EDT


-  INDICATES NEGATIVE NUMBERS.
R  INDICATES RECORD WAS SET OR TIED.
MM INDICATES DATA IS MISSING.
T  INDICATES TRACE AMOUNT.




$$
