000
CDUS41 KOKX 110622
CLILGA


CLIMATE REPORT
NATIONAL WEATHER SERVICE NEW YORK NY
221 AM EDT SAT OCT 11 2014


...................................

...THE LAGUARDIA NY CLIMATE SUMMARY FOR OCTOBER 10 2014...

CLIMATE NORMAL PERIOD 1981 TO 2010
CLIMATE RECORD PERIOD 1945 TO 2014


WEATHER ITEM   OBSERVED TIME   RECORD YEAR NORMAL DEPARTURE LAST
                VALUE   (LST)  VALUE       VALUE  FROM      YEAR
                                                  NORMAL
..................................................................
TEMPERATURE (F)
 YESTERDAY
  MAXIMUM         64    205 PM  89    1949  67     -3       66
  MINIMUM         54    611 AM  36    1979  53      1       54
  AVERAGE         59                        60     -1       60

PRECIPITATION (IN)
  YESTERDAY        T             2.26 1971   0.13  -0.13      T
  MONTH TO DATE    1.11                      1.25  -0.14     0.37
  SINCE SEP 1      2.35                      4.98  -2.63     3.66
  SINCE JAN 1     37.41                     35.23   2.18    31.00

SNOWFALL (IN)
  YESTERDAY        0.0          MM      MM   0.0    0.0      0.0
  MONTH TO DATE    0.0                       0.0    0.0      0.0
  SINCE OCT 1      0.0                       0.0    0.0      0.0
  SINCE JUL 1      0.0                       0.0    0.0      0.0
  SNOW DEPTH       0

DEGREE DAYS
 HEATING
  YESTERDAY        6                         6      0        5
  MONTH TO DATE   30                        48    -18       15
  SINCE SEP 1     43                        82    -39       46
  SINCE JUL 1     43                        83    -40       46

 COOLING
  YESTERDAY        0                         1     -1        0
  MONTH TO DATE    7                        15     -8       48
  SINCE SEP 1    188                       172     16      180
  SINCE JAN 1   1175                      1205    -30     1399
..................................................................


WIND (MPH)
  HIGHEST WIND SPEED    14   HIGHEST WIND DIRECTION    NW (310)
  HIGHEST GUST SPEED    17   HIGHEST GUST DIRECTION    NW (310)
  AVERAGE WIND SPEED     4.6


SKY COVER
  AVERAGE SKY COVER 0.8


WEATHER CONDITIONS
 THE FOLLOWING WEATHER WAS RECORDED YESTERDAY.
  LIGHT RAIN


RELATIVE HUMIDITY (PERCENT)
 HIGHEST    55           200 AM
 LOWEST     36           100 PM
 AVERAGE    46

..........................................................


THE LAGUARDIA NY CLIMATE NORMALS FOR TODAY
                         NORMAL    RECORD    YEAR
 MAXIMUM TEMPERATURE (F)   67        86      1955
 MINIMUM TEMPERATURE (F)   53        36      1964


SUNRISE AND SUNSET
OCTOBER 11 2014.......SUNRISE   702 AM EDT   SUNSET   622 PM EDT
OCTOBER 12 2014.......SUNRISE   704 AM EDT   SUNSET   620 PM EDT


-  INDICATES NEGATIVE NUMBERS.
R  INDICATES RECORD WAS SET OR TIED.
MM INDICATES DATA IS MISSING.
T  INDICATES TRACE AMOUNT.




$$
