000
CDUS41 KOKX 110617
CLILGA


CLIMATE REPORT
NATIONAL WEATHER SERVICE NEW YORK NY
217 AM EDT TUE APR 11 2017


...................................

...THE LAGUARDIA NY CLIMATE SUMMARY FOR APRIL 10 2017...

CLIMATE NORMAL PERIOD 1981 TO 2010
CLIMATE RECORD PERIOD 1939 TO 2017


WEATHER ITEM   OBSERVED TIME   RECORD YEAR NORMAL DEPARTURE LAST
                VALUE   (LST)  VALUE       VALUE  FROM      YEAR
                                                  NORMAL
..................................................................
TEMPERATURE (F)
 YESTERDAY
  MAXIMUM         73    310 PM  82    1955  59     14       50
  MINIMUM         52    600 AM  29    1985  43      9       33
                                      1974
  AVERAGE         63                        51     12       42

PRECIPITATION (IN)
  YESTERDAY        0.00          2.85 1983   0.14  -0.14     0.00
  MONTH TO DATE    2.49                      1.40   1.09     0.97
  SINCE MAR 1      7.18                      5.37   1.81     2.23
  SINCE JAN 1     13.18                     11.30   1.88    10.76

SNOWFALL (IN)
  YESTERDAY        0.0           0.3  1974   0.0    0.0      0.0
  MONTH TO DATE    0.0                       0.3   -0.3       T
  SINCE OCT 1     33.2                      26.7    6.5     36.2
  SINCE JUL 1     33.2                      26.7    6.5     36.2
  SNOW DEPTH       0

DEGREE DAYS
 HEATING
  YESTERDAY        2                        14    -12       23
  MONTH TO DATE  126                       160    -34      191
  SINCE MAR 1    861                       867     -6      686
  SINCE JUL 1   3548                      4296   -748     3348

 COOLING
  YESTERDAY        0                         0      0        0
  MONTH TO DATE    0                         0      0        3
  SINCE MAR 1      0                         0      0        8
  SINCE JAN 1      0                         0      0        8
..................................................................


WIND (MPH)
  HIGHEST WIND SPEED    16   HIGHEST WIND DIRECTION     S (160)
  HIGHEST GUST SPEED    19   HIGHEST GUST DIRECTION     S (170)
  AVERAGE WIND SPEED     9.0


SKY COVER
  AVERAGE SKY COVER 0.7


WEATHER CONDITIONS
 THE FOLLOWING WEATHER WAS RECORDED YESTERDAY.
  NO SIGNIFICANT WEATHER WAS OBSERVED.


RELATIVE HUMIDITY (PERCENT)
 HIGHEST    54           600 AM
 LOWEST     28          1000 AM
 AVERAGE    41

..........................................................


THE LAGUARDIA NY CLIMATE NORMALS FOR TODAY
                         NORMAL    RECORD    YEAR
 MAXIMUM TEMPERATURE (F)   59        82      1955
 MINIMUM TEMPERATURE (F)   43        32      1943


SUNRISE AND SUNSET
APRIL 11 2017.........SUNRISE   623 AM EDT   SUNSET   731 PM EDT
APRIL 12 2017.........SUNRISE   621 AM EDT   SUNSET   732 PM EDT


-  INDICATES NEGATIVE NUMBERS.
R  INDICATES RECORD WAS SET OR TIED.
MM INDICATES DATA IS MISSING.
T  INDICATES TRACE AMOUNT.




$$
