000
CDUS41 KOKX 070616
CLILGA


CLIMATE REPORT
NATIONAL WEATHER SERVICE NEW YORK NY
116 AM EST TUE MAR 7 2017


...................................

...THE LAGUARDIA NY CLIMATE SUMMARY FOR MARCH 6 2017...

CLIMATE NORMAL PERIOD 1981 TO 2010
CLIMATE RECORD PERIOD 1939 TO 2017


WEATHER ITEM   OBSERVED TIME   RECORD YEAR NORMAL DEPARTURE LAST
                VALUE   (LST)  VALUE       VALUE  FROM      YEAR
                                                  NORMAL
..................................................................
TEMPERATURE (F)
 YESTERDAY
  MAXIMUM         45    210 PM  64    1976  47     -2       47
  MINIMUM         28    711 AM  14    2007  32     -4       33
                                      1948
  AVERAGE         37                        39     -2       40

PRECIPITATION (IN)
  YESTERDAY        0.00          2.47 1979   0.12  -0.12     0.00
  MONTH TO DATE    0.12                      0.70  -0.58     0.25
  SINCE MAR 1      0.12                      0.70  -0.58     0.25
  SINCE JAN 1      6.12                      6.63  -0.51     8.78

SNOWFALL (IN)
  YESTERDAY        0.0           4.4  1990   0.2   -0.2      0.0
  MONTH TO DATE    0.0                       1.3   -1.3      1.2
  SINCE OCT 1     23.4                      23.3    0.1     35.6
  SINCE JUL 1     23.4                      23.3    0.1     35.6
  SNOW DEPTH       0

DEGREE DAYS
 HEATING
  YESTERDAY       28                        26      2       25
  MONTH TO DATE  150                       158     -8      156
  SINCE MAR 1    150                       158     -8      156
  SINCE JUL 1   2837                      3587   -750     2818

 COOLING
  YESTERDAY        0                         0      0        0
  MONTH TO DATE    0                         0      0        0
  SINCE MAR 1      0                         0      0        0
  SINCE JAN 1      0                         0      0        0
..................................................................


WIND (MPH)
  HIGHEST WIND SPEED    16   HIGHEST WIND DIRECTION     S (180)
  HIGHEST GUST SPEED    20   HIGHEST GUST DIRECTION     S (190)
  AVERAGE WIND SPEED     8.2


SKY COVER
  AVERAGE SKY COVER 0.5


WEATHER CONDITIONS
 THE FOLLOWING WEATHER WAS RECORDED YESTERDAY.
  NO SIGNIFICANT WEATHER WAS OBSERVED.


RELATIVE HUMIDITY (PERCENT)
 HIGHEST    53          1100 PM
 LOWEST     22          1000 AM
 AVERAGE    38

..........................................................


THE LAGUARDIA NY CLIMATE NORMALS FOR TODAY
                         NORMAL    RECORD    YEAR
 MAXIMUM TEMPERATURE (F)   47        69      2009
                                             1987
 MINIMUM TEMPERATURE (F)   32        14      2007
                                             1990
                                             1989


SUNRISE AND SUNSET
MARCH  7 2017.........SUNRISE   620 AM EST   SUNSET   554 PM EST
MARCH  8 2017.........SUNRISE   618 AM EST   SUNSET   555 PM EST


-  INDICATES NEGATIVE NUMBERS.
R  INDICATES RECORD WAS SET OR TIED.
MM INDICATES DATA IS MISSING.
T  INDICATES TRACE AMOUNT.




$$
