197
CDUS41 KOKX 132038
CLILGA


CLIMATE REPORT
NATIONAL WEATHER SERVICE NEW YORK NY
438 PM EDT WED JUL 13 2016


...................................

...THE LAGUARDIA NY CLIMATE SUMMARY FOR JULY 13 2016...
VALID TODAY AS OF 0400 PM LOCAL TIME.

CLIMATE NORMAL PERIOD 1981 TO 2010
CLIMATE RECORD PERIOD 1939 TO 2016


WEATHER ITEM   OBSERVED TIME   RECORD YEAR NORMAL DEPARTURE LAST
                VALUE   (LST)  VALUE       VALUE  FROM      YEAR
                                                  NORMAL
..................................................................
TEMPERATURE (F)
 TODAY
  MAXIMUM         86   1240 PM  99    1966  86      0       85
  MINIMUM         73    520 AM  58    1990  70      3       74
  AVERAGE         80                        78      2       80

PRECIPITATION (IN)
  TODAY            0.00          2.01 1972   0.16  -0.16     0.00
  MONTH TO DATE    1.80                      1.75   0.05     0.73
  SINCE JUN 1      4.04                      5.69  -1.65     5.53
  SINCE JAN 1     19.41                     23.38  -3.97    20.58

SNOWFALL (IN)
  TODAY            0.0          MM      MM   0.0    0.0      0.0
  MONTH TO DATE    0.0                       0.0    0.0      0.0
  SINCE OCT 1     36.2                      26.9    9.3     53.8
  SINCE JUL 1      0.0                       0.0    0.0      0.0
  SNOW DEPTH       0

DEGREE DAYS
 HEATING
  TODAY            0                         0      0        0
  MONTH TO DATE    0                         0      0        0
  SINCE JUN 1      2                        16    -14       34
  SINCE JUL 1      0                         0      0        0

 COOLING
  TODAY           15                        13      2       15
  MONTH TO DATE  164                       154     10      167
  SINCE JUN 1    434                       385     49      395
  SINCE JAN 1    553                       451    102      517
..................................................................


WIND (MPH)
  HIGHEST WIND SPEED    22   HIGHEST WIND DIRECTION     S (160)
  HIGHEST GUST SPEED    25   HIGHEST GUST DIRECTION     S (160)
  AVERAGE WIND SPEED     8.6


SKY COVER
  AVERAGE SKY COVER 0.4


WEATHER CONDITIONS
 THE FOLLOWING WEATHER WAS RECORDED TODAY.
  NO SIGNIFICANT WEATHER WAS OBSERVED.


RELATIVE HUMIDITY (PERCENT)
 HIGHEST    79           300 AM
 LOWEST     55           200 PM
 AVERAGE    67

..........................................................


THE LAGUARDIA NY CLIMATE NORMALS FOR TOMORROW
                         NORMAL    RECORD    YEAR
 MAXIMUM TEMPERATURE (F)   86        99      1954
 MINIMUM TEMPERATURE (F)   70        59      1940


SUNRISE AND SUNSET
JULY 13 2016..........SUNRISE   536 AM EDT   SUNSET   827 PM EDT
JULY 14 2016..........SUNRISE   537 AM EDT   SUNSET   826 PM EDT


-  INDICATES NEGATIVE NUMBERS.
R  INDICATES RECORD WAS SET OR TIED.
MM INDICATES DATA IS MISSING.
T  INDICATES TRACE AMOUNT.




$$
