865
CDUS41 KOKX 191247
CLILGA


CLIMATE REPORT
NATIONAL WEATHER SERVICE NEW YORK NY
847 AM EDT THU MAY 19 2016


...................................

...THE LAGUARDIA NY CLIMATE SUMMARY FOR MAY 18 2016...

CLIMATE NORMAL PERIOD 1981 TO 2010
CLIMATE RECORD PERIOD 1945 TO 2016


WEATHER ITEM   OBSERVED TIME   RECORD YEAR NORMAL DEPARTURE LAST
                VALUE   (LST)  VALUE       VALUE  FROM      YEAR
                                                  NORMAL
..................................................................
TEMPERATURE (F)
 YESTERDAY
  MAXIMUM         69    131 PM  86    1989  72     -3       71
                                      1986
                                      1977
  MINIMUM         55    543 AM  44    2002  54      1       56
                                      1973
  AVERAGE         62                        63     -1       64

PRECIPITATION (IN)
  YESTERDAY        T             1.44 2002   0.12  -0.12     0.00
  MONTH TO DATE    1.93                      2.05  -0.12     0.30
  SINCE MAR 1      4.85                     10.02  -5.17     6.66
  SINCE JAN 1     13.38                     15.95  -2.57    13.74

SNOWFALL (IN)
  YESTERDAY        0.0          MM      MM   0.0    0.0      0.0
  MONTH TO DATE    0.0                       0.0    0.0      0.0
  SINCE OCT 1     36.2                      26.9    9.3     53.8
  SINCE JUL 1     36.2                      26.9    9.3     53.8
  SNOW DEPTH       0

DEGREE DAYS
 HEATING
  YESTERDAY        3                         4     -1        1
  MONTH TO DATE  139                       100     39       34
  SINCE MAR 1    988                      1185   -197     1212
  SINCE JUL 1   3650                      4614   -964     4934

 COOLING
  YESTERDAY        0                         2     -2        0
  MONTH TO DATE    2                        21    -19       46
  SINCE MAR 1     15                        29    -14       48
  SINCE JAN 1     15                        29    -14       48
..................................................................


WIND (MPH)
  HIGHEST WIND SPEED    15   HIGHEST WIND DIRECTION    SW (210)
  HIGHEST GUST SPEED    23   HIGHEST GUST DIRECTION    NE (50)
  AVERAGE WIND SPEED     8.0


SKY COVER
  AVERAGE SKY COVER 0.8


WEATHER CONDITIONS
 THE FOLLOWING WEATHER WAS RECORDED YESTERDAY.
  LIGHT RAIN
  HAZE


RELATIVE HUMIDITY (PERCENT)
 HIGHEST    86           100 AM
 LOWEST     37           100 PM
 AVERAGE    62

..........................................................


THE LAGUARDIA NY CLIMATE NORMALS FOR TODAY
                         NORMAL    RECORD    YEAR
 MAXIMUM TEMPERATURE (F)   72        95      1962
 MINIMUM TEMPERATURE (F)   55        43      2002
                                             1976


SUNRISE AND SUNSET
MAY 19 2016...........SUNRISE   534 AM EDT   SUNSET   810 PM EDT
MAY 20 2016...........SUNRISE   534 AM EDT   SUNSET   811 PM EDT


-  INDICATES NEGATIVE NUMBERS.
R  INDICATES RECORD WAS SET OR TIED.
MM INDICATES DATA IS MISSING.
T  INDICATES TRACE AMOUNT.




$$
