000
CDUS41 KOKX 212036
CLILGA


CLIMATE REPORT
NATIONAL WEATHER SERVICE NEW YORK NY
435 PM EDT FRI AUG 21 2015


...................................

...THE LAGUARDIA NY CLIMATE SUMMARY FOR AUGUST 21 2015...
VALID TODAY AS OF 0400 PM LOCAL TIME.

CLIMATE NORMAL PERIOD 1981 TO 2010
CLIMATE RECORD PERIOD 1945 TO 2015


WEATHER ITEM   OBSERVED TIME   RECORD YEAR NORMAL DEPARTURE LAST
                VALUE   (LST)  VALUE       VALUE  FROM      YEAR
                                                  NORMAL
..................................................................
TEMPERATURE (F)
 TODAY
  MAXIMUM         86    258 PM  97    1955  83      3       81
  MINIMUM         71    842 AM  57    1977  69      2       64
                                      1940
  AVERAGE         79                        76      3       73

PRECIPITATION (IN)
  TODAY            0.32          1.24 2014   0.13   0.19     1.24
  MONTH TO DATE    1.80                      2.91  -1.11     2.64
  SINCE JUN 1     10.14                     11.35  -1.21    10.32
  SINCE JAN 1     25.19                     29.04  -3.85    34.20

SNOWFALL (IN)
  TODAY            0.0          MM      MM   0.0    0.0      0.0
  MONTH TO DATE    0.0                       0.0    0.0      0.0
  SINCE OCT 1     53.8                      26.9   26.9     52.4
  SINCE JUL 1      0.0                       0.0    0.0      0.0
  SNOW DEPTH       0

DEGREE DAYS
 HEATING
  TODAY            0                         0      0        0
  MONTH TO DATE    0                         0      0        0
  SINCE JUN 1     34                        16     18        0
  SINCE JUL 1      0                         0      0        0

 COOLING
  TODAY           14                        11      3        8
  MONTH TO DATE  314                       251     63      219
  SINCE JUN 1    989                       867    122      833
  SINCE JAN 1   1111                       933    178      883
..................................................................


WIND (MPH)
  HIGHEST WIND SPEED    21   HIGHEST WIND DIRECTION     N (350)
  HIGHEST GUST SPEED    28   HIGHEST GUST DIRECTION     S (170)
  AVERAGE WIND SPEED     9.8


SKY COVER
  AVERAGE SKY COVER 0.8


WEATHER CONDITIONS
 THE FOLLOWING WEATHER WAS RECORDED TODAY.
  HEAVY RAIN
  RAIN
  LIGHT RAIN
  FOG


RELATIVE HUMIDITY (PERCENT)
 HIGHEST    94           300 AM
 LOWEST     37           200 PM
 AVERAGE    66

..........................................................


THE LAGUARDIA NY CLIMATE NORMALS FOR TOMORROW
                         NORMAL    RECORD    YEAR
 MAXIMUM TEMPERATURE (F)   83        93      2003
 MINIMUM TEMPERATURE (F)   68        55      1982


SUNRISE AND SUNSET
AUGUST 21 2015........SUNRISE   611 AM EDT   SUNSET   745 PM EDT
AUGUST 22 2015........SUNRISE   612 AM EDT   SUNSET   744 PM EDT


-  INDICATES NEGATIVE NUMBERS.
R  INDICATES RECORD WAS SET OR TIED.
MM INDICATES DATA IS MISSING.
T  INDICATES TRACE AMOUNT.




$$
