000
CDUS41 KOKX 070619
CLILGA


CLIMATE REPORT
NATIONAL WEATHER SERVICE NEW YORK NY
219 AM EDT WED JUN 7 2017


...................................

...THE LAGUARDIA NY CLIMATE SUMMARY FOR JUNE 6 2017...

CLIMATE NORMAL PERIOD 1981 TO 2010
CLIMATE RECORD PERIOD 1939 TO 2017


WEATHER ITEM   OBSERVED TIME   RECORD YEAR NORMAL DEPARTURE LAST
                VALUE   (LST)  VALUE       VALUE  FROM      YEAR
                                                  NORMAL
..................................................................
TEMPERATURE (F)
 YESTERDAY
  MAXIMUM         59    446 PM  93    2010  78    -19       87
                                      1953
  MINIMUM         52   1159 PM  49    1945  61     -9       68
  AVERAGE         56                        69    -13       78

PRECIPITATION (IN)
  YESTERDAY        0.03          2.56 2000   0.14  -0.11     0.00
  MONTH TO DATE    0.09                      0.84  -0.75     0.96
  SINCE JUN 1      0.09                      0.84  -0.75     0.96
  SINCE JAN 1     20.86                     18.53   2.33    16.33

SNOWFALL (IN)
  YESTERDAY        0.0          MM      MM   0.0    0.0      0.0
  MONTH TO DATE    0.0                       0.0    0.0      0.0
  SINCE OCT 1     33.2                      26.9    6.3     36.2
  SINCE JUL 1     33.2                      26.9    6.3     36.2
  SNOW DEPTH       0

DEGREE DAYS
 HEATING
  YESTERDAY        9                         1      8        0
  MONTH TO DATE   11                         8      3        0
  SINCE JUN 1     11                         8      3        0
  SINCE JUL 1   3801                      4656   -855     3652

 COOLING
  YESTERDAY        0                         5     -5       13
  MONTH TO DATE   13                        29    -16       44
  SINCE JUN 1     13                        29    -16       44
  SINCE JAN 1    118                        95     23      163
..................................................................


WIND (MPH)
  HIGHEST WIND SPEED    21   HIGHEST WIND DIRECTION    NE (50)
  HIGHEST GUST SPEED    24   HIGHEST GUST DIRECTION    NE (50)
  AVERAGE WIND SPEED    13.2


SKY COVER
  AVERAGE SKY COVER 1.0


WEATHER CONDITIONS
 THE FOLLOWING WEATHER WAS RECORDED YESTERDAY.
  LIGHT RAIN
  FOG
  HAZE


RELATIVE HUMIDITY (PERCENT)
 HIGHEST    93           100 AM
 LOWEST     71          1100 PM
 AVERAGE    82

..........................................................


THE LAGUARDIA NY CLIMATE NORMALS FOR TODAY
                         NORMAL    RECORD    YEAR
 MAXIMUM TEMPERATURE (F)   78        97      1999
 MINIMUM TEMPERATURE (F)   61        50      2000


SUNRISE AND SUNSET
JUNE  7 2017..........SUNRISE   524 AM EDT   SUNSET   825 PM EDT
JUNE  8 2017..........SUNRISE   524 AM EDT   SUNSET   825 PM EDT


-  INDICATES NEGATIVE NUMBERS.
R  INDICATES RECORD WAS SET OR TIED.
MM INDICATES DATA IS MISSING.
T  INDICATES TRACE AMOUNT.




$$
