000
CDUS41 KOKX 012032
CLILGA


CLIMATE REPORT
NATIONAL WEATHER SERVICE NEW YORK NY
432 PM EDT TUE APR 1 2014


...................................

...THE LAGUARDIA NY CLIMATE SUMMARY FOR APRIL 1 2014...
VALID TODAY AS OF 0400 PM LOCAL TIME.

CLIMATE NORMAL PERIOD 1981 TO 2010
CLIMATE RECORD PERIOD 1948 TO 2014


WEATHER ITEM   OBSERVED TIME   RECORD YEAR NORMAL DEPARTURE LAST
                VALUE   (LST)  VALUE       VALUE  FROM      YEAR
                                                  NORMAL
..................................................................
TEMPERATURE (F)
 TODAY
  MAXIMUM         58    258 PM  80    1978  55      3       62
  MINIMUM         39    620 AM  27    1969  40     -1       38
  AVERAGE         49                        47      2       50

PRECIPITATION (IN)
  TODAY            0.00          1.89 1993   0.14  -0.14     0.01
  MONTH TO DATE    0.00                      0.14  -0.14     0.01
  SINCE MAR 1      3.66                      4.11  -0.45     2.44
  SINCE JAN 1     10.95                     10.04   0.91     8.28

SNOWFALL (IN)
  TODAY            0.0           0.3  1997   0.0    0.0      0.0
  MONTH TO DATE    0.0                       0.0    0.0      0.0
  SINCE OCT 1     52.1                      26.4   25.7     22.2
  SINCE JUL 1     52.1                      26.4   25.7     22.2
  SNOW DEPTH       0

DEGREE DAYS
 HEATING
  TODAY           16                        18     -2       15
  MONTH TO DATE   16                        18     -2       15
  SINCE MAR 1    874                       725    149      767
  SINCE JUL 1   4531                      4154    377     3962

 COOLING
  TODAY            0                         0      0        0
  MONTH TO DATE    0                         0      0        0
  SINCE MAR 1      0                         0      0        0
  SINCE JAN 1      0                         0      0        0
..................................................................


WIND (MPH)
  HIGHEST WIND SPEED    17   HIGHEST WIND DIRECTION     N (350)
  HIGHEST GUST SPEED    23   HIGHEST GUST DIRECTION     N (360)
  AVERAGE WIND SPEED     8.5


SKY COVER
  AVERAGE SKY COVER 0.2


WEATHER CONDITIONS
 THE FOLLOWING WEATHER WAS RECORDED TODAY.
  NO SIGNIFICANT WEATHER WAS OBSERVED.


RELATIVE HUMIDITY (PERCENT)
 HIGHEST    54           100 AM
 LOWEST     32           200 PM
 AVERAGE    43

..........................................................


THE LAGUARDIA NY CLIMATE NORMALS FOR TOMORROW
                         NORMAL    RECORD    YEAR
 MAXIMUM TEMPERATURE (F)   56        79      1967
 MINIMUM TEMPERATURE (F)   40        34      2013
                                             1964


SUNRISE AND SUNSET
APRIL  1 2014.........SUNRISE   639 AM EDT   SUNSET   720 PM EDT
APRIL  2 2014.........SUNRISE   638 AM EDT   SUNSET   721 PM EDT


-  INDICATES NEGATIVE NUMBERS.
R  INDICATES RECORD WAS SET OR TIED.
MM INDICATES DATA IS MISSING.
T  INDICATES TRACE AMOUNT.




$$
