878
CDUS41 KOKX 142036
CLILGA


CLIMATE REPORT
NATIONAL WEATHER SERVICE NEW YORK NY
436 PM EDT MON AUG 14 2017


...................................

...THE LAGUARDIA NY CLIMATE SUMMARY FOR AUGUST 14 2017...
VALID TODAY AS OF 0400 PM LOCAL TIME.

CLIMATE NORMAL PERIOD 1981 TO 2010
CLIMATE RECORD PERIOD 1939 TO 2017


WEATHER ITEM   OBSERVED TIME   RECORD YEAR NORMAL DEPARTURE LAST
                VALUE   (LST)  VALUE       VALUE  FROM      YEAR
                                                  NORMAL
..................................................................
TEMPERATURE (F)
 TODAY
  MAXIMUM         83   1142 AM  98    2016  84     -1       98
  MINIMUM         71    633 AM  59    1964  69      2       81
                                      1941
  AVERAGE         77                        77      0       90

PRECIPITATION (IN)
  TODAY            0.00          6.60 2011   0.14  -0.14     0.01
  MONTH TO DATE    1.60                      1.98  -0.38     0.70
  SINCE JUN 1     10.30                     10.42  -0.12     7.92
  SINCE JAN 1     31.07                     28.11   2.96    23.29

SNOWFALL (IN)
  TODAY            0.0          MM      MM   0.0    0.0      0.0
  MONTH TO DATE    0.0                       0.0    0.0      0.0
  SINCE OCT 1     33.2                      26.9    6.3     36.2
  SINCE JUL 1      0.0                       0.0    0.0      0.0
  SNOW DEPTH       0

DEGREE DAYS
 HEATING
  TODAY            0                         0      0        0
  MONTH TO DATE    0                         0      0        0
  SINCE JUN 1     16                        16      0        2
  SINCE JUL 1      0                         0      0        0

 COOLING
  TODAY           12                        12      0       25
  MONTH TO DATE  159                       172    -13      239
  SINCE JUN 1    854                       788     66     1015
  SINCE JAN 1    959                       854    105     1134
..................................................................


WIND (MPH)
  HIGHEST WIND SPEED    12   HIGHEST WIND DIRECTION     S (200)
  HIGHEST GUST SPEED    22   HIGHEST GUST DIRECTION    NE (50)
  AVERAGE WIND SPEED     6.7


SKY COVER
  AVERAGE SKY COVER 0.7


WEATHER CONDITIONS
 THE FOLLOWING WEATHER WAS RECORDED TODAY.
  NO SIGNIFICANT WEATHER WAS OBSERVED.


RELATIVE HUMIDITY (PERCENT)
 HIGHEST    93           300 AM
 LOWEST     51          1200 PM
 AVERAGE    72

..........................................................


THE LAGUARDIA NY CLIMATE NORMALS FOR TOMORROW
                         NORMAL    RECORD    YEAR
 MAXIMUM TEMPERATURE (F)   84        97      1985
 MINIMUM TEMPERATURE (F)   69        59      1964


SUNRISE AND SUNSET
AUGUST 14 2017........SUNRISE   605 AM EDT   SUNSET   755 PM EDT
AUGUST 15 2017........SUNRISE   606 AM EDT   SUNSET   753 PM EDT


-  INDICATES NEGATIVE NUMBERS.
R  INDICATES RECORD WAS SET OR TIED.
MM INDICATES DATA IS MISSING.
T  INDICATES TRACE AMOUNT.




$$
