375
CDUS41 KOKX 130621
CLILGA


CLIMATE REPORT
NATIONAL WEATHER SERVICE NEW YORK NY
119 AM EST FRI JAN 13 2017


...................................

...THE LAGUARDIA NY CLIMATE SUMMARY FOR JANUARY 12 2017...

CLIMATE NORMAL PERIOD 1981 TO 2010
CLIMATE RECORD PERIOD 1939 TO 2017


WEATHER ITEM   OBSERVED TIME   RECORD YEAR NORMAL DEPARTURE LAST
                VALUE   (LST)  VALUE       VALUE  FROM      YEAR
                                                  NORMAL
..................................................................
TEMPERATURE (F)
 YESTERDAY
  MAXIMUM         68R   249 PM  60    1975  39     29       45
  MINIMUM         48    113 AM   1    1981  26     22       26
  AVERAGE         58                        33     25       36

PRECIPITATION (IN)
  YESTERDAY        0.05          0.97 2012   0.11  -0.06      T
  MONTH TO DATE    1.47                      1.25   0.22     1.42
  SINCE DEC 1      4.42                      4.81  -0.39     5.75
  SINCE JAN 1      1.47                      1.25   0.22     1.42

SNOWFALL (IN)
  YESTERDAY        0.0           5.0  2011   0.2   -0.2       T
  MONTH TO DATE    8.3                       2.9    5.4       T
  SINCE OCT 1     11.3                       8.4    2.9       T
  SINCE JUL 1     11.3                       8.4    2.9       T
  SNOW DEPTH       0

DEGREE DAYS
 HEATING
  YESTERDAY        7                        32    -25       29
  MONTH TO DATE  332                       380    -48      329
  SINCE DEC 1   1090                      1211   -121      762
  SINCE JUL 1   1628                      1986   -358     1324

 COOLING
  YESTERDAY        0                         0      0        0
  MONTH TO DATE    0                         0      0        0
  SINCE DEC 1      0                         0      0        1
  SINCE JAN 1      0                         0      0        0
..................................................................


WIND (MPH)
  HIGHEST WIND SPEED    26   HIGHEST WIND DIRECTION    SW (230)
  HIGHEST GUST SPEED    35   HIGHEST GUST DIRECTION    SW (230)
  AVERAGE WIND SPEED    11.5


SKY COVER
  AVERAGE SKY COVER 0.9


WEATHER CONDITIONS
 THE FOLLOWING WEATHER WAS RECORDED YESTERDAY.
  LIGHT RAIN
  FOG


RELATIVE HUMIDITY (PERCENT)
 HIGHEST    93          1200 AM
 LOWEST     58           300 PM
 AVERAGE    76

..........................................................


THE LAGUARDIA NY CLIMATE NORMALS FOR TODAY
                         NORMAL    RECORD    YEAR
 MAXIMUM TEMPERATURE (F)   39        62      1995
 MINIMUM TEMPERATURE (F)   26         4      1981


SUNRISE AND SUNSET
JANUARY 13 2017.......SUNRISE   718 AM EST   SUNSET   451 PM EST
JANUARY 14 2017.......SUNRISE   718 AM EST   SUNSET   452 PM EST


-  INDICATES NEGATIVE NUMBERS.
R  INDICATES RECORD WAS SET OR TIED.
MM INDICATES DATA IS MISSING.
T  INDICATES TRACE AMOUNT.




$$
