000
CDUS41 KOKX 060617
CLILGA


CLIMATE REPORT
NATIONAL WEATHER SERVICE NEW YORK NY
217 AM EDT SUN APR 6 2014


...................................

...THE LAGUARDIA NY CLIMATE SUMMARY FOR APRIL 5 2014...

CLIMATE NORMAL PERIOD 1981 TO 2010
CLIMATE RECORD PERIOD 1948 TO 2014


WEATHER ITEM   OBSERVED TIME   RECORD YEAR NORMAL DEPARTURE LAST
                VALUE   (LST)  VALUE       VALUE  FROM      YEAR
                                                  NORMAL
..................................................................
TEMPERATURE (F)
 YESTERDAY
  MAXIMUM         54    314 PM  74    1989  57     -3       61
  MINIMUM         39   1248 AM  25    1995  41     -2       42
  AVERAGE         47                        49     -2       52

PRECIPITATION (IN)
  YESTERDAY        0.00          2.12 1984   0.14  -0.14      T
  MONTH TO DATE    0.26                      0.70  -0.44     0.01
  SINCE MAR 1      3.92                      4.67  -0.75     2.44
  SINCE JAN 1     11.21                     10.60   0.61     8.28

SNOWFALL (IN)
  YESTERDAY        0.0          MM      MM   0.0    0.0      0.0
  MONTH TO DATE    0.0                       0.2   -0.2      0.0
  SINCE OCT 1     52.1                      26.6   25.5     22.2
  SINCE JUL 1     52.1                      26.6   25.5     22.2
  SNOW DEPTH       0

DEGREE DAYS
 HEATING
  YESTERDAY       18                        16      2       13
  MONTH TO DATE   86                        85      1       99
  SINCE MAR 1    944                       792    152      851
  SINCE JUL 1   4601                      4221    380     4046

 COOLING
  YESTERDAY        0                         0      0        0
  MONTH TO DATE    0                         0      0        0
  SINCE MAR 1      0                         0      0        0
  SINCE JAN 1      0                         0      0        0
..................................................................


WIND (MPH)
  HIGHEST WIND SPEED    33   HIGHEST WIND DIRECTION     W (290)
  HIGHEST GUST SPEED    46   HIGHEST GUST DIRECTION     W (290)
  AVERAGE WIND SPEED    15.8


SKY COVER
  AVERAGE SKY COVER 0.5


WEATHER CONDITIONS
 THE FOLLOWING WEATHER WAS RECORDED YESTERDAY.
  LIGHT RAIN


RELATIVE HUMIDITY (PERCENT)
 HIGHEST    86           200 AM
 LOWEST     32           200 PM
 AVERAGE    59

..........................................................


THE LAGUARDIA NY CLIMATE NORMALS FOR TODAY
                         NORMAL    RECORD    YEAR
 MAXIMUM TEMPERATURE (F)   57        80      1947
 MINIMUM TEMPERATURE (F)   41        22      1982


SUNRISE AND SUNSET
APRIL  6 2014.........SUNRISE   631 AM EDT   SUNSET   726 PM EDT
APRIL  7 2014.........SUNRISE   629 AM EDT   SUNSET   727 PM EDT


-  INDICATES NEGATIVE NUMBERS.
R  INDICATES RECORD WAS SET OR TIED.
MM INDICATES DATA IS MISSING.
T  INDICATES TRACE AMOUNT.




$$
