000
CDUS41 KOKX 102042
CLILGA


CLIMATE REPORT
NATIONAL WEATHER SERVICE NEW YORK NY
442 PM EDT SUN APR 10 2016


...................................

...THE LAGUARDIA NY CLIMATE SUMMARY FOR APRIL 10 2016...
VALID TODAY AS OF 0400 PM LOCAL TIME.

CLIMATE NORMAL PERIOD 1981 TO 2010
CLIMATE RECORD PERIOD 1945 TO 2016


WEATHER ITEM   OBSERVED TIME   RECORD YEAR NORMAL DEPARTURE LAST
                VALUE   (LST)  VALUE       VALUE  FROM      YEAR
                                                  NORMAL
..................................................................
TEMPERATURE (F)
 TODAY
  MAXIMUM         50    259 PM  82    1955  59     -9       57
  MINIMUM         33    640 AM  29    1985  43    -10       39
                                      1974
  AVERAGE         42                        51     -9       48

PRECIPITATION (IN)
  TODAY            0.00          2.85 1983   0.14  -0.14     0.24
  MONTH TO DATE    0.97                      1.40  -0.43     0.46
  SINCE MAR 1      2.23                      5.37  -3.14     5.00
  SINCE JAN 1     10.76                     11.30  -0.54    12.08

SNOWFALL (IN)
  TODAY            0.0           0.3  1974   0.0    0.0      0.0
  MONTH TO DATE    T                         0.3   -0.3      0.0
  SINCE OCT 1     36.2                      26.7    9.5     53.8
  SINCE JUL 1     36.2                      26.7    9.5     53.8
  SNOW DEPTH       0

DEGREE DAYS
 HEATING
  TODAY           23                        14      9       17
  MONTH TO DATE  191                       160     31      162
  SINCE MAR 1    686                       867   -181      996
  SINCE JUL 1   3348                      4296   -948     4718

 COOLING
  TODAY            0                         0      0        0
  MONTH TO DATE    3                         0      3        0
  SINCE MAR 1      8                         0      8        0
  SINCE JAN 1      8                         0      8        0
..................................................................


WIND (MPH)
  HIGHEST WIND SPEED    24   HIGHEST WIND DIRECTION    NW (330)
  HIGHEST GUST SPEED    31   HIGHEST GUST DIRECTION    NW (320)
  AVERAGE WIND SPEED    11.1


SKY COVER
  AVERAGE SKY COVER 0.2


WEATHER CONDITIONS
 THE FOLLOWING WEATHER WAS RECORDED TODAY.
  NO SIGNIFICANT WEATHER WAS OBSERVED.


RELATIVE HUMIDITY (PERCENT)
 HIGHEST    51           400 AM
 LOWEST     24           200 PM
 AVERAGE    38

..........................................................


THE LAGUARDIA NY CLIMATE NORMALS FOR TOMORROW
                         NORMAL    RECORD    YEAR
 MAXIMUM TEMPERATURE (F)   59        82      1955
 MINIMUM TEMPERATURE (F)   43        32      1943


SUNRISE AND SUNSET
APRIL 10 2016.........SUNRISE   624 AM EDT   SUNSET   730 PM EDT
APRIL 11 2016.........SUNRISE   622 AM EDT   SUNSET   731 PM EDT


-  INDICATES NEGATIVE NUMBERS.
R  INDICATES RECORD WAS SET OR TIED.
MM INDICATES DATA IS MISSING.
T  INDICATES TRACE AMOUNT.




$$
