000
CDUS41 KOKX 280619
CLILGA


CLIMATE REPORT
NATIONAL WEATHER SERVICE NEW YORK NY
119 AM EST MON NOV 28 2016


...................................

...THE LAGUARDIA NY CLIMATE SUMMARY FOR NOVEMBER 27 2016...

CLIMATE NORMAL PERIOD 1981 TO 2010
CLIMATE RECORD PERIOD 1939 TO 2016


WEATHER ITEM   OBSERVED TIME   RECORD YEAR NORMAL DEPARTURE LAST
                VALUE   (LST)  VALUE       VALUE  FROM      YEAR
                                                  NORMAL
..................................................................
TEMPERATURE (F)
 YESTERDAY
  MAXIMUM         51    254 PM  65    2015  51      0       65
                                      2007
                                      2006
  MINIMUM         43    816 AM  23    1949  38      5       48
  AVERAGE         47                        44      3       57

PRECIPITATION (IN)
  YESTERDAY        0.00          1.74 2013   0.12  -0.12     0.00
  MONTH TO DATE    2.18                      3.04  -0.86     1.67
  SINCE SEP 1      9.53                     10.55  -1.02     7.57
  SINCE JAN 1     33.25                     40.80  -7.55    32.84

SNOWFALL (IN)
  YESTERDAY        0.0           2.3  1978   0.0    0.0      0.0
  MONTH TO DATE    T                         0.2   -0.2      0.0
  SINCE OCT 1      T                         0.2   -0.2      0.0
  SINCE JUL 1      T                         0.2   -0.2      0.0
  SNOW DEPTH       0

DEGREE DAYS
 HEATING
  YESTERDAY       18                        21     -3        8
  MONTH TO DATE  340                       442   -102      289
  SINCE SEP 1    505                       713   -208      503
  SINCE JUL 1    505                       714   -209      503

 COOLING
  YESTERDAY        0                         0      0        0
  MONTH TO DATE    2                         0      2        5
  SINCE SEP 1    328                       180    148      305
  SINCE JAN 1   1745                      1213    532     1554
..................................................................


WIND (MPH)
  HIGHEST WIND SPEED    21   HIGHEST WIND DIRECTION    NW (310)
  HIGHEST GUST SPEED    27   HIGHEST GUST DIRECTION    NW (320)
  AVERAGE WIND SPEED    13.9


SKY COVER
  AVERAGE SKY COVER 0.4


WEATHER CONDITIONS
 THE FOLLOWING WEATHER WAS RECORDED YESTERDAY.
  NO SIGNIFICANT WEATHER WAS OBSERVED.


RELATIVE HUMIDITY (PERCENT)
 HIGHEST    70          1200 AM
 LOWEST     42           200 PM
 AVERAGE    56

..........................................................


THE LAGUARDIA NY CLIMATE NORMALS FOR TODAY
                         NORMAL    RECORD    YEAR
 MAXIMUM TEMPERATURE (F)   50        68      1990
 MINIMUM TEMPERATURE (F)   38        21      1951


SUNRISE AND SUNSET
NOVEMBER 28 2016......SUNRISE   658 AM EST   SUNSET   429 PM EST
NOVEMBER 29 2016......SUNRISE   659 AM EST   SUNSET   429 PM EST


-  INDICATES NEGATIVE NUMBERS.
R  INDICATES RECORD WAS SET OR TIED.
MM INDICATES DATA IS MISSING.
T  INDICATES TRACE AMOUNT.




$$
