000
CDUS41 KOKX 100644
CLILGA


CLIMATE REPORT
NATIONAL WEATHER SERVICE NEW YORK NY
244 AM EDT SUN JUL 10 2016


...................................

...THE LAGUARDIA NY CLIMATE SUMMARY FOR JULY 9 2016...

CLIMATE NORMAL PERIOD 1981 TO 2010
CLIMATE RECORD PERIOD 1939 TO 2016


WEATHER ITEM   OBSERVED TIME   RECORD YEAR NORMAL DEPARTURE LAST
                VALUE   (LST)  VALUE       VALUE  FROM      YEAR
                                                  NORMAL
..................................................................
TEMPERATURE (F)
 YESTERDAY
  MAXIMUM         74    253 PM  98    1993  85    -11       79
  MINIMUM         66    510 AM  57    1963  69     -3       68
  AVERAGE         70                        77     -7       74

PRECIPITATION (IN)
  YESTERDAY        0.41          1.38 1952   0.14   0.27     0.29
  MONTH TO DATE    1.80                      1.15   0.65     0.73
  SINCE JUN 1      4.04                      5.09  -1.05     5.53
  SINCE JAN 1     19.41                     22.78  -3.37    20.58

SNOWFALL (IN)
  YESTERDAY        0.0          MM      MM   0.0    0.0      0.0
  MONTH TO DATE    0.0                       0.0    0.0      0.0
  SINCE OCT 1     36.2                      26.9    9.3     53.8
  SINCE JUL 1      0.0                       0.0    0.0      0.0
  SNOW DEPTH       0

DEGREE DAYS
 HEATING
  YESTERDAY        0                         0      0        0
  MONTH TO DATE    0                         0      0        0
  SINCE JUN 1      2                        16    -14       34
  SINCE JUL 1      0                         0      0        0

 COOLING
  YESTERDAY        5                        12     -7        9
  MONTH TO DATE  116                       105     11      109
  SINCE JUN 1    386                       336     50      337
  SINCE JAN 1    505                       402    103      459
..................................................................


WIND (MPH)
  HIGHEST WIND SPEED    16   HIGHEST WIND DIRECTION    SE (130)
  HIGHEST GUST SPEED    19   HIGHEST GUST DIRECTION     E (110)
  AVERAGE WIND SPEED     9.5


SKY COVER
  AVERAGE SKY COVER 1.0


WEATHER CONDITIONS
 THE FOLLOWING WEATHER WAS RECORDED YESTERDAY.
  HEAVY RAIN
  LIGHT RAIN
  FOG


RELATIVE HUMIDITY (PERCENT)
 HIGHEST   100          1000 PM
 LOWEST     73           900 AM
 AVERAGE    87

..........................................................


THE LAGUARDIA NY CLIMATE NORMALS FOR TODAY
                         NORMAL    RECORD    YEAR
 MAXIMUM TEMPERATURE (F)   85        99      1993
 MINIMUM TEMPERATURE (F)   69        60      1953


SUNRISE AND SUNSET
JULY 10 2016..........SUNRISE   534 AM EDT   SUNSET   828 PM EDT
JULY 11 2016..........SUNRISE   534 AM EDT   SUNSET   828 PM EDT


-  INDICATES NEGATIVE NUMBERS.
R  INDICATES RECORD WAS SET OR TIED.
MM INDICATES DATA IS MISSING.
T  INDICATES TRACE AMOUNT.




$$
