000
CDUS41 KOKX 270622
CLILGA


CLIMATE REPORT
NATIONAL WEATHER SERVICE NEW YORK NY
121 AM EST MON NOV 27 2017


...................................

...THE LAGUARDIA NY CLIMATE SUMMARY FOR NOVEMBER 26 2017...

CLIMATE NORMAL PERIOD 1981 TO 2010
CLIMATE RECORD PERIOD 1939 TO 2017


WEATHER ITEM   OBSERVED TIME   RECORD YEAR NORMAL DEPARTURE LAST
                VALUE   (LST)  VALUE       VALUE  FROM      YEAR
                                                  NORMAL
..................................................................
TEMPERATURE (F)
 YESTERDAY
  MAXIMUM         53   1253 AM  67    1946  51      2       52
  MINIMUM         42   1159 PM  24    1940  39      3       44
  AVERAGE         48                        45      3       48

PRECIPITATION (IN)
  YESTERDAY        0.00          1.98 1996   0.11  -0.11     0.00
  MONTH TO DATE    2.04                      2.92  -0.88     2.18
  SINCE SEP 1      7.66                     10.43  -2.77     9.53
  SINCE JAN 1     40.65                     40.68  -0.03    33.25

SNOWFALL (IN)
  YESTERDAY        0.0           0.4  2014   0.0    0.0      0.0
  MONTH TO DATE    T                         0.2   -0.2       T
  SINCE OCT 1      T                         0.2   -0.2       T
  SINCE JUL 1      T                         0.2   -0.2       T
  SNOW DEPTH       0

DEGREE DAYS
 HEATING
  YESTERDAY       17                        20     -3       17
  MONTH TO DATE  439                       421     18      322
  SINCE SEP 1    524                       692   -168      487
  SINCE JUL 1    524                       693   -169      487

 COOLING
  YESTERDAY        0                         0      0        0
  MONTH TO DATE    0                         0      0        2
  SINCE SEP 1    308                       180    128      328
  SINCE JAN 1   1439                      1213    226     1745
..................................................................


WIND (MPH)
  HIGHEST WIND SPEED    28   HIGHEST WIND DIRECTION    NW (310)
  HIGHEST GUST SPEED    35   HIGHEST GUST DIRECTION    NW (300)
  AVERAGE WIND SPEED    15.4


SKY COVER
  AVERAGE SKY COVER 0.5


WEATHER CONDITIONS
 THE FOLLOWING WEATHER WAS RECORDED YESTERDAY.
  NO SIGNIFICANT WEATHER WAS OBSERVED.


RELATIVE HUMIDITY (PERCENT)
 HIGHEST    60           700 AM
 LOWEST     41           700 PM
 AVERAGE    51

..........................................................


THE LAGUARDIA NY CLIMATE NORMALS FOR TODAY
                         NORMAL    RECORD    YEAR
 MAXIMUM TEMPERATURE (F)   51        65      2015
                                             2007
                                             2006
 MINIMUM TEMPERATURE (F)   38        23      1949


SUNRISE AND SUNSET
NOVEMBER 27 2017......SUNRISE   656 AM EST   SUNSET   430 PM EST
NOVEMBER 28 2017......SUNRISE   657 AM EST   SUNSET   430 PM EST


-  INDICATES NEGATIVE NUMBERS.
R  INDICATES RECORD WAS SET OR TIED.
MM INDICATES DATA IS MISSING.
T  INDICATES TRACE AMOUNT.




$$
