051
CDUS41 KOKX 082031
CLILGA


CLIMATE REPORT
NATIONAL WEATHER SERVICE NEW YORK NY
431 PM EDT SUN OCT 8 2017


...................................

...THE LAGUARDIA NY CLIMATE SUMMARY FOR OCTOBER 8 2017...
VALID TODAY AS OF 0400 PM LOCAL TIME.

CLIMATE NORMAL PERIOD 1981 TO 2010
CLIMATE RECORD PERIOD 1939 TO 2017


WEATHER ITEM   OBSERVED TIME   RECORD YEAR NORMAL DEPARTURE LAST
                VALUE   (LST)  VALUE       VALUE  FROM      YEAR
                                                  NORMAL
..................................................................
TEMPERATURE (F)
 TODAY
  MAXIMUM         80    250 PM  89    2007  68     12       69
  MINIMUM         71    825 AM  40    1988  54     17       61
                                      1964
  AVERAGE         76                        61     15       65

PRECIPITATION (IN)
  TODAY            0.37          3.51 2005   0.13   0.24     0.14
  MONTH TO DATE    0.37                      0.99  -0.62     0.14
  SINCE SEP 1      2.21                      4.72  -2.51     2.67
  SINCE JAN 1     35.20                     34.97   0.23    26.39

SNOWFALL (IN)
  TODAY            0.0          MM      MM   0.0    0.0      0.0
  MONTH TO DATE    0.0                       0.0    0.0      0.0
  SINCE OCT 1      0.0                       0.0    0.0      0.0
  SINCE JUL 1      0.0                       0.0    0.0      0.0
  SNOW DEPTH       0

DEGREE DAYS
 HEATING
  TODAY            0                         5     -5        0
  MONTH TO DATE    4                        36    -32       10
  SINCE SEP 1     14                        70    -56       15
  SINCE JUL 1     14                        71    -57       15

 COOLING
  TODAY           11                         1     10        0
  MONTH TO DATE   43                        13     30       11
  SINCE SEP 1    255                       170     85      287
  SINCE JAN 1   1386                      1203    183     1704
..................................................................


WIND (MPH)
  HIGHEST WIND SPEED    16   HIGHEST WIND DIRECTION     S (170)
  HIGHEST GUST SPEED    21   HIGHEST GUST DIRECTION     S (190)
  AVERAGE WIND SPEED    10.5


SKY COVER
  AVERAGE SKY COVER 1.0


WEATHER CONDITIONS
 THE FOLLOWING WEATHER WAS RECORDED TODAY.
  LIGHT RAIN
  FOG


RELATIVE HUMIDITY (PERCENT)
 HIGHEST   100          1100 AM
 LOWEST     79           300 PM
 AVERAGE    90

..........................................................


THE LAGUARDIA NY CLIMATE NORMALS FOR TOMORROW
                         NORMAL    RECORD    YEAR
 MAXIMUM TEMPERATURE (F)   68        85      2011
 MINIMUM TEMPERATURE (F)   53        40      1988
                                             1978


SUNRISE AND SUNSET
OCTOBER  8 2017.......SUNRISE   700 AM EDT   SUNSET   626 PM EDT
OCTOBER  9 2017.......SUNRISE   701 AM EDT   SUNSET   624 PM EDT


-  INDICATES NEGATIVE NUMBERS.
R  INDICATES RECORD WAS SET OR TIED.
MM INDICATES DATA IS MISSING.
T  INDICATES TRACE AMOUNT.




$$
