000
CDUS41 KOKX 130616
CLILGA


CLIMATE REPORT
NATIONAL WEATHER SERVICE NEW YORK NY
215 AM EDT WED AUG 13 2014


...................................

...THE LAGUARDIA NY CLIMATE SUMMARY FOR AUGUST 12 2014...

CLIMATE NORMAL PERIOD 1981 TO 2010
CLIMATE RECORD PERIOD 1945 TO 2014


WEATHER ITEM   OBSERVED TIME   RECORD YEAR NORMAL DEPARTURE LAST
                VALUE   (LST)  VALUE       VALUE  FROM      YEAR
                                                  NORMAL
..................................................................
TEMPERATURE (F)
 YESTERDAY
  MAXIMUM         80   1250 PM  97    2005  84     -4       82
                                      1944
  MINIMUM         71   1159 PM  56    1979  70      1       71
  AVERAGE         76                        77     -1       77

PRECIPITATION (IN)
  YESTERDAY        0.14          6.40 1955   0.13   0.01     0.09
  MONTH TO DATE    0.61                      1.71  -1.10     0.88
  SINCE JUN 1      8.29                     10.15  -1.86    11.84
  SINCE JAN 1     32.17                     27.84   4.33    26.25

SNOWFALL (IN)
  YESTERDAY        0.0          MM      MM   0.0    0.0      0.0
  MONTH TO DATE    0.0                       0.0    0.0      0.0
  SINCE OCT 1     52.4                      26.9   25.5     22.2
  SINCE JUL 1      0.0                       0.0    0.0      0.0
  SNOW DEPTH       0

DEGREE DAYS
 HEATING
  YESTERDAY        0                         0      0        0
  MONTH TO DATE    0                         0      0        0
  SINCE JUN 1      0                        16    -16        4
  SINCE JUL 1      0                         0      0        0

 COOLING
  YESTERDAY       11                        12     -1       12
  MONTH TO DATE  141                       148     -7      136
  SINCE JUN 1    755                       764     -9      926
  SINCE JAN 1    805                       830    -25     1014
..................................................................


WIND (MPH)
  HIGHEST WIND SPEED    23   HIGHEST WIND DIRECTION     S (160)
  HIGHEST GUST SPEED    31   HIGHEST GUST DIRECTION    SE (150)
  AVERAGE WIND SPEED    13.9


SKY COVER
  AVERAGE SKY COVER 1.0


WEATHER CONDITIONS
 THE FOLLOWING WEATHER WAS RECORDED YESTERDAY.
  RAIN
  LIGHT RAIN
  FOG


RELATIVE HUMIDITY (PERCENT)
 HIGHEST    90          1100 PM
 LOWEST     62          1100 AM
 AVERAGE    76

..........................................................


THE LAGUARDIA NY CLIMATE NORMALS FOR TODAY
                         NORMAL    RECORD    YEAR
 MAXIMUM TEMPERATURE (F)   84       100      2005
 MINIMUM TEMPERATURE (F)   70        56      1979
                                             1941


SUNRISE AND SUNSET
AUGUST 13 2014........SUNRISE   604 AM EDT   SUNSET   756 PM EDT
AUGUST 14 2014........SUNRISE   605 AM EDT   SUNSET   755 PM EDT


-  INDICATES NEGATIVE NUMBERS.
R  INDICATES RECORD WAS SET OR TIED.
MM INDICATES DATA IS MISSING.
T  INDICATES TRACE AMOUNT.




$$
