887
CDUS41 KOKX 140618
CLILGA


CLIMATE REPORT
NATIONAL WEATHER SERVICE NEW YORK NY
118 AM EST TUE FEB 14 2017


...................................

...THE LAGUARDIA NY CLIMATE SUMMARY FOR FEBRUARY 13 2017...

CLIMATE NORMAL PERIOD 1981 TO 2010
CLIMATE RECORD PERIOD 1939 TO 2017


WEATHER ITEM   OBSERVED TIME   RECORD YEAR NORMAL DEPARTURE LAST
                VALUE   (LST)  VALUE       VALUE  FROM      YEAR
                                                  NORMAL
..................................................................
TEMPERATURE (F)
 YESTERDAY
  MAXIMUM         42    139 AM  65    1951  42      0       24
  MINIMUM         33   1159 PM   8    2016  28      5        8
                                      1979
                                      1967
  AVERAGE         38                        35      3       16

PRECIPITATION (IN)
  YESTERDAY        0.01          2.19 1966   0.09  -0.08     0.00
  MONTH TO DATE    1.55                      1.23   0.32     1.17
  SINCE DEC 1      8.63                      7.96   0.67     9.67
  SINCE JAN 1      5.68                      4.40   1.28     5.34

SNOWFALL (IN)
  YESTERDAY        0.0           7.7  2014   0.3   -0.3      0.0
  MONTH TO DATE   10.3                       4.2    6.1      4.1
  SINCE OCT 1     23.4                      17.1    6.3     32.9
  SINCE JUL 1     23.4                      17.1    6.3     32.9
  SNOW DEPTH       1

DEGREE DAYS
 HEATING
  YESTERDAY       27                        30     -3       49
  MONTH TO DATE  353                       401    -48      367
  SINCE DEC 1   1889                      2225   -336     1702
  SINCE JUL 1   2427                      3000   -573     2264

 COOLING
  YESTERDAY        0                         0      0        0
  MONTH TO DATE    0                         0      0        0
  SINCE DEC 1      0                         0      0        1
  SINCE JAN 1      0                         0      0        0
..................................................................


WIND (MPH)
  HIGHEST WIND SPEED    46   HIGHEST WIND DIRECTION    NW (320)
  HIGHEST GUST SPEED    61   HIGHEST GUST DIRECTION     W (290)
  AVERAGE WIND SPEED    26.6


SKY COVER
  AVERAGE SKY COVER 0.6


WEATHER CONDITIONS
 THE FOLLOWING WEATHER WAS RECORDED YESTERDAY.
  LIGHT RAIN


RELATIVE HUMIDITY (PERCENT)
 HIGHEST    79          1200 AM
 LOWEST     44           100 PM
 AVERAGE    62

..........................................................


THE LAGUARDIA NY CLIMATE NORMALS FOR TODAY
                         NORMAL    RECORD    YEAR
 MAXIMUM TEMPERATURE (F)   42        60      1949
 MINIMUM TEMPERATURE (F)   28         1      2016
                                             1979


SUNRISE AND SUNSET
FEBRUARY 14 2017......SUNRISE   651 AM EST   SUNSET   529 PM EST
FEBRUARY 15 2017......SUNRISE   649 AM EST   SUNSET   531 PM EST


-  INDICATES NEGATIVE NUMBERS.
R  INDICATES RECORD WAS SET OR TIED.
MM INDICATES DATA IS MISSING.
T  INDICATES TRACE AMOUNT.




$$
