000
CDUS41 KOKX 210641
CLILGA


CLIMATE REPORT
NATIONAL WEATHER SERVICE NEW YORK NY
241 AM EDT SAT MAR 21 2015


...................................

...THE LAGUARDIA NY CLIMATE SUMMARY FOR MARCH 20 2015...

CLIMATE NORMAL PERIOD 1981 TO 2010
CLIMATE RECORD PERIOD 1945 TO 2015


WEATHER ITEM   OBSERVED TIME   RECORD YEAR NORMAL DEPARTURE LAST
                VALUE   (LST)  VALUE       VALUE  FROM      YEAR
                                                  NORMAL
..................................................................
TEMPERATURE (F)
 YESTERDAY
  MAXIMUM         38   1020 AM  82    1945  51    -13       53
  MINIMUM         29   1159 PM  19    1949  36     -7       39
  AVERAGE         34                        43     -9       46

PRECIPITATION (IN)
  YESTERDAY        0.28          1.18 2003   0.14   0.14      T
                                      1951
  MONTH TO DATE    3.82                      2.47   1.35     1.35
  SINCE MAR 1      3.82                      2.47   1.35     1.35
  SINCE JAN 1     10.90                      8.40   2.50     8.64

SNOWFALL (IN)
  YESTERDAY        4.6 R         3.2  1958   0.1    4.5      0.0
  MONTH TO DATE   17.2                       3.5   13.7      0.4
  SINCE OCT 1     53.7                      25.5   28.2     52.1
  SINCE JUL 1     53.7                      25.5   28.2     52.1
  SNOW DEPTH       0

DEGREE DAYS
 HEATING
  YESTERDAY       31                        22      9       19
  MONTH TO DATE  549                       490     59      581
  SINCE MAR 1    549                       490     59      581
  SINCE JUL 1   4271                      3919    352     4238

 COOLING
  YESTERDAY        0                         0      0        0
  MONTH TO DATE    0                         0      0        0
  SINCE MAR 1      0                         0      0        0
  SINCE JAN 1      0                         0      0        0
..................................................................


WIND (MPH)
  HIGHEST WIND SPEED    21   HIGHEST WIND DIRECTION    NE (40)
  HIGHEST GUST SPEED    28   HIGHEST GUST DIRECTION    NE (60)
  AVERAGE WIND SPEED    11.2


SKY COVER
  AVERAGE SKY COVER 1.0


WEATHER CONDITIONS
 THE FOLLOWING WEATHER WAS RECORDED YESTERDAY.
  LT FREEZING RAIN
  HEAVY SNOW
  SNOW
  LIGHT SNOW
  FOG
  FOG W/VISIBILITY <= 1/4 MILE


RELATIVE HUMIDITY (PERCENT)
 HIGHEST    92           100 PM
 LOWEST     28           200 AM
 AVERAGE    60

..........................................................


THE LAGUARDIA NY CLIMATE NORMALS FOR TODAY
                         NORMAL    RECORD    YEAR
 MAXIMUM TEMPERATURE (F)   51        70      1948
 MINIMUM TEMPERATURE (F)   36        18      1986


SUNRISE AND SUNSET
MARCH 21 2015.........SUNRISE   658 AM EDT   SUNSET   708 PM EDT
MARCH 22 2015.........SUNRISE   656 AM EDT   SUNSET   710 PM EDT


-  INDICATES NEGATIVE NUMBERS.
R  INDICATES RECORD WAS SET OR TIED.
MM INDICATES DATA IS MISSING.
T  INDICATES TRACE AMOUNT.




$$
