172
CDUS41 KOKX 070621
CLILGA


CLIMATE REPORT
NATIONAL WEATHER SERVICE NEW YORK NY
221 AM EDT SAT OCT 7 2017


...................................

...THE LAGUARDIA NY CLIMATE SUMMARY FOR OCTOBER 6 2017...

CLIMATE NORMAL PERIOD 1981 TO 2010
CLIMATE RECORD PERIOD 1939 TO 2017


WEATHER ITEM   OBSERVED TIME   RECORD YEAR NORMAL DEPARTURE LAST
                VALUE   (LST)  VALUE       VALUE  FROM      YEAR
                                                  NORMAL
..................................................................
TEMPERATURE (F)
 YESTERDAY
  MAXIMUM         82    236 PM  92    1941  69     13       75
  MINIMUM         70    745 AM  40    1965  54     16       59
                                      1958
  AVERAGE         76                        62     14       67

PRECIPITATION (IN)
  YESTERDAY        0.00          1.69 1955   0.12  -0.12     0.00
  MONTH TO DATE    T                         0.74  -0.74      T
  SINCE SEP 1      1.84                      4.47  -2.63     2.53
  SINCE JAN 1     34.83                     34.72   0.11    26.25

SNOWFALL (IN)
  YESTERDAY        0.0          MM      MM   0.0    0.0      0.0
  MONTH TO DATE    0.0                       0.0    0.0      0.0
  SINCE OCT 1      0.0                       0.0    0.0      0.0
  SINCE JUL 1      0.0                       0.0    0.0      0.0
  SNOW DEPTH       0

DEGREE DAYS
 HEATING
  YESTERDAY        0                         5     -5        0
  MONTH TO DATE    4                        26    -22       10
  SINCE SEP 1     14                        60    -46       15
  SINCE JUL 1     14                        61    -47       15

 COOLING
  YESTERDAY       11                         1     10        2
  MONTH TO DATE   23                        11     12        7
  SINCE SEP 1    235                       168     67      283
  SINCE JAN 1   1366                      1201    165     1700
..................................................................


WIND (MPH)
  HIGHEST WIND SPEED    15   HIGHEST WIND DIRECTION     S (160)
  HIGHEST GUST SPEED    18   HIGHEST GUST DIRECTION     S (160)
  AVERAGE WIND SPEED     6.2


SKY COVER
  AVERAGE SKY COVER 0.5


WEATHER CONDITIONS
 THE FOLLOWING WEATHER WAS RECORDED YESTERDAY.
  NO SIGNIFICANT WEATHER WAS OBSERVED.


RELATIVE HUMIDITY (PERCENT)
 HIGHEST    84           200 AM
 LOWEST     42           300 PM
 AVERAGE    63

..........................................................


THE LAGUARDIA NY CLIMATE NORMALS FOR TODAY
                         NORMAL    RECORD    YEAR
 MAXIMUM TEMPERATURE (F)   68        85      1944
 MINIMUM TEMPERATURE (F)   54        40      1954


SUNRISE AND SUNSET
OCTOBER  7 2017.......SUNRISE   659 AM EDT   SUNSET   627 PM EDT
OCTOBER  8 2017.......SUNRISE   700 AM EDT   SUNSET   626 PM EDT


-  INDICATES NEGATIVE NUMBERS.
R  INDICATES RECORD WAS SET OR TIED.
MM INDICATES DATA IS MISSING.
T  INDICATES TRACE AMOUNT.




$$
