000
CDUS41 KOKX 170616
CLILGA


CLIMATE REPORT
NATIONAL WEATHER SERVICE NEW YORK NY
116 AM EST MON NOV 17 2014


...................................

...THE LAGUARDIA NY CLIMATE SUMMARY FOR NOVEMBER 16 2014...

CLIMATE NORMAL PERIOD 1981 TO 2010
CLIMATE RECORD PERIOD 1945 TO 2014


WEATHER ITEM   OBSERVED TIME   RECORD YEAR NORMAL DEPARTURE LAST
                VALUE   (LST)  VALUE       VALUE  FROM      YEAR
                                                  NORMAL
..................................................................
TEMPERATURE (F)
 YESTERDAY
  MAXIMUM         44    926 PM  72    1990  55    -11       59
  MINIMUM         35    128 AM  22    1967  42     -7       47
  AVERAGE         40                        48     -8       53

PRECIPITATION (IN)
  YESTERDAY        0.02          2.32 1985   0.11  -0.09     0.05
  MONTH TO DATE    0.74                      1.75  -1.01     0.22
  SINCE SEP 1      5.87                      9.26  -3.39     3.94
  SINCE JAN 1     40.93                     39.51   1.42    31.28

SNOWFALL (IN)
  YESTERDAY        0.0           0.3  1985   0.0    0.0      0.0
  MONTH TO DATE    0.0                       0.0    0.0       T
  SINCE OCT 1      0.0                       0.0    0.0       T
  SINCE JUL 1      0.0                       0.0    0.0       T
  SNOW DEPTH       0

DEGREE DAYS
 HEATING
  YESTERDAY       25                        17      8       12
  MONTH TO DATE  253                       233     20      253
  SINCE SEP 1    429                       504    -75      455
  SINCE JUL 1    429                       505    -76      455

 COOLING
  YESTERDAY        0                         0      0        0
  MONTH TO DATE    0                         0      0        0
  SINCE SEP 1    205                       180     25      183
  SINCE JAN 1   1192                      1213    -21     1402
..................................................................


WIND (MPH)
  HIGHEST WIND SPEED    14   HIGHEST WIND DIRECTION     S (190)
  HIGHEST GUST SPEED    17   HIGHEST GUST DIRECTION     S (190)
  AVERAGE WIND SPEED     6.5


SKY COVER
  AVERAGE SKY COVER 0.8


WEATHER CONDITIONS
 THE FOLLOWING WEATHER WAS RECORDED YESTERDAY.
  LIGHT RAIN


RELATIVE HUMIDITY (PERCENT)
 HIGHEST    62          1000 PM
 LOWEST     40           900 AM
 AVERAGE    51

..........................................................


THE LAGUARDIA NY CLIMATE NORMALS FOR TODAY
                         NORMAL    RECORD    YEAR
 MAXIMUM TEMPERATURE (F)   54        72      1953
 MINIMUM TEMPERATURE (F)   41        27      1959


SUNRISE AND SUNSET
NOVEMBER 17 2014......SUNRISE   645 AM EST   SUNSET   436 PM EST
NOVEMBER 18 2014......SUNRISE   646 AM EST   SUNSET   435 PM EST


-  INDICATES NEGATIVE NUMBERS.
R  INDICATES RECORD WAS SET OR TIED.
MM INDICATES DATA IS MISSING.
T  INDICATES TRACE AMOUNT.




$$
