000
CDUS41 KOKX 300616
CLILGA


CLIMATE REPORT
NATIONAL WEATHER SERVICE NEW YORK NY
216 AM EDT MON JUN 30 2014


...................................

...THE LAGUARDIA NY CLIMATE SUMMARY FOR JUNE 29 2014...

CLIMATE NORMAL PERIOD 1981 TO 2010
CLIMATE RECORD PERIOD 1945 TO 2014


WEATHER ITEM   OBSERVED TIME   RECORD YEAR NORMAL DEPARTURE LAST
                VALUE   (LST)  VALUE       VALUE  FROM      YEAR
                                                  NORMAL
..................................................................
TEMPERATURE (F)
 YESTERDAY
  MAXIMUM         82    130 PM  98    2012  84     -2       85
                                      1959
  MINIMUM         70    524 AM  59    1995  68      2       72
  AVERAGE         76                        76      0       79

PRECIPITATION (IN)
  YESTERDAY        0.00          0.98 1994   0.12  -0.12     0.00
  MONTH TO DATE    3.69                      3.82  -0.13     8.16
  SINCE JUN 1      3.69                      3.82  -0.13     8.16
  SINCE JAN 1     27.57                     21.51   6.06    22.57

SNOWFALL (IN)
  YESTERDAY        0.0          MM      MM   0.0    0.0      0.0
  MONTH TO DATE    0.0                       0.0    0.0      0.0
  SINCE OCT 1     52.4                      26.9   25.5     22.2
  SINCE JUL 1     52.4                      26.9   25.5     22.2
  SNOW DEPTH       0

DEGREE DAYS
 HEATING
  YESTERDAY        0                         0      0        0
  MONTH TO DATE    0                        15    -15        4
  SINCE JUN 1      0                        15    -15        4
  SINCE JUL 1   5016                      4663    353     4439

 COOLING
  YESTERDAY       11                        11      0       14
  MONTH TO DATE  220                       221     -1      266
  SINCE JUN 1    220                       221     -1      266
  SINCE JAN 1    270                       287    -17      354
..................................................................


WIND (MPH)
  HIGHEST WIND SPEED    18   HIGHEST WIND DIRECTION     S (170)
  HIGHEST GUST SPEED    24   HIGHEST GUST DIRECTION    SE (150)
  AVERAGE WIND SPEED     8.8


SKY COVER
  AVERAGE SKY COVER 0.7


WEATHER CONDITIONS
 THE FOLLOWING WEATHER WAS RECORDED YESTERDAY.
  NO SIGNIFICANT WEATHER WAS OBSERVED.


RELATIVE HUMIDITY (PERCENT)
 HIGHEST    61           100 AM
 LOWEST     42           300 PM
 AVERAGE    52

..........................................................


THE LAGUARDIA NY CLIMATE NORMALS FOR TODAY
                         NORMAL    RECORD    YEAR
 MAXIMUM TEMPERATURE (F)   84        97      1964
                                             1945
 MINIMUM TEMPERATURE (F)   68        57      1996


SUNRISE AND SUNSET
JUNE 30 2014..........SUNRISE   527 AM EDT   SUNSET   831 PM EDT
JULY  1 2014..........SUNRISE   528 AM EDT   SUNSET   831 PM EDT


-  INDICATES NEGATIVE NUMBERS.
R  INDICATES RECORD WAS SET OR TIED.
MM INDICATES DATA IS MISSING.
T  INDICATES TRACE AMOUNT.




$$
