000
CDUS41 KOKX 160626
CLILGA


CLIMATE REPORT
NATIONAL WEATHER SERVICE NEW YORK NY
226 AM EDT SAT MAY 16 2015


...................................

...THE LAGUARDIA NY CLIMATE SUMMARY FOR MAY 15 2015...

CLIMATE NORMAL PERIOD 1981 TO 2010
CLIMATE RECORD PERIOD 1945 TO 2015


WEATHER ITEM   OBSERVED TIME   RECORD YEAR NORMAL DEPARTURE LAST
                VALUE   (LST)  VALUE       VALUE  FROM      YEAR
                                                  NORMAL
..................................................................
TEMPERATURE (F)
 YESTERDAY
  MAXIMUM         74    154 PM  89    2004  71      3       75
  MINIMUM         56    534 AM  43    1947  54      2       54
  AVERAGE         65                        62      3       65

PRECIPITATION (IN)
  YESTERDAY        T             0.89 1981   0.11  -0.11     0.14
  MONTH TO DATE    0.01                      1.69  -1.68     1.66
  SINCE MAR 1      6.37                      9.66  -3.29    13.55
  SINCE JAN 1     13.45                     15.59  -2.14    20.84

SNOWFALL (IN)
  YESTERDAY        0.0          MM      MM   0.0    0.0      0.0
  MONTH TO DATE    0.0                       0.0    0.0      0.0
  SINCE OCT 1     53.8                      26.9   26.9     52.4
  SINCE JUL 1     53.8                      26.9   26.9     52.4
  SNOW DEPTH       0

DEGREE DAYS
 HEATING
  YESTERDAY        0                         4     -4        0
  MONTH TO DATE   33                        88    -55       52
  SINCE MAR 1   1211                      1173     38     1323
  SINCE JUL 1   4933                      4602    331     4980

 COOLING
  YESTERDAY        0                         1     -1        0
  MONTH TO DATE   38                        15     23       19
  SINCE MAR 1     40                        23     17       19
  SINCE JAN 1     40                        23     17       19
..................................................................


WIND (MPH)
  HIGHEST WIND SPEED    23   HIGHEST WIND DIRECTION     S (180)
  HIGHEST GUST SPEED    32   HIGHEST GUST DIRECTION     S (180)
  AVERAGE WIND SPEED     9.1


SKY COVER
  AVERAGE SKY COVER 0.8


WEATHER CONDITIONS
 THE FOLLOWING WEATHER WAS RECORDED YESTERDAY.
  NO SIGNIFICANT WEATHER WAS OBSERVED.


RELATIVE HUMIDITY (PERCENT)
 HIGHEST    59           500 AM
 LOWEST     27           300 PM
 AVERAGE    43

..........................................................


THE LAGUARDIA NY CLIMATE NORMALS FOR TODAY
                         NORMAL    RECORD    YEAR
 MAXIMUM TEMPERATURE (F)   71        90      1951
 MINIMUM TEMPERATURE (F)   54        41      1983


SUNRISE AND SUNSET
MAY 16 2015...........SUNRISE   538 AM EDT   SUNSET   807 PM EDT
MAY 17 2015...........SUNRISE   537 AM EDT   SUNSET   808 PM EDT


-  INDICATES NEGATIVE NUMBERS.
R  INDICATES RECORD WAS SET OR TIED.
MM INDICATES DATA IS MISSING.
T  INDICATES TRACE AMOUNT.




$$
