000
CDUS41 KOKX 020623
CLILGA


CLIMATE REPORT
NATIONAL WEATHER SERVICE NEW YORK NY
123 AM EST FRI FEB 2 2018


...................................

...THE LAGUARDIA NY CLIMATE SUMMARY FOR FEBRUARY 1 2018...

CLIMATE NORMAL PERIOD 1981 TO 2010
CLIMATE RECORD PERIOD 1939 TO 2018


WEATHER ITEM   OBSERVED TIME   RECORD YEAR NORMAL DEPARTURE LAST
                VALUE   (LST)  VALUE       VALUE  FROM      YEAR
                                                  NORMAL
..................................................................
TEMPERATURE (F)
 YESTERDAY
  MAXIMUM         45    435 PM  66    1989  40      5       49
  MINIMUM         33    254 AM   3    1961  27      6       34
  AVERAGE         39                        33      6       42

PRECIPITATION (IN)
  YESTERDAY        0.05          1.59 2008   0.10  -0.05     0.00
  MONTH TO DATE    0.05                      0.10  -0.05     0.00
  SINCE DEC 1      4.23                      6.83  -2.60     7.08
  SINCE JAN 1      2.17                      3.27  -1.10     4.13

SNOWFALL (IN)
  YESTERDAY        0.0           5.1  1957   0.3   -0.3      0.0
  MONTH TO DATE    0.0                       0.3   -0.3      0.0
  SINCE OCT 1     16.7                      13.2    3.5     13.1
  SINCE JUL 1     16.7                      13.2    3.5     13.1
  SNOW DEPTH       0

DEGREE DAYS
 HEATING
  YESTERDAY       26                        32     -6       23
  MONTH TO DATE   26                        32     -6       23
  SINCE DEC 1   1944                      1856     88     1559
  SINCE JUL 1   2535                      2631    -96     2097

 COOLING
  YESTERDAY        0                         0      0        0
  MONTH TO DATE    0                         0      0        0
  SINCE DEC 1      0                         0      0        0
  SINCE JAN 1      0                         0      0        0
..................................................................


WIND (MPH)
  HIGHEST WIND SPEED    14   HIGHEST WIND DIRECTION    SW (220)
  HIGHEST GUST SPEED    18   HIGHEST GUST DIRECTION     S (200)
  AVERAGE WIND SPEED     7.8


SKY COVER
  AVERAGE SKY COVER 1.0


WEATHER CONDITIONS
 THE FOLLOWING WEATHER WAS RECORDED YESTERDAY.
  LIGHT RAIN


RELATIVE HUMIDITY (PERCENT)
 HIGHEST    73          1000 PM
 LOWEST     45           300 PM
 AVERAGE    59

..........................................................


THE LAGUARDIA NY CLIMATE NORMALS FOR TODAY
                         NORMAL    RECORD    YEAR
 MAXIMUM TEMPERATURE (F)   40        59      1988
                                             1967
 MINIMUM TEMPERATURE (F)   27        -1      1961


SUNRISE AND SUNSET
FEBRUARY  2 2018......SUNRISE   705 AM EST   SUNSET   514 PM EST
FEBRUARY  3 2018......SUNRISE   704 AM EST   SUNSET   516 PM EST


-  INDICATES NEGATIVE NUMBERS.
R  INDICATES RECORD WAS SET OR TIED.
MM INDICATES DATA IS MISSING.
T  INDICATES TRACE AMOUNT.




$$
