149
CDUS41 KOKX 180747
CLILGA


CLIMATE REPORT
NATIONAL WEATHER SERVICE NEW YORK NY
347 AM EDT THU AUG 18 2016


...................................

...THE LAGUARDIA NY CLIMATE SUMMARY FOR AUGUST 17 2016...

CLIMATE NORMAL PERIOD 1981 TO 2010
CLIMATE RECORD PERIOD 1939 TO 2016


WEATHER ITEM   OBSERVED TIME   RECORD YEAR NORMAL DEPARTURE LAST
                VALUE   (LST)  VALUE       VALUE  FROM      YEAR
                                                  NORMAL
..................................................................
TEMPERATURE (F)
 YESTERDAY
  MAXIMUM         86    258 PM  94    1944  84      2       93
  MINIMUM         79    609 AM  58    1979  69     10       79
  AVERAGE         83                        76      7       86

PRECIPITATION (IN)
  YESTERDAY        T             3.54 1998   0.13  -0.13      T
  MONTH TO DATE    0.83                      2.38  -1.55     1.48
  SINCE JUN 1      8.05                     10.82  -2.77     9.82
  SINCE JAN 1     23.42                     28.51  -5.09    24.87

SNOWFALL (IN)
  YESTERDAY        0.0          MM      MM   0.0    0.0      0.0
  MONTH TO DATE    0.0                       0.0    0.0      0.0
  SINCE OCT 1     36.2                      26.9    9.3     53.8
  SINCE JUL 1      0.0                       0.0    0.0      0.0
  SNOW DEPTH       0

DEGREE DAYS
 HEATING
  YESTERDAY        0                         0      0        0
  MONTH TO DATE    0                         0      0        0
  SINCE JUN 1      2                        16    -14       34
  SINCE JUL 1      0                         0      0        0

 COOLING
  YESTERDAY       18                        11      7       21
  MONTH TO DATE  298                       207     91      251
  SINCE JUN 1   1074                       823    251      926
  SINCE JAN 1   1193                       889    304     1048
..................................................................


WIND (MPH)
  HIGHEST WIND SPEED    31   HIGHEST WIND DIRECTION    SW (230)
  HIGHEST GUST SPEED    45   HIGHEST GUST DIRECTION    SW (240)
  AVERAGE WIND SPEED    11.9


SKY COVER
  AVERAGE SKY COVER 0.6


WEATHER CONDITIONS
 THE FOLLOWING WEATHER WAS RECORDED YESTERDAY.
  THUNDERSTORM
  LIGHT RAIN


RELATIVE HUMIDITY (PERCENT)
 HIGHEST    79           600 AM
 LOWEST     48           200 PM
 AVERAGE    64

..........................................................


THE LAGUARDIA NY CLIMATE NORMALS FOR TODAY
                         NORMAL    RECORD    YEAR
 MAXIMUM TEMPERATURE (F)   84        95      2002
 MINIMUM TEMPERATURE (F)   69        59      1941


SUNRISE AND SUNSET
AUGUST 18 2016........SUNRISE   609 AM EDT   SUNSET   749 PM EDT
AUGUST 19 2016........SUNRISE   610 AM EDT   SUNSET   747 PM EDT


-  INDICATES NEGATIVE NUMBERS.
R  INDICATES RECORD WAS SET OR TIED.
MM INDICATES DATA IS MISSING.
T  INDICATES TRACE AMOUNT.




$$
