000
CDUS41 KOKX 162034
CLILGA


CLIMATE REPORT
NATIONAL WEATHER SERVICE NEW YORK NY
434 PM EDT FRI SEP 16 2016


...................................

...THE LAGUARDIA NY CLIMATE SUMMARY FOR SEPTEMBER 16 2016...
VALID TODAY AS OF 0400 PM LOCAL TIME.

CLIMATE NORMAL PERIOD 1981 TO 2010
CLIMATE RECORD PERIOD 1939 TO 2016


WEATHER ITEM   OBSERVED TIME   RECORD YEAR NORMAL DEPARTURE LAST
                VALUE   (LST)  VALUE       VALUE  FROM      YEAR
                                                  NORMAL
..................................................................
TEMPERATURE (F)
 TODAY
  MAXIMUM         74    259 PM  95    1991  76     -2       87
  MINIMUM         64    541 AM  48    1984  62      2       68
  AVERAGE         69                        69      0       78

PRECIPITATION (IN)
  TODAY            0.00          4.63 1999   0.13  -0.13     0.00
  MONTH TO DATE    0.77                      1.93  -1.16     1.40
  SINCE SEP 1      0.77                      1.93  -1.16     1.40
  SINCE JAN 1     24.49                     32.18  -7.69    26.67

SNOWFALL (IN)
  TODAY            0.0          MM      MM   0.0    0.0      0.0
  MONTH TO DATE    0.0                       0.0    0.0      0.0
  SINCE OCT 1     36.2                      26.9    9.3     53.8
  SINCE JUL 1      0.0                       0.0    0.0      0.0
  SNOW DEPTH       0

DEGREE DAYS
 HEATING
  TODAY            0                         1     -1        0
  MONTH TO DATE    0                         5     -5        0
  SINCE SEP 1      0                         5     -5        0
  SINCE JUL 1      0                         6     -6        0

 COOLING
  TODAY            4                         5     -1       13
  MONTH TO DATE  184                       112     72      201
  SINCE SEP 1    184                       112     72      201
  SINCE JAN 1   1601                      1145    456     1450
..................................................................


WIND (MPH)
  HIGHEST WIND SPEED    14   HIGHEST WIND DIRECTION     S (160)
  HIGHEST GUST SPEED    19   HIGHEST GUST DIRECTION     S (170)
  AVERAGE WIND SPEED     6.7


SKY COVER
  AVERAGE SKY COVER 0.4


WEATHER CONDITIONS
 THE FOLLOWING WEATHER WAS RECORDED TODAY.
  NO SIGNIFICANT WEATHER WAS OBSERVED.


RELATIVE HUMIDITY (PERCENT)
 HIGHEST    73           200 AM
 LOWEST     44           300 PM
 AVERAGE    59

..........................................................


THE LAGUARDIA NY CLIMATE NORMALS FOR TOMORROW
                         NORMAL    RECORD    YEAR
 MAXIMUM TEMPERATURE (F)   76        95      1991
 MINIMUM TEMPERATURE (F)   62        48      1986
                                             1959


SUNRISE AND SUNSET
SEPTEMBER 16 2016.....SUNRISE   638 AM EDT   SUNSET   702 PM EDT
SEPTEMBER 17 2016.....SUNRISE   639 AM EDT   SUNSET   700 PM EDT


-  INDICATES NEGATIVE NUMBERS.
R  INDICATES RECORD WAS SET OR TIED.
MM INDICATES DATA IS MISSING.
T  INDICATES TRACE AMOUNT.




$$
