000
CDUS41 KOKX 270624
CLILGA


CLIMATE REPORT
NATIONAL WEATHER SERVICE NEW YORK NY
123 AM EST THU NOV 27 2014


...................................

...THE LAGUARDIA NY CLIMATE SUMMARY FOR NOVEMBER 26 2014...

CLIMATE NORMAL PERIOD 1981 TO 2010
CLIMATE RECORD PERIOD 1945 TO 2014


WEATHER ITEM   OBSERVED TIME   RECORD YEAR NORMAL DEPARTURE LAST
                VALUE   (LST)  VALUE       VALUE  FROM      YEAR
                                                  NORMAL
..................................................................
TEMPERATURE (F)
 YESTERDAY
  MAXIMUM         51    156 AM  67    1946  51      0       46
  MINIMUM         34    139 PM  24    1940  39     -5       34
  AVERAGE         43                        45     -2       40

PRECIPITATION (IN)
  YESTERDAY        1.07          1.98 1996   0.11   0.96     0.47
  MONTH TO DATE    3.91                      2.92   0.99     1.03
  SINCE SEP 1      9.04                     10.43  -1.39     4.75
  SINCE JAN 1     44.10                     40.68   3.42    32.09

SNOWFALL (IN)
  YESTERDAY        0.4 R         0.1  1985   0.0    0.4      0.0
  MONTH TO DATE    0.4                       0.2    0.2      0.2
  SINCE OCT 1      0.4                       0.2    0.2      0.2
  SINCE JUL 1      0.4                       0.2    0.2      0.2
  SNOW DEPTH       0

DEGREE DAYS
 HEATING
  YESTERDAY       22                        20      2       25
  MONTH TO DATE  474                       421     53      469
  SINCE SEP 1    650                       692    -42      671
  SINCE JUL 1    650                       693    -43      671

 COOLING
  YESTERDAY        0                         0      0        0
  MONTH TO DATE    0                         0      0        0
  SINCE SEP 1    205                       180     25      183
  SINCE JAN 1   1192                      1213    -21     1402
..................................................................


WIND (MPH)
  HIGHEST WIND SPEED    25   HIGHEST WIND DIRECTION    NW (330)
  HIGHEST GUST SPEED    31   HIGHEST GUST DIRECTION    NW (330)
  AVERAGE WIND SPEED    13.8


SKY COVER
  AVERAGE SKY COVER 1.0


WEATHER CONDITIONS
 THE FOLLOWING WEATHER WAS RECORDED YESTERDAY.
  RAIN
  LIGHT RAIN
  SNOW
  LIGHT SNOW
  SLEET
  FOG


RELATIVE HUMIDITY (PERCENT)
 HIGHEST    92           900 PM
 LOWEST     41          1200 AM
 AVERAGE    67

..........................................................


THE LAGUARDIA NY CLIMATE NORMALS FOR TODAY
                         NORMAL    RECORD    YEAR
 MAXIMUM TEMPERATURE (F)   51        65      2007
                                             2006
                                             1946
 MINIMUM TEMPERATURE (F)   38        23      1949


SUNRISE AND SUNSET
NOVEMBER 27 2014......SUNRISE   656 AM EST   SUNSET   430 PM EST
NOVEMBER 28 2014......SUNRISE   657 AM EST   SUNSET   430 PM EST


-  INDICATES NEGATIVE NUMBERS.
R  INDICATES RECORD WAS SET OR TIED.
MM INDICATES DATA IS MISSING.
T  INDICATES TRACE AMOUNT.




$$
