000
CDUS41 KOKX 152031
CLILGA


CLIMATE REPORT
NATIONAL WEATHER SERVICE NEW YORK NY
431 PM EDT MON SEP 15 2014


...................................

...THE LAGUARDIA NY CLIMATE SUMMARY FOR SEPTEMBER 15 2014...
VALID TODAY AS OF 0400 PM LOCAL TIME.

CLIMATE NORMAL PERIOD 1981 TO 2010
CLIMATE RECORD PERIOD 1945 TO 2014


WEATHER ITEM   OBSERVED TIME   RECORD YEAR NORMAL DEPARTURE LAST
                VALUE   (LST)  VALUE       VALUE  FROM      YEAR
                                                  NORMAL
..................................................................
TEMPERATURE (F)
 TODAY
  MAXIMUM         73    223 PM  91    1993  77     -4       73
  MINIMUM         55    606 AM  49    1975  62     -7       54
  AVERAGE         64                        70     -6       64

PRECIPITATION (IN)
  TODAY            0.00          0.82 2000   0.13  -0.13     0.00
  MONTH TO DATE    0.40                      1.80  -1.40     2.29
  SINCE SEP 1      0.40                      1.80  -1.40     2.29
  SINCE JAN 1     35.46                     32.05   3.41    29.63

SNOWFALL (IN)
  TODAY            0.0          MM      MM   0.0    0.0      0.0
  MONTH TO DATE    0.0                       0.0    0.0      0.0
  SINCE OCT 1     52.4                      26.9   25.5     22.2
  SINCE JUL 1      0.0                       0.0    0.0      0.0
  SNOW DEPTH       0

DEGREE DAYS
 HEATING
  TODAY            1                         1      0        1
  MONTH TO DATE    3                         4     -1        4
  SINCE SEP 1      3                         4     -1        4
  SINCE JUL 1      3                         5     -2        4

 COOLING
  TODAY            0                         5     -5        0
  MONTH TO DATE  136                       107     29      119
  SINCE SEP 1    136                       107     29      119
  SINCE JAN 1   1123                      1140    -17     1338
..................................................................


WIND (MPH)
  HIGHEST WIND SPEED    13   HIGHEST WIND DIRECTION    NE (50)
  HIGHEST GUST SPEED    18   HIGHEST GUST DIRECTION    NE (60)
  AVERAGE WIND SPEED     8.0


SKY COVER
  AVERAGE SKY COVER 0.2


WEATHER CONDITIONS
 THE FOLLOWING WEATHER WAS RECORDED TODAY.
  NO SIGNIFICANT WEATHER WAS OBSERVED.


RELATIVE HUMIDITY (PERCENT)
 HIGHEST    69          1200 AM
 LOWEST     33           100 PM
 AVERAGE    51

..........................................................


THE LAGUARDIA NY CLIMATE NORMALS FOR TOMORROW
                         NORMAL    RECORD    YEAR
 MAXIMUM TEMPERATURE (F)   76        95      1991
 MINIMUM TEMPERATURE (F)   62        48      1984


SUNRISE AND SUNSET
SEPTEMBER 15 2014.....SUNRISE   636 AM EDT   SUNSET   705 PM EDT
SEPTEMBER 16 2014.....SUNRISE   637 AM EDT   SUNSET   703 PM EDT


-  INDICATES NEGATIVE NUMBERS.
R  INDICATES RECORD WAS SET OR TIED.
MM INDICATES DATA IS MISSING.
T  INDICATES TRACE AMOUNT.




$$
