262
CDUS41 KOKX 280618
CLILGA


CLIMATE REPORT
NATIONAL WEATHER SERVICE NEW YORK NY
218 AM EDT WED SEP 28 2016


...................................

...THE LAGUARDIA NY CLIMATE SUMMARY FOR SEPTEMBER 27 2016...

CLIMATE NORMAL PERIOD 1981 TO 2010
CLIMATE RECORD PERIOD 1939 TO 2016


WEATHER ITEM   OBSERVED TIME   RECORD YEAR NORMAL DEPARTURE LAST
                VALUE   (LST)  VALUE       VALUE  FROM      YEAR
                                                  NORMAL
..................................................................
TEMPERATURE (F)
 YESTERDAY
  MAXIMUM         76    445 PM  90    1998  72      4       69
  MINIMUM         66    618 AM  43    1947  58      8       56
  AVERAGE         71                        65      6       63

PRECIPITATION (IN)
  YESTERDAY        0.15          2.72 1985   0.13   0.02     0.00
  MONTH TO DATE    2.14                      3.31  -1.17     1.40
  SINCE SEP 1      2.14                      3.31  -1.17     1.40
  SINCE JAN 1     25.86                     33.56  -7.70    26.67

SNOWFALL (IN)
  YESTERDAY        0.0          MM      MM   0.0    0.0      0.0
  MONTH TO DATE    0.0                       0.0    0.0      0.0
  SINCE OCT 1     36.2                      26.9    9.3     53.8
  SINCE JUL 1      0.0                       0.0    0.0      0.0
  SNOW DEPTH       0

DEGREE DAYS
 HEATING
  YESTERDAY        0                         3     -3        2
  MONTH TO DATE    0                        23    -23        2
  SINCE SEP 1      0                        23    -23        2
  SINCE JUL 1      0                        24    -24        2

 COOLING
  YESTERDAY        6                         3      3        0
  MONTH TO DATE  275                       153    122      262
  SINCE SEP 1    275                       153    122      262
  SINCE JAN 1   1692                      1186    506     1511
..................................................................


WIND (MPH)
  HIGHEST WIND SPEED    17   HIGHEST WIND DIRECTION     S (180)
  HIGHEST GUST SPEED    22   HIGHEST GUST DIRECTION     S (190)
  AVERAGE WIND SPEED     7.6


SKY COVER
  AVERAGE SKY COVER 0.7


WEATHER CONDITIONS
 THE FOLLOWING WEATHER WAS RECORDED YESTERDAY.
  RAIN
  LIGHT RAIN
  FOG


RELATIVE HUMIDITY (PERCENT)
 HIGHEST    87           300 AM
 LOWEST     38           500 PM
 AVERAGE    63

..........................................................


THE LAGUARDIA NY CLIMATE NORMALS FOR TODAY
                         NORMAL    RECORD    YEAR
 MAXIMUM TEMPERATURE (F)   72        86      1943
 MINIMUM TEMPERATURE (F)   57        42      1947


SUNRISE AND SUNSET
SEPTEMBER 28 2016.....SUNRISE   650 AM EDT   SUNSET   642 PM EDT
SEPTEMBER 29 2016.....SUNRISE   651 AM EDT   SUNSET   640 PM EDT


-  INDICATES NEGATIVE NUMBERS.
R  INDICATES RECORD WAS SET OR TIED.
MM INDICATES DATA IS MISSING.
T  INDICATES TRACE AMOUNT.




$$
